{"id":9893,"date":"2023-06-12T10:55:24","date_gmt":"2023-06-12T14:55:24","guid":{"rendered":"http:\/\/web.uptos.edu.ve\/?post_type=tribe_events&#038;p=9893"},"modified":"2023-06-12T10:55:24","modified_gmt":"2023-06-12T14:55:24","slug":"dia-internacional-de-los-archivos","status":"publish","type":"tribe_events","link":"https:\/\/www.uptos.edu.ve\/?tribe_events=dia-internacional-de-los-archivos","title":{"rendered":"D\u00cdA INTERNACIONAL DE LOS ARCHIVOS"},"content":{"rendered":"<p>&nbsp;<\/p>\n<p class=\"rtejustify\" align=\"justify\"><img fetchpriority=\"high\" decoding=\"async\" class=\"alignleft  wp-image-9897\" src=\"https:\/\/wwwvz.uptos.edu.ve\/wp-content\/uploads\/2023\/06\/dia-archivos.png\" alt=\"\" width=\"447\" height=\"177\" \/><font color=\"#000000\">Pudiste haber tenido la oportunidad de celebrarlo en tu pa\u00eds, a trav\u00e9s de las actividades y eventos organizados por instituciones nacionales o locales de archivos, o por las asociaciones profesionales, como en Senegal, en Jap\u00f3n o en ciertos municipios de Catalu\u00f1a.<\/font><\/p>\n<p align=\"justify\"><font color=\"#000000\">es esencial recordar que los archivos son documentos creados, recibidos y conservados como una evidencia y como informaci\u00f3n para una organizaci\u00f3n o una persona, para responder a obligaciones jur\u00eddicas, o a transacciones. Los archivos son los documentos que son conservados por aquellos que los producen, sus sucesores o una instituci\u00f3n de archivos que se encarga de ello, debido a su valor jur\u00eddico o porque tienen un significado hist\u00f3rico en el largo plazo.<\/font><br \/>\n<font color=\"#000000\">Se trata de un patrimonio cultural y una fuente de informaci\u00f3n de primera mano. El patrimonio archiv\u00edstico representa un testimonio invaluable acerca del desarrollo econ\u00f3mico, pol\u00edtico, social y cultural de la humanidad. La diversidad de las fuentes de archivos y su formato es considerable. Para asegurar su conservaci\u00f3n, es necesario tener un enfoque muy amplio que considere todos los tipos de archivos y los materiales de soporte. No es posible limitarse a un \u00fanico tipo de archivo, todos merecen atenci\u00f3n.<\/font><\/p>\n<p align=\"justify\"><font color=\"#000000\"><strong>Gracias al d\u00eda Internacional de los Archivos, podemos:<\/strong><\/font><\/p>\n<ul align=\"justify\">\n<li><font color=\"#000000\">Hacer que el p\u00fablico sea consciente de la importancia de los archivos, base de sus derechos y de su identidad;<\/font><\/li>\n<\/ul>\n<ul align=\"justify\">\n<li><font color=\"#000000\">Hacer que los responsables de las tomas de decisiones sean conscientes de las ventajas de un buen archivado para una buena administraci\u00f3n y para un desarrollo bien dise\u00f1ado;<\/font><\/li>\n<\/ul>\n<ul align=\"justify\">\n<li><font color=\"#000000\">Hacer que el p\u00fablico sea consciente, en los sectores p\u00fablicos y privados, de la necesidad de conservar los archivos a largo plazo y de facilitar el acceso a ellos;<\/font><\/li>\n<\/ul>\n<ul align=\"justify\">\n<li><font color=\"#000000\">Promover y difundir a un p\u00fablico amplio, documentos \u00fanicos, extraordinarios y raros conservados en las instituciones de archivos;<\/font><\/li>\n<\/ul>\n<ul>\n<li align=\"justify\"><font color=\"#000000\">Mejorar la percepci\u00f3n que se tiene acerca de los archivos y aumentar su visibilidad a nivel mundial.<\/font><\/li>\n<\/ul>\n","protected":false},"excerpt":{"rendered":"<p>&nbsp; Pudiste haber tenido la oportunidad de celebrarlo en tu pa\u00eds, a trav\u00e9s de las actividades y eventos organizados por instituciones nacionales o locales de archivos, o por las asociaciones&hellip;<\/p>\n","protected":false},"author":5,"featured_media":0,"template":"","meta":{"_monsterinsights_skip_tracking":false,"_monsterinsights_sitenote_active":false,"_monsterinsights_sitenote_note":"","_monsterinsights_sitenote_category":0,"_tribe_events_status":"","_tribe_events_status_reason":"","footnotes":""},"tags":[],"tribe_events_cat":[],"class_list":["post-9893","tribe_events","type-tribe_events","status-publish","hentry"],"yoast_head":"<!-- This site is optimized with the Yoast SEO plugin v27.4 - https:\/\/yoast.com\/product\/yoast-seo-wordpress\/ -->\n<title>D\u00cdA INTERNACIONAL DE LOS ARCHIVOS - UPTOS Clodosbaldo Russi\u00e1n<\/title>\n<meta name=\"robots\" content=\"index, follow, max-snippet:-1, max-image-preview:large, max-video-preview:-1\" \/>\n<link rel=\"canonical\" href=\"https:\/\/www.uptos.edu.ve\/?tribe_events=dia-internacional-de-los-archivos\" \/>\n<meta property=\"og:locale\" content=\"es_ES\" \/>\n<meta property=\"og:type\" content=\"article\" \/>\n<meta property=\"og:title\" content=\"D\u00cdA INTERNACIONAL DE LOS ARCHIVOS - UPTOS Clodosbaldo Russi\u00e1n\" \/>\n<meta property=\"og:description\" content=\"&nbsp; Pudiste haber tenido la oportunidad de celebrarlo en tu pa\u00eds, a trav\u00e9s de las actividades y eventos organizados por instituciones nacionales o locales de archivos, o por las asociaciones&hellip;\" \/>\n<meta property=\"og:url\" content=\"https:\/\/www.uptos.edu.ve\/?tribe_events=dia-internacional-de-los-archivos\" \/>\n<meta property=\"og:site_name\" content=\"UPTOS Clodosbaldo Russi\u00e1n\" \/>\n<meta property=\"article:publisher\" content=\"https:\/\/www.facebook.com\/people\/UPTOS-Clodosbaldo-Russin\/100070891114831\/\" \/>\n<meta property=\"og:image\" content=\"https:\/\/wwwvz.uptos.edu.ve\/wp-content\/uploads\/2023\/06\/dia-archivos.png\" \/>\n<meta name=\"twitter:card\" content=\"summary_large_image\" \/>\n<meta name=\"twitter:label1\" content=\"Tiempo estimado de lectura\" \/>\n\t<meta name=\"twitter:data1\" content=\"2 minutos\" \/>\n<script type=\"application\/ld+json\" class=\"yoast-schema-graph\">{\"@context\":\"https:\\\/\\\/schema.org\",\"@graph\":[{\"@type\":\"WebPage\",\"@id\":\"https:\\\/\\\/www.uptos.edu.ve\\\/?tribe_events=dia-internacional-de-los-archivos\",\"url\":\"https:\\\/\\\/www.uptos.edu.ve\\\/?tribe_events=dia-internacional-de-los-archivos\",\"name\":\"D\u00cdA INTERNACIONAL DE LOS ARCHIVOS - UPTOS Clodosbaldo Russi\u00e1n\",\"isPartOf\":{\"@id\":\"\\\/#website\"},\"primaryImageOfPage\":{\"@id\":\"https:\\\/\\\/www.uptos.edu.ve\\\/?tribe_events=dia-internacional-de-los-archivos#primaryimage\"},\"image\":{\"@id\":\"https:\\\/\\\/www.uptos.edu.ve\\\/?tribe_events=dia-internacional-de-los-archivos#primaryimage\"},\"thumbnailUrl\":\"https:\\\/\\\/wwwvz.uptos.edu.ve\\\/wp-content\\\/uploads\\\/2023\\\/06\\\/dia-archivos.png\",\"datePublished\":\"2023-06-12T14:55:24+00:00\",\"breadcrumb\":{\"@id\":\"https:\\\/\\\/www.uptos.edu.ve\\\/?tribe_events=dia-internacional-de-los-archivos#breadcrumb\"},\"inLanguage\":\"es\",\"potentialAction\":[{\"@type\":\"ReadAction\",\"target\":[\"https:\\\/\\\/www.uptos.edu.ve\\\/?tribe_events=dia-internacional-de-los-archivos\"]}]},{\"@type\":\"ImageObject\",\"inLanguage\":\"es\",\"@id\":\"https:\\\/\\\/www.uptos.edu.ve\\\/?tribe_events=dia-internacional-de-los-archivos#primaryimage\",\"url\":\"https:\\\/\\\/wwwvz.uptos.edu.ve\\\/wp-content\\\/uploads\\\/2023\\\/06\\\/dia-archivos.png\",\"contentUrl\":\"https:\\\/\\\/wwwvz.uptos.edu.ve\\\/wp-content\\\/uploads\\\/2023\\\/06\\\/dia-archivos.png\"},{\"@type\":\"BreadcrumbList\",\"@id\":\"https:\\\/\\\/www.uptos.edu.ve\\\/?tribe_events=dia-internacional-de-los-archivos#breadcrumb\",\"itemListElement\":[{\"@type\":\"ListItem\",\"position\":1,\"name\":\"Home\",\"item\":\"https:\\\/\\\/www.uptos.edu.ve\\\/\"},{\"@type\":\"ListItem\",\"position\":2,\"name\":\"Eventos\",\"item\":\"https:\\\/\\\/www.uptos.edu.ve\\\/?post_type=tribe_events\"},{\"@type\":\"ListItem\",\"position\":3,\"name\":\"D\u00cdA INTERNACIONAL DE LOS ARCHIVOS\"}]},{\"@type\":\"WebSite\",\"@id\":\"\\\/#website\",\"url\":\"\\\/\",\"name\":\"UPTOS Clodosbaldo Russi\u00e1n\",\"description\":\"Universidad Polit\u00e9cnica del Oeste de Sucre\",\"publisher\":{\"@id\":\"\\\/#organization\"},\"potentialAction\":[{\"@type\":\"SearchAction\",\"target\":{\"@type\":\"EntryPoint\",\"urlTemplate\":\"\\\/?s={search_term_string}\"},\"query-input\":{\"@type\":\"PropertyValueSpecification\",\"valueRequired\":true,\"valueName\":\"search_term_string\"}}],\"inLanguage\":\"es\"},{\"@type\":\"Organization\",\"@id\":\"\\\/#organization\",\"name\":\"UPTOS Clodosbaldo Russi\u00e1n\",\"url\":\"\\\/\",\"logo\":{\"@type\":\"ImageObject\",\"inLanguage\":\"es\",\"@id\":\"\\\/#\\\/schema\\\/logo\\\/image\\\/\",\"url\":\"https:\\\/\\\/www.uptos.edu.ve\\\/wp-content\\\/uploads\\\/2026\\\/02\\\/cropped-cropped-WhatsApp-Image-2026-02-11-at-10.17.38-PM-1.jpeg\",\"contentUrl\":\"https:\\\/\\\/www.uptos.edu.ve\\\/wp-content\\\/uploads\\\/2026\\\/02\\\/cropped-cropped-WhatsApp-Image-2026-02-11-at-10.17.38-PM-1.jpeg\",\"width\":1080,\"height\":73,\"caption\":\"UPTOS Clodosbaldo Russi\u00e1n\"},\"image\":{\"@id\":\"\\\/#\\\/schema\\\/logo\\\/image\\\/\"},\"sameAs\":[\"https:\\\/\\\/www.facebook.com\\\/people\\\/UPTOS-Clodosbaldo-Russin\\\/100070891114831\\\/\",\"http:\\\/\\\/instagram.com\\\/uptoscr_oficial\"]}]}<\/script>\n<!-- \/ Yoast SEO plugin. -->","yoast_head_json":{"title":"D\u00cdA INTERNACIONAL DE LOS ARCHIVOS - UPTOS Clodosbaldo Russi\u00e1n","robots":{"index":"index","follow":"follow","max-snippet":"max-snippet:-1","max-image-preview":"max-image-preview:large","max-video-preview":"max-video-preview:-1"},"canonical":"https:\/\/www.uptos.edu.ve\/?tribe_events=dia-internacional-de-los-archivos","og_locale":"es_ES","og_type":"article","og_title":"D\u00cdA INTERNACIONAL DE LOS ARCHIVOS - UPTOS Clodosbaldo Russi\u00e1n","og_description":"&nbsp; Pudiste haber tenido la oportunidad de celebrarlo en tu pa\u00eds, a trav\u00e9s de las actividades y eventos organizados por instituciones nacionales o locales de archivos, o por las asociaciones&hellip;","og_url":"https:\/\/www.uptos.edu.ve\/?tribe_events=dia-internacional-de-los-archivos","og_site_name":"UPTOS Clodosbaldo Russi\u00e1n","article_publisher":"https:\/\/www.facebook.com\/people\/UPTOS-Clodosbaldo-Russin\/100070891114831\/","og_image":[{"url":"https:\/\/wwwvz.uptos.edu.ve\/wp-content\/uploads\/2023\/06\/dia-archivos.png","type":"","width":"","height":""}],"twitter_card":"summary_large_image","twitter_misc":{"Tiempo estimado de lectura":"2 minutos"},"schema":{"@context":"https:\/\/schema.org","@graph":[{"@type":"WebPage","@id":"https:\/\/www.uptos.edu.ve\/?tribe_events=dia-internacional-de-los-archivos","url":"https:\/\/www.uptos.edu.ve\/?tribe_events=dia-internacional-de-los-archivos","name":"D\u00cdA INTERNACIONAL DE LOS ARCHIVOS - UPTOS Clodosbaldo Russi\u00e1n","isPartOf":{"@id":"\/#website"},"primaryImageOfPage":{"@id":"https:\/\/www.uptos.edu.ve\/?tribe_events=dia-internacional-de-los-archivos#primaryimage"},"image":{"@id":"https:\/\/www.uptos.edu.ve\/?tribe_events=dia-internacional-de-los-archivos#primaryimage"},"thumbnailUrl":"https:\/\/wwwvz.uptos.edu.ve\/wp-content\/uploads\/2023\/06\/dia-archivos.png","datePublished":"2023-06-12T14:55:24+00:00","breadcrumb":{"@id":"https:\/\/www.uptos.edu.ve\/?tribe_events=dia-internacional-de-los-archivos#breadcrumb"},"inLanguage":"es","potentialAction":[{"@type":"ReadAction","target":["https:\/\/www.uptos.edu.ve\/?tribe_events=dia-internacional-de-los-archivos"]}]},{"@type":"ImageObject","inLanguage":"es","@id":"https:\/\/www.uptos.edu.ve\/?tribe_events=dia-internacional-de-los-archivos#primaryimage","url":"https:\/\/wwwvz.uptos.edu.ve\/wp-content\/uploads\/2023\/06\/dia-archivos.png","contentUrl":"https:\/\/wwwvz.uptos.edu.ve\/wp-content\/uploads\/2023\/06\/dia-archivos.png"},{"@type":"BreadcrumbList","@id":"https:\/\/www.uptos.edu.ve\/?tribe_events=dia-internacional-de-los-archivos#breadcrumb","itemListElement":[{"@type":"ListItem","position":1,"name":"Home","item":"https:\/\/www.uptos.edu.ve\/"},{"@type":"ListItem","position":2,"name":"Eventos","item":"https:\/\/www.uptos.edu.ve\/?post_type=tribe_events"},{"@type":"ListItem","position":3,"name":"D\u00cdA INTERNACIONAL DE LOS ARCHIVOS"}]},{"@type":"WebSite","@id":"\/#website","url":"\/","name":"UPTOS Clodosbaldo Russi\u00e1n","description":"Universidad Polit\u00e9cnica del Oeste de Sucre","publisher":{"@id":"\/#organization"},"potentialAction":[{"@type":"SearchAction","target":{"@type":"EntryPoint","urlTemplate":"\/?s={search_term_string}"},"query-input":{"@type":"PropertyValueSpecification","valueRequired":true,"valueName":"search_term_string"}}],"inLanguage":"es"},{"@type":"Organization","@id":"\/#organization","name":"UPTOS Clodosbaldo Russi\u00e1n","url":"\/","logo":{"@type":"ImageObject","inLanguage":"es","@id":"\/#\/schema\/logo\/image\/","url":"https:\/\/www.uptos.edu.ve\/wp-content\/uploads\/2026\/02\/cropped-cropped-WhatsApp-Image-2026-02-11-at-10.17.38-PM-1.jpeg","contentUrl":"https:\/\/www.uptos.edu.ve\/wp-content\/uploads\/2026\/02\/cropped-cropped-WhatsApp-Image-2026-02-11-at-10.17.38-PM-1.jpeg","width":1080,"height":73,"caption":"UPTOS Clodosbaldo Russi\u00e1n"},"image":{"@id":"\/#\/schema\/logo\/image\/"},"sameAs":["https:\/\/www.facebook.com\/people\/UPTOS-Clodosbaldo-Russin\/100070891114831\/","http:\/\/instagram.com\/uptoscr_oficial"]}]}},"_links":{"self":[{"href":"https:\/\/www.uptos.edu.ve\/index.php?rest_route=\/wp\/v2\/tribe_events\/9893","targetHints":{"allow":["GET"]}}],"collection":[{"href":"https:\/\/www.uptos.edu.ve\/index.php?rest_route=\/wp\/v2\/tribe_events"}],"about":[{"href":"https:\/\/www.uptos.edu.ve\/index.php?rest_route=\/wp\/v2\/types\/tribe_events"}],"author":[{"embeddable":true,"href":"https:\/\/www.uptos.edu.ve\/index.php?rest_route=\/wp\/v2\/users\/5"}],"version-history":[{"count":0,"href":"https:\/\/www.uptos.edu.ve\/index.php?rest_route=\/wp\/v2\/tribe_events\/9893\/revisions"}],"wp:attachment":[{"href":"https:\/\/www.uptos.edu.ve\/index.php?rest_route=%2Fwp%2Fv2%2Fmedia&parent=9893"}],"wp:term":[{"taxonomy":"post_tag","embeddable":true,"href":"https:\/\/www.uptos.edu.ve\/index.php?rest_route=%2Fwp%2Fv2%2Ftags&post=9893"},{"taxonomy":"tribe_events_cat","embeddable":true,"href":"https:\/\/www.uptos.edu.ve\/index.php?rest_route=%2Fwp%2Fv2%2Ftribe_events_cat&post=9893"}],"curies":[{"name":"wp","href":"https:\/\/api.w.org\/{rel}","templated":true}]}}

DÍA INTERNACIONAL DE LOS ARCHIVOS

<p>&nbsp;</p>
<p class="rtejustify" align="justify"><img fetchpriority="high" decoding="async" class="alignleft  wp-image-9897" src="https://wwwvz.uptos.edu.ve/wp-content/uploads/2023/06/dia-archivos.png" alt="" width="447" height="177" /><font color="#000000">Pudiste haber tenido la oportunidad de celebrarlo en tu país, a través de las actividades y eventos organizados por instituciones nacionales o locales de archivos, o por las asociaciones profesionales, como en Senegal, en Japón o en ciertos municipios de Cataluña.</font></p>
<p align="justify"><font color="#000000">es esencial recordar que los archivos son documentos creados, recibidos y conservados como una evidencia y como información para una organización o una persona, para responder a obligaciones jurídicas, o a transacciones. Los archivos son los documentos que son conservados por aquellos que los producen, sus sucesores o una institución de archivos que se encarga de ello, debido a su valor jurídico o porque tienen un significado histórico en el largo plazo.</font><br />
<font color="#000000">Se trata de un patrimonio cultural y una fuente de información de primera mano. El patrimonio archivístico representa un testimonio invaluable acerca del desarrollo económico, político, social y cultural de la humanidad. La diversidad de las fuentes de archivos y su formato es considerable. Para asegurar su conservación, es necesario tener un enfoque muy amplio que considere todos los tipos de archivos y los materiales de soporte. No es posible limitarse a un único tipo de archivo, todos merecen atención.</font></p>
<p align="justify"><font color="#000000"><strong>Gracias al día Internacional de los Archivos, podemos:</strong></font></p>
<ul align="justify">
<li><font color="#000000">Hacer que el público sea consciente de la importancia de los archivos, base de sus derechos y de su identidad;</font></li>
</ul>
<ul align="justify">
<li><font color="#000000">Hacer que los responsables de las tomas de decisiones sean conscientes de las ventajas de un buen archivado para una buena administración y para un desarrollo bien diseñado;</font></li>
</ul>
<ul align="justify">
<li><font color="#000000">Hacer que el público sea consciente, en los sectores públicos y privados, de la necesidad de conservar los archivos a largo plazo y de facilitar el acceso a ellos;</font></li>
</ul>
<ul align="justify">
<li><font color="#000000">Promover y difundir a un público amplio, documentos únicos, extraordinarios y raros conservados en las instituciones de archivos;</font></li>
</ul>
<ul>
<li align="justify"><font color="#000000">Mejorar la percepción que se tiene acerca de los archivos y aumentar su visibilidad a nivel mundial.</font></li>
</ul>

<p>&nbsp; Pudiste haber tenido la oportunidad de celebrarlo en tu país, a través de las actividades y eventos organizados por instituciones nacionales o locales de archivos, o por las asociaciones&hellip;</p>

<!-- This site is optimized with the Yoast SEO plugin v27.4 - https://yoast.com/product/yoast-seo-wordpress/ -->
<title>DÍA INTERNACIONAL DE LOS ARCHIVOS - UPTOS Clodosbaldo Russián</title>
<meta name="robots" content="index, follow, max-snippet:-1, max-image-preview:large, max-video-preview:-1" />
<link rel="canonical" href="https://www.uptos.edu.ve/?tribe_events=dia-internacional-de-los-archivos" />
<meta property="og:locale" content="es_ES" />
<meta property="og:type" content="article" />
<meta property="og:title" content="DÍA INTERNACIONAL DE LOS ARCHIVOS - UPTOS Clodosbaldo Russián" />
<meta property="og:description" content="&nbsp; Pudiste haber tenido la oportunidad de celebrarlo en tu país, a través de las actividades y eventos organizados por instituciones nacionales o locales de archivos, o por las asociaciones&hellip;" />
<meta property="og:url" content="https://www.uptos.edu.ve/?tribe_events=dia-internacional-de-los-archivos" />
<meta property="og:site_name" content="UPTOS Clodosbaldo Russián" />
<meta property="article:publisher" content="https://www.facebook.com/people/UPTOS-Clodosbaldo-Russin/100070891114831/" />
<meta property="og:image" content="https://wwwvz.uptos.edu.ve/wp-content/uploads/2023/06/dia-archivos.png" />
<meta name="twitter:card" content="summary_large_image" />
<meta name="twitter:label1" content="Tiempo estimado de lectura" />
	<meta name="twitter:data1" content="2 minutos" />
<script type="application/ld+json" class="yoast-schema-graph">{"@context":"https:\/\/schema.org","@graph":[{"@type":"WebPage","@id":"https:\/\/www.uptos.edu.ve\/?tribe_events=dia-internacional-de-los-archivos","url":"https:\/\/www.uptos.edu.ve\/?tribe_events=dia-internacional-de-los-archivos","name":"DÍA INTERNACIONAL DE LOS ARCHIVOS - UPTOS Clodosbaldo Russián","isPartOf":{"@id":"\/#website"},"primaryImageOfPage":{"@id":"https:\/\/www.uptos.edu.ve\/?tribe_events=dia-internacional-de-los-archivos#primaryimage"},"image":{"@id":"https:\/\/www.uptos.edu.ve\/?tribe_events=dia-internacional-de-los-archivos#primaryimage"},"thumbnailUrl":"https:\/\/wwwvz.uptos.edu.ve\/wp-content\/uploads\/2023\/06\/dia-archivos.png","datePublished":"2023-06-12T14:55:24+00:00","breadcrumb":{"@id":"https:\/\/www.uptos.edu.ve\/?tribe_events=dia-internacional-de-los-archivos#breadcrumb"},"inLanguage":"es","potentialAction":[{"@type":"ReadAction","target":["https:\/\/www.uptos.edu.ve\/?tribe_events=dia-internacional-de-los-archivos"]}]},{"@type":"ImageObject","inLanguage":"es","@id":"https:\/\/www.uptos.edu.ve\/?tribe_events=dia-internacional-de-los-archivos#primaryimage","url":"https:\/\/wwwvz.uptos.edu.ve\/wp-content\/uploads\/2023\/06\/dia-archivos.png","contentUrl":"https:\/\/wwwvz.uptos.edu.ve\/wp-content\/uploads\/2023\/06\/dia-archivos.png"},{"@type":"BreadcrumbList","@id":"https:\/\/www.uptos.edu.ve\/?tribe_events=dia-internacional-de-los-archivos#breadcrumb","itemListElement":[{"@type":"ListItem","position":1,"name":"Home","item":"https:\/\/www.uptos.edu.ve\/"},{"@type":"ListItem","position":2,"name":"Eventos","item":"https:\/\/www.uptos.edu.ve\/?post_type=tribe_events"},{"@type":"ListItem","position":3,"name":"DÍA INTERNACIONAL DE LOS ARCHIVOS"}]},{"@type":"WebSite","@id":"\/#website","url":"\/","name":"UPTOS Clodosbaldo Russián","description":"Universidad Politécnica del Oeste de Sucre","publisher":{"@id":"\/#organization"},"potentialAction":[{"@type":"SearchAction","target":{"@type":"EntryPoint","urlTemplate":"\/?s={search_term_string}"},"query-input":{"@type":"PropertyValueSpecification","valueRequired":true,"valueName":"search_term_string"}}],"inLanguage":"es"},{"@type":"Organization","@id":"\/#organization","name":"UPTOS Clodosbaldo Russián","url":"\/","logo":{"@type":"ImageObject","inLanguage":"es","@id":"\/#\/schema\/logo\/image\/","url":"https:\/\/www.uptos.edu.ve\/wp-content\/uploads\/2026\/02\/cropped-cropped-WhatsApp-Image-2026-02-11-at-10.17.38-PM-1.jpeg","contentUrl":"https:\/\/www.uptos.edu.ve\/wp-content\/uploads\/2026\/02\/cropped-cropped-WhatsApp-Image-2026-02-11-at-10.17.38-PM-1.jpeg","width":1080,"height":73,"caption":"UPTOS Clodosbaldo Russián"},"image":{"@id":"\/#\/schema\/logo\/image\/"},"sameAs":["https:\/\/www.facebook.com\/people\/UPTOS-Clodosbaldo-Russin\/100070891114831\/","http:\/\/instagram.com\/uptoscr_oficial"]}]}</script>
<!-- / Yoast SEO plugin. -->

DÍA INTERNACIONAL DE LOS ARCHIVOS - UPTOS Clodosbaldo Russián

&nbsp; Pudiste haber tenido la oportunidad de celebrarlo en tu país, a través de las actividades y eventos organizados por instituciones nacionales o locales de archivos, o por las asociaciones&hellip;

UPTOS Clodosbaldo Russián

Universidad Politécnica del Oeste de Sucre
