{"id":9624,"date":"2023-06-09T11:08:36","date_gmt":"2023-06-09T15:08:36","guid":{"rendered":"http:\/\/web.uptos.edu.ve\/?post_type=tribe_events&#038;p=9624"},"modified":"2023-06-09T11:08:36","modified_gmt":"2023-06-09T15:08:36","slug":"muere-tulio-febres-cordero","status":"publish","type":"tribe_events","link":"https:\/\/www.uptos.edu.ve\/?tribe_events=muere-tulio-febres-cordero","title":{"rendered":"MUERE TULIO FEBRES CORDERO"},"content":{"rendered":"<p><font color=\"#000000\"><img fetchpriority=\"high\" decoding=\"async\" class=\"wp-image-9632 alignright\" src=\"https:\/\/wwwvz.uptos.edu.ve\/wp-content\/uploads\/2023\/06\/tuliofebrescordero.jpeg\" alt=\"\" width=\"256\" height=\"341\" \/>Escritor, historiador, profesor universitario y periodista. Realiz\u00f3 un aporte fundamental a la cultura intelectual venezolana, mediante el estudio de la historia de M\u00e9rida, de los Andes y de sus \u00e1reas de influencia, es decir, el territorio que desde principios del siglo XVII formar\u00e1 el corregimiento de M\u00e9rida.<\/font><\/p>\n<p align=\"justify\"><font color=\"#000000\">\u00a0En cuanto a su obra en general, se puede decir que la misma es polifac\u00e9tica por abarcar aspectos propios de la historia, la literatura, la antropolog\u00eda, el derecho, la educaci\u00f3n y otras ramas del saber. Por lo tanto, no es raro que su escritura se exprese en distintos g\u00e9neros: cr\u00f3nica, ensayo, cuento, novela y poes\u00eda. Asimismo, se caracteriza por abordar conjuntamente los hechos de la historia formal (conquistas, fundaciones, revoluciones, guerras, etc.) con los de la historia cotidiana (costumbres, creencias, modos de vida, etc.). Fue notable su inter\u00e9s por dar a conocer en un lenguaje sencillo las tradiciones, mitos y leyendas los cuales ayudan a entender la psicolog\u00eda de los pueblos, en especial la de la regi\u00f3n andina<\/font><\/p>\n","protected":false},"excerpt":{"rendered":"<p>Escritor, historiador, profesor universitario y periodista. Realiz\u00f3 un aporte fundamental a la cultura intelectual venezolana, mediante el estudio de la historia de M\u00e9rida, de los Andes y de sus \u00e1reas&hellip;<\/p>\n","protected":false},"author":5,"featured_media":0,"template":"","meta":{"_monsterinsights_skip_tracking":false,"_monsterinsights_sitenote_active":false,"_monsterinsights_sitenote_note":"","_monsterinsights_sitenote_category":0,"_tribe_events_status":"","_tribe_events_status_reason":"","footnotes":""},"tags":[],"tribe_events_cat":[],"class_list":["post-9624","tribe_events","type-tribe_events","status-publish","hentry"],"yoast_head":"<!-- This site is optimized with the Yoast SEO plugin v27.4 - https:\/\/yoast.com\/product\/yoast-seo-wordpress\/ -->\n<title>MUERE TULIO FEBRES CORDERO - UPTOS Clodosbaldo Russi\u00e1n<\/title>\n<meta name=\"robots\" content=\"index, follow, max-snippet:-1, max-image-preview:large, max-video-preview:-1\" \/>\n<link rel=\"canonical\" href=\"https:\/\/www.uptos.edu.ve\/?tribe_events=muere-tulio-febres-cordero\" \/>\n<meta property=\"og:locale\" content=\"es_ES\" \/>\n<meta property=\"og:type\" content=\"article\" \/>\n<meta property=\"og:title\" content=\"MUERE TULIO FEBRES CORDERO - UPTOS Clodosbaldo Russi\u00e1n\" \/>\n<meta property=\"og:description\" content=\"Escritor, historiador, profesor universitario y periodista. Realiz\u00f3 un aporte fundamental a la cultura intelectual venezolana, mediante el estudio de la historia de M\u00e9rida, de los Andes y de sus \u00e1reas&hellip;\" \/>\n<meta property=\"og:url\" content=\"https:\/\/www.uptos.edu.ve\/?tribe_events=muere-tulio-febres-cordero\" \/>\n<meta property=\"og:site_name\" content=\"UPTOS Clodosbaldo Russi\u00e1n\" \/>\n<meta property=\"article:publisher\" content=\"https:\/\/www.facebook.com\/people\/UPTOS-Clodosbaldo-Russin\/100070891114831\/\" \/>\n<meta property=\"og:image\" content=\"https:\/\/wwwvz.uptos.edu.ve\/wp-content\/uploads\/2023\/06\/tuliofebrescordero.jpeg\" \/>\n<meta name=\"twitter:card\" content=\"summary_large_image\" \/>\n<meta name=\"twitter:label1\" content=\"Tiempo estimado de lectura\" \/>\n\t<meta name=\"twitter:data1\" content=\"1 minuto\" \/>\n<script type=\"application\/ld+json\" class=\"yoast-schema-graph\">{\"@context\":\"https:\\\/\\\/schema.org\",\"@graph\":[{\"@type\":\"WebPage\",\"@id\":\"https:\\\/\\\/www.uptos.edu.ve\\\/?tribe_events=muere-tulio-febres-cordero\",\"url\":\"https:\\\/\\\/www.uptos.edu.ve\\\/?tribe_events=muere-tulio-febres-cordero\",\"name\":\"MUERE TULIO FEBRES CORDERO - UPTOS Clodosbaldo Russi\u00e1n\",\"isPartOf\":{\"@id\":\"\\\/#website\"},\"primaryImageOfPage\":{\"@id\":\"https:\\\/\\\/www.uptos.edu.ve\\\/?tribe_events=muere-tulio-febres-cordero#primaryimage\"},\"image\":{\"@id\":\"https:\\\/\\\/www.uptos.edu.ve\\\/?tribe_events=muere-tulio-febres-cordero#primaryimage\"},\"thumbnailUrl\":\"https:\\\/\\\/wwwvz.uptos.edu.ve\\\/wp-content\\\/uploads\\\/2023\\\/06\\\/tuliofebrescordero.jpeg\",\"datePublished\":\"2023-06-09T15:08:36+00:00\",\"breadcrumb\":{\"@id\":\"https:\\\/\\\/www.uptos.edu.ve\\\/?tribe_events=muere-tulio-febres-cordero#breadcrumb\"},\"inLanguage\":\"es\",\"potentialAction\":[{\"@type\":\"ReadAction\",\"target\":[\"https:\\\/\\\/www.uptos.edu.ve\\\/?tribe_events=muere-tulio-febres-cordero\"]}]},{\"@type\":\"ImageObject\",\"inLanguage\":\"es\",\"@id\":\"https:\\\/\\\/www.uptos.edu.ve\\\/?tribe_events=muere-tulio-febres-cordero#primaryimage\",\"url\":\"https:\\\/\\\/wwwvz.uptos.edu.ve\\\/wp-content\\\/uploads\\\/2023\\\/06\\\/tuliofebrescordero.jpeg\",\"contentUrl\":\"https:\\\/\\\/wwwvz.uptos.edu.ve\\\/wp-content\\\/uploads\\\/2023\\\/06\\\/tuliofebrescordero.jpeg\"},{\"@type\":\"BreadcrumbList\",\"@id\":\"https:\\\/\\\/www.uptos.edu.ve\\\/?tribe_events=muere-tulio-febres-cordero#breadcrumb\",\"itemListElement\":[{\"@type\":\"ListItem\",\"position\":1,\"name\":\"Home\",\"item\":\"https:\\\/\\\/www.uptos.edu.ve\\\/\"},{\"@type\":\"ListItem\",\"position\":2,\"name\":\"Eventos\",\"item\":\"https:\\\/\\\/www.uptos.edu.ve\\\/?post_type=tribe_events\"},{\"@type\":\"ListItem\",\"position\":3,\"name\":\"MUERE TULIO FEBRES CORDERO\"}]},{\"@type\":\"WebSite\",\"@id\":\"\\\/#website\",\"url\":\"\\\/\",\"name\":\"UPTOS Clodosbaldo Russi\u00e1n\",\"description\":\"Universidad Polit\u00e9cnica del Oeste de Sucre\",\"publisher\":{\"@id\":\"\\\/#organization\"},\"potentialAction\":[{\"@type\":\"SearchAction\",\"target\":{\"@type\":\"EntryPoint\",\"urlTemplate\":\"\\\/?s={search_term_string}\"},\"query-input\":{\"@type\":\"PropertyValueSpecification\",\"valueRequired\":true,\"valueName\":\"search_term_string\"}}],\"inLanguage\":\"es\"},{\"@type\":\"Organization\",\"@id\":\"\\\/#organization\",\"name\":\"UPTOS Clodosbaldo Russi\u00e1n\",\"url\":\"\\\/\",\"logo\":{\"@type\":\"ImageObject\",\"inLanguage\":\"es\",\"@id\":\"\\\/#\\\/schema\\\/logo\\\/image\\\/\",\"url\":\"https:\\\/\\\/www.uptos.edu.ve\\\/wp-content\\\/uploads\\\/2026\\\/02\\\/cropped-cropped-WhatsApp-Image-2026-02-11-at-10.17.38-PM-1.jpeg\",\"contentUrl\":\"https:\\\/\\\/www.uptos.edu.ve\\\/wp-content\\\/uploads\\\/2026\\\/02\\\/cropped-cropped-WhatsApp-Image-2026-02-11-at-10.17.38-PM-1.jpeg\",\"width\":1080,\"height\":73,\"caption\":\"UPTOS Clodosbaldo Russi\u00e1n\"},\"image\":{\"@id\":\"\\\/#\\\/schema\\\/logo\\\/image\\\/\"},\"sameAs\":[\"https:\\\/\\\/www.facebook.com\\\/people\\\/UPTOS-Clodosbaldo-Russin\\\/100070891114831\\\/\",\"http:\\\/\\\/instagram.com\\\/uptoscr_oficial\"]}]}<\/script>\n<!-- \/ Yoast SEO plugin. -->","yoast_head_json":{"title":"MUERE TULIO FEBRES CORDERO - UPTOS Clodosbaldo Russi\u00e1n","robots":{"index":"index","follow":"follow","max-snippet":"max-snippet:-1","max-image-preview":"max-image-preview:large","max-video-preview":"max-video-preview:-1"},"canonical":"https:\/\/www.uptos.edu.ve\/?tribe_events=muere-tulio-febres-cordero","og_locale":"es_ES","og_type":"article","og_title":"MUERE TULIO FEBRES CORDERO - UPTOS Clodosbaldo Russi\u00e1n","og_description":"Escritor, historiador, profesor universitario y periodista. Realiz\u00f3 un aporte fundamental a la cultura intelectual venezolana, mediante el estudio de la historia de M\u00e9rida, de los Andes y de sus \u00e1reas&hellip;","og_url":"https:\/\/www.uptos.edu.ve\/?tribe_events=muere-tulio-febres-cordero","og_site_name":"UPTOS Clodosbaldo Russi\u00e1n","article_publisher":"https:\/\/www.facebook.com\/people\/UPTOS-Clodosbaldo-Russin\/100070891114831\/","og_image":[{"url":"https:\/\/wwwvz.uptos.edu.ve\/wp-content\/uploads\/2023\/06\/tuliofebrescordero.jpeg","type":"","width":"","height":""}],"twitter_card":"summary_large_image","twitter_misc":{"Tiempo estimado de lectura":"1 minuto"},"schema":{"@context":"https:\/\/schema.org","@graph":[{"@type":"WebPage","@id":"https:\/\/www.uptos.edu.ve\/?tribe_events=muere-tulio-febres-cordero","url":"https:\/\/www.uptos.edu.ve\/?tribe_events=muere-tulio-febres-cordero","name":"MUERE TULIO FEBRES CORDERO - UPTOS Clodosbaldo Russi\u00e1n","isPartOf":{"@id":"\/#website"},"primaryImageOfPage":{"@id":"https:\/\/www.uptos.edu.ve\/?tribe_events=muere-tulio-febres-cordero#primaryimage"},"image":{"@id":"https:\/\/www.uptos.edu.ve\/?tribe_events=muere-tulio-febres-cordero#primaryimage"},"thumbnailUrl":"https:\/\/wwwvz.uptos.edu.ve\/wp-content\/uploads\/2023\/06\/tuliofebrescordero.jpeg","datePublished":"2023-06-09T15:08:36+00:00","breadcrumb":{"@id":"https:\/\/www.uptos.edu.ve\/?tribe_events=muere-tulio-febres-cordero#breadcrumb"},"inLanguage":"es","potentialAction":[{"@type":"ReadAction","target":["https:\/\/www.uptos.edu.ve\/?tribe_events=muere-tulio-febres-cordero"]}]},{"@type":"ImageObject","inLanguage":"es","@id":"https:\/\/www.uptos.edu.ve\/?tribe_events=muere-tulio-febres-cordero#primaryimage","url":"https:\/\/wwwvz.uptos.edu.ve\/wp-content\/uploads\/2023\/06\/tuliofebrescordero.jpeg","contentUrl":"https:\/\/wwwvz.uptos.edu.ve\/wp-content\/uploads\/2023\/06\/tuliofebrescordero.jpeg"},{"@type":"BreadcrumbList","@id":"https:\/\/www.uptos.edu.ve\/?tribe_events=muere-tulio-febres-cordero#breadcrumb","itemListElement":[{"@type":"ListItem","position":1,"name":"Home","item":"https:\/\/www.uptos.edu.ve\/"},{"@type":"ListItem","position":2,"name":"Eventos","item":"https:\/\/www.uptos.edu.ve\/?post_type=tribe_events"},{"@type":"ListItem","position":3,"name":"MUERE TULIO FEBRES CORDERO"}]},{"@type":"WebSite","@id":"\/#website","url":"\/","name":"UPTOS Clodosbaldo Russi\u00e1n","description":"Universidad Polit\u00e9cnica del Oeste de Sucre","publisher":{"@id":"\/#organization"},"potentialAction":[{"@type":"SearchAction","target":{"@type":"EntryPoint","urlTemplate":"\/?s={search_term_string}"},"query-input":{"@type":"PropertyValueSpecification","valueRequired":true,"valueName":"search_term_string"}}],"inLanguage":"es"},{"@type":"Organization","@id":"\/#organization","name":"UPTOS Clodosbaldo Russi\u00e1n","url":"\/","logo":{"@type":"ImageObject","inLanguage":"es","@id":"\/#\/schema\/logo\/image\/","url":"https:\/\/www.uptos.edu.ve\/wp-content\/uploads\/2026\/02\/cropped-cropped-WhatsApp-Image-2026-02-11-at-10.17.38-PM-1.jpeg","contentUrl":"https:\/\/www.uptos.edu.ve\/wp-content\/uploads\/2026\/02\/cropped-cropped-WhatsApp-Image-2026-02-11-at-10.17.38-PM-1.jpeg","width":1080,"height":73,"caption":"UPTOS Clodosbaldo Russi\u00e1n"},"image":{"@id":"\/#\/schema\/logo\/image\/"},"sameAs":["https:\/\/www.facebook.com\/people\/UPTOS-Clodosbaldo-Russin\/100070891114831\/","http:\/\/instagram.com\/uptoscr_oficial"]}]}},"_links":{"self":[{"href":"https:\/\/www.uptos.edu.ve\/index.php?rest_route=\/wp\/v2\/tribe_events\/9624","targetHints":{"allow":["GET"]}}],"collection":[{"href":"https:\/\/www.uptos.edu.ve\/index.php?rest_route=\/wp\/v2\/tribe_events"}],"about":[{"href":"https:\/\/www.uptos.edu.ve\/index.php?rest_route=\/wp\/v2\/types\/tribe_events"}],"author":[{"embeddable":true,"href":"https:\/\/www.uptos.edu.ve\/index.php?rest_route=\/wp\/v2\/users\/5"}],"version-history":[{"count":0,"href":"https:\/\/www.uptos.edu.ve\/index.php?rest_route=\/wp\/v2\/tribe_events\/9624\/revisions"}],"wp:attachment":[{"href":"https:\/\/www.uptos.edu.ve\/index.php?rest_route=%2Fwp%2Fv2%2Fmedia&parent=9624"}],"wp:term":[{"taxonomy":"post_tag","embeddable":true,"href":"https:\/\/www.uptos.edu.ve\/index.php?rest_route=%2Fwp%2Fv2%2Ftags&post=9624"},{"taxonomy":"tribe_events_cat","embeddable":true,"href":"https:\/\/www.uptos.edu.ve\/index.php?rest_route=%2Fwp%2Fv2%2Ftribe_events_cat&post=9624"}],"curies":[{"name":"wp","href":"https:\/\/api.w.org\/{rel}","templated":true}]}}

<p><font color="#000000"><img fetchpriority="high" decoding="async" class="wp-image-9632 alignright" src="https://wwwvz.uptos.edu.ve/wp-content/uploads/2023/06/tuliofebrescordero.jpeg" alt="" width="256" height="341" />Escritor, historiador, profesor universitario y periodista. Realizó un aporte fundamental a la cultura intelectual venezolana, mediante el estudio de la historia de Mérida, de los Andes y de sus áreas de influencia, es decir, el territorio que desde principios del siglo XVII formará el corregimiento de Mérida.</font></p>
<p align="justify"><font color="#000000"> En cuanto a su obra en general, se puede decir que la misma es polifacética por abarcar aspectos propios de la historia, la literatura, la antropología, el derecho, la educación y otras ramas del saber. Por lo tanto, no es raro que su escritura se exprese en distintos géneros: crónica, ensayo, cuento, novela y poesía. Asimismo, se caracteriza por abordar conjuntamente los hechos de la historia formal (conquistas, fundaciones, revoluciones, guerras, etc.) con los de la historia cotidiana (costumbres, creencias, modos de vida, etc.). Fue notable su interés por dar a conocer en un lenguaje sencillo las tradiciones, mitos y leyendas los cuales ayudan a entender la psicología de los pueblos, en especial la de la región andina</font></p>

<p>Escritor, historiador, profesor universitario y periodista. Realizó un aporte fundamental a la cultura intelectual venezolana, mediante el estudio de la historia de Mérida, de los Andes y de sus áreas&hellip;</p>

<!-- This site is optimized with the Yoast SEO plugin v27.4 - https://yoast.com/product/yoast-seo-wordpress/ -->
<title>MUERE TULIO FEBRES CORDERO - UPTOS Clodosbaldo Russián</title>
<meta name="robots" content="index, follow, max-snippet:-1, max-image-preview:large, max-video-preview:-1" />
<link rel="canonical" href="https://www.uptos.edu.ve/?tribe_events=muere-tulio-febres-cordero" />
<meta property="og:locale" content="es_ES" />
<meta property="og:type" content="article" />
<meta property="og:title" content="MUERE TULIO FEBRES CORDERO - UPTOS Clodosbaldo Russián" />
<meta property="og:description" content="Escritor, historiador, profesor universitario y periodista. Realizó un aporte fundamental a la cultura intelectual venezolana, mediante el estudio de la historia de Mérida, de los Andes y de sus áreas&hellip;" />
<meta property="og:url" content="https://www.uptos.edu.ve/?tribe_events=muere-tulio-febres-cordero" />
<meta property="og:site_name" content="UPTOS Clodosbaldo Russián" />
<meta property="article:publisher" content="https://www.facebook.com/people/UPTOS-Clodosbaldo-Russin/100070891114831/" />
<meta property="og:image" content="https://wwwvz.uptos.edu.ve/wp-content/uploads/2023/06/tuliofebrescordero.jpeg" />
<meta name="twitter:card" content="summary_large_image" />
<meta name="twitter:label1" content="Tiempo estimado de lectura" />
	<meta name="twitter:data1" content="1 minuto" />
<script type="application/ld+json" class="yoast-schema-graph">{"@context":"https:\/\/schema.org","@graph":[{"@type":"WebPage","@id":"https:\/\/www.uptos.edu.ve\/?tribe_events=muere-tulio-febres-cordero","url":"https:\/\/www.uptos.edu.ve\/?tribe_events=muere-tulio-febres-cordero","name":"MUERE TULIO FEBRES CORDERO - UPTOS Clodosbaldo Russián","isPartOf":{"@id":"\/#website"},"primaryImageOfPage":{"@id":"https:\/\/www.uptos.edu.ve\/?tribe_events=muere-tulio-febres-cordero#primaryimage"},"image":{"@id":"https:\/\/www.uptos.edu.ve\/?tribe_events=muere-tulio-febres-cordero#primaryimage"},"thumbnailUrl":"https:\/\/wwwvz.uptos.edu.ve\/wp-content\/uploads\/2023\/06\/tuliofebrescordero.jpeg","datePublished":"2023-06-09T15:08:36+00:00","breadcrumb":{"@id":"https:\/\/www.uptos.edu.ve\/?tribe_events=muere-tulio-febres-cordero#breadcrumb"},"inLanguage":"es","potentialAction":[{"@type":"ReadAction","target":["https:\/\/www.uptos.edu.ve\/?tribe_events=muere-tulio-febres-cordero"]}]},{"@type":"ImageObject","inLanguage":"es","@id":"https:\/\/www.uptos.edu.ve\/?tribe_events=muere-tulio-febres-cordero#primaryimage","url":"https:\/\/wwwvz.uptos.edu.ve\/wp-content\/uploads\/2023\/06\/tuliofebrescordero.jpeg","contentUrl":"https:\/\/wwwvz.uptos.edu.ve\/wp-content\/uploads\/2023\/06\/tuliofebrescordero.jpeg"},{"@type":"BreadcrumbList","@id":"https:\/\/www.uptos.edu.ve\/?tribe_events=muere-tulio-febres-cordero#breadcrumb","itemListElement":[{"@type":"ListItem","position":1,"name":"Home","item":"https:\/\/www.uptos.edu.ve\/"},{"@type":"ListItem","position":2,"name":"Eventos","item":"https:\/\/www.uptos.edu.ve\/?post_type=tribe_events"},{"@type":"ListItem","position":3,"name":"MUERE TULIO FEBRES CORDERO"}]},{"@type":"WebSite","@id":"\/#website","url":"\/","name":"UPTOS Clodosbaldo Russián","description":"Universidad Politécnica del Oeste de Sucre","publisher":{"@id":"\/#organization"},"potentialAction":[{"@type":"SearchAction","target":{"@type":"EntryPoint","urlTemplate":"\/?s={search_term_string}"},"query-input":{"@type":"PropertyValueSpecification","valueRequired":true,"valueName":"search_term_string"}}],"inLanguage":"es"},{"@type":"Organization","@id":"\/#organization","name":"UPTOS Clodosbaldo Russián","url":"\/","logo":{"@type":"ImageObject","inLanguage":"es","@id":"\/#\/schema\/logo\/image\/","url":"https:\/\/www.uptos.edu.ve\/wp-content\/uploads\/2026\/02\/cropped-cropped-WhatsApp-Image-2026-02-11-at-10.17.38-PM-1.jpeg","contentUrl":"https:\/\/www.uptos.edu.ve\/wp-content\/uploads\/2026\/02\/cropped-cropped-WhatsApp-Image-2026-02-11-at-10.17.38-PM-1.jpeg","width":1080,"height":73,"caption":"UPTOS Clodosbaldo Russián"},"image":{"@id":"\/#\/schema\/logo\/image\/"},"sameAs":["https:\/\/www.facebook.com\/people\/UPTOS-Clodosbaldo-Russin\/100070891114831\/","http:\/\/instagram.com\/uptoscr_oficial"]}]}</script>
<!-- / Yoast SEO plugin. -->

MUERE TULIO FEBRES CORDERO - UPTOS Clodosbaldo Russián

Escritor, historiador, profesor universitario y periodista. Realizó un aporte fundamental a la cultura intelectual venezolana, mediante el estudio de la historia de Mérida, de los Andes y de sus áreas&hellip;

UPTOS Clodosbaldo Russián

Universidad Politécnica del Oeste de Sucre
