{"id":14150,"date":"2024-05-08T13:11:01","date_gmt":"2024-05-08T17:11:01","guid":{"rendered":"https:\/\/www.uptos.edu.ve\/?post_type=tribe_events&#038;p=14150"},"modified":"2024-05-08T13:11:01","modified_gmt":"2024-05-08T17:11:01","slug":"9-de-mayo-aniversario-de-la-victoria-sobre-el-nazi-fascismo","status":"publish","type":"tribe_events","link":"https:\/\/www.uptos.edu.ve\/?tribe_events=9-de-mayo-aniversario-de-la-victoria-sobre-el-nazi-fascismo","title":{"rendered":"9 de mayo, aniversario de la victoria sobre el nazi-fascismo."},"content":{"rendered":"<p style=\"text-align: justify;\"><span style=\"font-size: 12pt; color: #000000;\">El 9 de mayo conmemoramos la victoria sobre el nazi-fascismo en la Segunda Guerra Mundial. Fue el d\u00eda en que Alemania nazi se rindi\u00f3 ante la Uni\u00f3n Sovi\u00e9tica en Berl\u00edn. Esta guerra, que dur\u00f3 desde 1939 hasta 1945, fue el conflicto m\u00e1s grande y sangriento de la historia moderna, cobrando la vida de aproximadamente 60 millones de personas. Recordamos el papel crucial de la Uni\u00f3n Sovi\u00e9tica, el Ej\u00e9rcito Rojo y el PCUS en la derrota del nazismo, as\u00ed como la valent\u00eda de quienes lucharon por la liberaci\u00f3n. Esta efem\u00e9ride nos insta a recordar la historia para enfrentar el presente y construir un futuro mejor, libre de cualquier forma de opresi\u00f3n. \u00a1Gloria eterna a los h\u00e9roes que lucharon por un mundo mejor!<\/span><\/p>\n","protected":false},"excerpt":{"rendered":"<p>El 9 de mayo conmemoramos la victoria sobre el nazi-fascismo en la Segunda Guerra Mundial. Fue el d\u00eda en que Alemania nazi se rindi\u00f3 ante la Uni\u00f3n Sovi\u00e9tica en Berl\u00edn.&hellip;<\/p>\n","protected":false},"author":1,"featured_media":14151,"template":"","meta":{"_monsterinsights_skip_tracking":false,"_monsterinsights_sitenote_active":false,"_monsterinsights_sitenote_note":"","_monsterinsights_sitenote_category":0,"_tribe_events_status":"","_tribe_events_status_reason":"","footnotes":""},"tags":[],"tribe_events_cat":[],"class_list":["post-14150","tribe_events","type-tribe_events","status-publish","has-post-thumbnail","hentry"],"yoast_head":"<!-- This site is optimized with the Yoast SEO plugin v27.4 - https:\/\/yoast.com\/product\/yoast-seo-wordpress\/ -->\n<title>9 de mayo, aniversario de la victoria sobre el nazi-fascismo. - UPTOS Clodosbaldo Russi\u00e1n<\/title>\n<meta name=\"robots\" content=\"index, follow, max-snippet:-1, max-image-preview:large, max-video-preview:-1\" \/>\n<link rel=\"canonical\" href=\"https:\/\/www.uptos.edu.ve\/?tribe_events=9-de-mayo-aniversario-de-la-victoria-sobre-el-nazi-fascismo\" \/>\n<meta property=\"og:locale\" content=\"es_ES\" \/>\n<meta property=\"og:type\" content=\"article\" \/>\n<meta property=\"og:title\" content=\"9 de mayo, aniversario de la victoria sobre el nazi-fascismo. - UPTOS Clodosbaldo Russi\u00e1n\" \/>\n<meta property=\"og:description\" content=\"El 9 de mayo conmemoramos la victoria sobre el nazi-fascismo en la Segunda Guerra Mundial. Fue el d\u00eda en que Alemania nazi se rindi\u00f3 ante la Uni\u00f3n Sovi\u00e9tica en Berl\u00edn.&hellip;\" \/>\n<meta property=\"og:url\" content=\"https:\/\/www.uptos.edu.ve\/?tribe_events=9-de-mayo-aniversario-de-la-victoria-sobre-el-nazi-fascismo\" \/>\n<meta property=\"og:site_name\" content=\"UPTOS Clodosbaldo Russi\u00e1n\" \/>\n<meta property=\"article:publisher\" content=\"https:\/\/www.facebook.com\/people\/UPTOS-Clodosbaldo-Russin\/100070891114831\/\" \/>\n<meta property=\"og:image\" content=\"https:\/\/www.uptos.edu.ve\/wp-content\/uploads\/2024\/05\/fsrevx.jpg\" \/>\n\t<meta property=\"og:image:width\" content=\"1080\" \/>\n\t<meta property=\"og:image:height\" content=\"680\" \/>\n\t<meta property=\"og:image:type\" content=\"image\/jpeg\" \/>\n<meta name=\"twitter:card\" content=\"summary_large_image\" \/>\n<meta name=\"twitter:label1\" content=\"Tiempo estimado de lectura\" \/>\n\t<meta name=\"twitter:data1\" content=\"1 minuto\" \/>\n<script type=\"application\/ld+json\" class=\"yoast-schema-graph\">{\"@context\":\"https:\\\/\\\/schema.org\",\"@graph\":[{\"@type\":\"WebPage\",\"@id\":\"https:\\\/\\\/www.uptos.edu.ve\\\/?tribe_events=9-de-mayo-aniversario-de-la-victoria-sobre-el-nazi-fascismo\",\"url\":\"https:\\\/\\\/www.uptos.edu.ve\\\/?tribe_events=9-de-mayo-aniversario-de-la-victoria-sobre-el-nazi-fascismo\",\"name\":\"9 de mayo, aniversario de la victoria sobre el nazi-fascismo. - UPTOS Clodosbaldo Russi\u00e1n\",\"isPartOf\":{\"@id\":\"\\\/#website\"},\"primaryImageOfPage\":{\"@id\":\"https:\\\/\\\/www.uptos.edu.ve\\\/?tribe_events=9-de-mayo-aniversario-de-la-victoria-sobre-el-nazi-fascismo#primaryimage\"},\"image\":{\"@id\":\"https:\\\/\\\/www.uptos.edu.ve\\\/?tribe_events=9-de-mayo-aniversario-de-la-victoria-sobre-el-nazi-fascismo#primaryimage\"},\"thumbnailUrl\":\"https:\\\/\\\/www.uptos.edu.ve\\\/wp-content\\\/uploads\\\/2024\\\/05\\\/fsrevx.jpg\",\"datePublished\":\"2024-05-08T17:11:01+00:00\",\"breadcrumb\":{\"@id\":\"https:\\\/\\\/www.uptos.edu.ve\\\/?tribe_events=9-de-mayo-aniversario-de-la-victoria-sobre-el-nazi-fascismo#breadcrumb\"},\"inLanguage\":\"es\",\"potentialAction\":[{\"@type\":\"ReadAction\",\"target\":[\"https:\\\/\\\/www.uptos.edu.ve\\\/?tribe_events=9-de-mayo-aniversario-de-la-victoria-sobre-el-nazi-fascismo\"]}]},{\"@type\":\"ImageObject\",\"inLanguage\":\"es\",\"@id\":\"https:\\\/\\\/www.uptos.edu.ve\\\/?tribe_events=9-de-mayo-aniversario-de-la-victoria-sobre-el-nazi-fascismo#primaryimage\",\"url\":\"https:\\\/\\\/www.uptos.edu.ve\\\/wp-content\\\/uploads\\\/2024\\\/05\\\/fsrevx.jpg\",\"contentUrl\":\"https:\\\/\\\/www.uptos.edu.ve\\\/wp-content\\\/uploads\\\/2024\\\/05\\\/fsrevx.jpg\",\"width\":1080,\"height\":680},{\"@type\":\"BreadcrumbList\",\"@id\":\"https:\\\/\\\/www.uptos.edu.ve\\\/?tribe_events=9-de-mayo-aniversario-de-la-victoria-sobre-el-nazi-fascismo#breadcrumb\",\"itemListElement\":[{\"@type\":\"ListItem\",\"position\":1,\"name\":\"Home\",\"item\":\"https:\\\/\\\/www.uptos.edu.ve\\\/\"},{\"@type\":\"ListItem\",\"position\":2,\"name\":\"Eventos\",\"item\":\"https:\\\/\\\/www.uptos.edu.ve\\\/?post_type=tribe_events\"},{\"@type\":\"ListItem\",\"position\":3,\"name\":\"9 de mayo, aniversario de la victoria sobre el nazi-fascismo.\"}]},{\"@type\":\"WebSite\",\"@id\":\"\\\/#website\",\"url\":\"\\\/\",\"name\":\"UPTOS Clodosbaldo Russi\u00e1n\",\"description\":\"Universidad Polit\u00e9cnica del Oeste de Sucre\",\"publisher\":{\"@id\":\"\\\/#organization\"},\"potentialAction\":[{\"@type\":\"SearchAction\",\"target\":{\"@type\":\"EntryPoint\",\"urlTemplate\":\"\\\/?s={search_term_string}\"},\"query-input\":{\"@type\":\"PropertyValueSpecification\",\"valueRequired\":true,\"valueName\":\"search_term_string\"}}],\"inLanguage\":\"es\"},{\"@type\":\"Organization\",\"@id\":\"\\\/#organization\",\"name\":\"UPTOS Clodosbaldo Russi\u00e1n\",\"url\":\"\\\/\",\"logo\":{\"@type\":\"ImageObject\",\"inLanguage\":\"es\",\"@id\":\"\\\/#\\\/schema\\\/logo\\\/image\\\/\",\"url\":\"https:\\\/\\\/www.uptos.edu.ve\\\/wp-content\\\/uploads\\\/2026\\\/02\\\/cropped-cropped-WhatsApp-Image-2026-02-11-at-10.17.38-PM-1.jpeg\",\"contentUrl\":\"https:\\\/\\\/www.uptos.edu.ve\\\/wp-content\\\/uploads\\\/2026\\\/02\\\/cropped-cropped-WhatsApp-Image-2026-02-11-at-10.17.38-PM-1.jpeg\",\"width\":1080,\"height\":73,\"caption\":\"UPTOS Clodosbaldo Russi\u00e1n\"},\"image\":{\"@id\":\"\\\/#\\\/schema\\\/logo\\\/image\\\/\"},\"sameAs\":[\"https:\\\/\\\/www.facebook.com\\\/people\\\/UPTOS-Clodosbaldo-Russin\\\/100070891114831\\\/\",\"http:\\\/\\\/instagram.com\\\/uptoscr_oficial\"]}]}<\/script>\n<!-- \/ Yoast SEO plugin. -->","yoast_head_json":{"title":"9 de mayo, aniversario de la victoria sobre el nazi-fascismo. - UPTOS Clodosbaldo Russi\u00e1n","robots":{"index":"index","follow":"follow","max-snippet":"max-snippet:-1","max-image-preview":"max-image-preview:large","max-video-preview":"max-video-preview:-1"},"canonical":"https:\/\/www.uptos.edu.ve\/?tribe_events=9-de-mayo-aniversario-de-la-victoria-sobre-el-nazi-fascismo","og_locale":"es_ES","og_type":"article","og_title":"9 de mayo, aniversario de la victoria sobre el nazi-fascismo. - UPTOS Clodosbaldo Russi\u00e1n","og_description":"El 9 de mayo conmemoramos la victoria sobre el nazi-fascismo en la Segunda Guerra Mundial. Fue el d\u00eda en que Alemania nazi se rindi\u00f3 ante la Uni\u00f3n Sovi\u00e9tica en Berl\u00edn.&hellip;","og_url":"https:\/\/www.uptos.edu.ve\/?tribe_events=9-de-mayo-aniversario-de-la-victoria-sobre-el-nazi-fascismo","og_site_name":"UPTOS Clodosbaldo Russi\u00e1n","article_publisher":"https:\/\/www.facebook.com\/people\/UPTOS-Clodosbaldo-Russin\/100070891114831\/","og_image":[{"width":1080,"height":680,"url":"https:\/\/www.uptos.edu.ve\/wp-content\/uploads\/2024\/05\/fsrevx.jpg","type":"image\/jpeg"}],"twitter_card":"summary_large_image","twitter_misc":{"Tiempo estimado de lectura":"1 minuto"},"schema":{"@context":"https:\/\/schema.org","@graph":[{"@type":"WebPage","@id":"https:\/\/www.uptos.edu.ve\/?tribe_events=9-de-mayo-aniversario-de-la-victoria-sobre-el-nazi-fascismo","url":"https:\/\/www.uptos.edu.ve\/?tribe_events=9-de-mayo-aniversario-de-la-victoria-sobre-el-nazi-fascismo","name":"9 de mayo, aniversario de la victoria sobre el nazi-fascismo. - UPTOS Clodosbaldo Russi\u00e1n","isPartOf":{"@id":"\/#website"},"primaryImageOfPage":{"@id":"https:\/\/www.uptos.edu.ve\/?tribe_events=9-de-mayo-aniversario-de-la-victoria-sobre-el-nazi-fascismo#primaryimage"},"image":{"@id":"https:\/\/www.uptos.edu.ve\/?tribe_events=9-de-mayo-aniversario-de-la-victoria-sobre-el-nazi-fascismo#primaryimage"},"thumbnailUrl":"https:\/\/www.uptos.edu.ve\/wp-content\/uploads\/2024\/05\/fsrevx.jpg","datePublished":"2024-05-08T17:11:01+00:00","breadcrumb":{"@id":"https:\/\/www.uptos.edu.ve\/?tribe_events=9-de-mayo-aniversario-de-la-victoria-sobre-el-nazi-fascismo#breadcrumb"},"inLanguage":"es","potentialAction":[{"@type":"ReadAction","target":["https:\/\/www.uptos.edu.ve\/?tribe_events=9-de-mayo-aniversario-de-la-victoria-sobre-el-nazi-fascismo"]}]},{"@type":"ImageObject","inLanguage":"es","@id":"https:\/\/www.uptos.edu.ve\/?tribe_events=9-de-mayo-aniversario-de-la-victoria-sobre-el-nazi-fascismo#primaryimage","url":"https:\/\/www.uptos.edu.ve\/wp-content\/uploads\/2024\/05\/fsrevx.jpg","contentUrl":"https:\/\/www.uptos.edu.ve\/wp-content\/uploads\/2024\/05\/fsrevx.jpg","width":1080,"height":680},{"@type":"BreadcrumbList","@id":"https:\/\/www.uptos.edu.ve\/?tribe_events=9-de-mayo-aniversario-de-la-victoria-sobre-el-nazi-fascismo#breadcrumb","itemListElement":[{"@type":"ListItem","position":1,"name":"Home","item":"https:\/\/www.uptos.edu.ve\/"},{"@type":"ListItem","position":2,"name":"Eventos","item":"https:\/\/www.uptos.edu.ve\/?post_type=tribe_events"},{"@type":"ListItem","position":3,"name":"9 de mayo, aniversario de la victoria sobre el nazi-fascismo."}]},{"@type":"WebSite","@id":"\/#website","url":"\/","name":"UPTOS Clodosbaldo Russi\u00e1n","description":"Universidad Polit\u00e9cnica del Oeste de Sucre","publisher":{"@id":"\/#organization"},"potentialAction":[{"@type":"SearchAction","target":{"@type":"EntryPoint","urlTemplate":"\/?s={search_term_string}"},"query-input":{"@type":"PropertyValueSpecification","valueRequired":true,"valueName":"search_term_string"}}],"inLanguage":"es"},{"@type":"Organization","@id":"\/#organization","name":"UPTOS Clodosbaldo Russi\u00e1n","url":"\/","logo":{"@type":"ImageObject","inLanguage":"es","@id":"\/#\/schema\/logo\/image\/","url":"https:\/\/www.uptos.edu.ve\/wp-content\/uploads\/2026\/02\/cropped-cropped-WhatsApp-Image-2026-02-11-at-10.17.38-PM-1.jpeg","contentUrl":"https:\/\/www.uptos.edu.ve\/wp-content\/uploads\/2026\/02\/cropped-cropped-WhatsApp-Image-2026-02-11-at-10.17.38-PM-1.jpeg","width":1080,"height":73,"caption":"UPTOS Clodosbaldo Russi\u00e1n"},"image":{"@id":"\/#\/schema\/logo\/image\/"},"sameAs":["https:\/\/www.facebook.com\/people\/UPTOS-Clodosbaldo-Russin\/100070891114831\/","http:\/\/instagram.com\/uptoscr_oficial"]}]}},"_links":{"self":[{"href":"https:\/\/www.uptos.edu.ve\/index.php?rest_route=\/wp\/v2\/tribe_events\/14150","targetHints":{"allow":["GET"]}}],"collection":[{"href":"https:\/\/www.uptos.edu.ve\/index.php?rest_route=\/wp\/v2\/tribe_events"}],"about":[{"href":"https:\/\/www.uptos.edu.ve\/index.php?rest_route=\/wp\/v2\/types\/tribe_events"}],"author":[{"embeddable":true,"href":"https:\/\/www.uptos.edu.ve\/index.php?rest_route=\/wp\/v2\/users\/1"}],"version-history":[{"count":1,"href":"https:\/\/www.uptos.edu.ve\/index.php?rest_route=\/wp\/v2\/tribe_events\/14150\/revisions"}],"predecessor-version":[{"id":14152,"href":"https:\/\/www.uptos.edu.ve\/index.php?rest_route=\/wp\/v2\/tribe_events\/14150\/revisions\/14152"}],"wp:featuredmedia":[{"embeddable":true,"href":"https:\/\/www.uptos.edu.ve\/index.php?rest_route=\/wp\/v2\/media\/14151"}],"wp:attachment":[{"href":"https:\/\/www.uptos.edu.ve\/index.php?rest_route=%2Fwp%2Fv2%2Fmedia&parent=14150"}],"wp:term":[{"taxonomy":"post_tag","embeddable":true,"href":"https:\/\/www.uptos.edu.ve\/index.php?rest_route=%2Fwp%2Fv2%2Ftags&post=14150"},{"taxonomy":"tribe_events_cat","embeddable":true,"href":"https:\/\/www.uptos.edu.ve\/index.php?rest_route=%2Fwp%2Fv2%2Ftribe_events_cat&post=14150"}],"curies":[{"name":"wp","href":"https:\/\/api.w.org\/{rel}","templated":true}]}}

<p style="text-align: justify;"><span style="font-size: 12pt; color: #000000;">El 9 de mayo conmemoramos la victoria sobre el nazi-fascismo en la Segunda Guerra Mundial. Fue el día en que Alemania nazi se rindió ante la Unión Soviética en Berlín. Esta guerra, que duró desde 1939 hasta 1945, fue el conflicto más grande y sangriento de la historia moderna, cobrando la vida de aproximadamente 60 millones de personas. Recordamos el papel crucial de la Unión Soviética, el Ejército Rojo y el PCUS en la derrota del nazismo, así como la valentía de quienes lucharon por la liberación. Esta efeméride nos insta a recordar la historia para enfrentar el presente y construir un futuro mejor, libre de cualquier forma de opresión. ¡Gloria eterna a los héroes que lucharon por un mundo mejor!</span></p>

<p>El 9 de mayo conmemoramos la victoria sobre el nazi-fascismo en la Segunda Guerra Mundial. Fue el día en que Alemania nazi se rindió ante la Unión Soviética en Berlín.&hellip;</p>

<!-- This site is optimized with the Yoast SEO plugin v27.4 - https://yoast.com/product/yoast-seo-wordpress/ -->
<title>9 de mayo, aniversario de la victoria sobre el nazi-fascismo. - UPTOS Clodosbaldo Russián</title>
<meta name="robots" content="index, follow, max-snippet:-1, max-image-preview:large, max-video-preview:-1" />
<link rel="canonical" href="https://www.uptos.edu.ve/?tribe_events=9-de-mayo-aniversario-de-la-victoria-sobre-el-nazi-fascismo" />
<meta property="og:locale" content="es_ES" />
<meta property="og:type" content="article" />
<meta property="og:title" content="9 de mayo, aniversario de la victoria sobre el nazi-fascismo. - UPTOS Clodosbaldo Russián" />
<meta property="og:description" content="El 9 de mayo conmemoramos la victoria sobre el nazi-fascismo en la Segunda Guerra Mundial. Fue el día en que Alemania nazi se rindió ante la Unión Soviética en Berlín.&hellip;" />
<meta property="og:url" content="https://www.uptos.edu.ve/?tribe_events=9-de-mayo-aniversario-de-la-victoria-sobre-el-nazi-fascismo" />
<meta property="og:site_name" content="UPTOS Clodosbaldo Russián" />
<meta property="article:publisher" content="https://www.facebook.com/people/UPTOS-Clodosbaldo-Russin/100070891114831/" />
<meta property="og:image" content="https://www.uptos.edu.ve/wp-content/uploads/2024/05/fsrevx.jpg" />
	<meta property="og:image:width" content="1080" />
	<meta property="og:image:height" content="680" />
	<meta property="og:image:type" content="image/jpeg" />
<meta name="twitter:card" content="summary_large_image" />
<meta name="twitter:label1" content="Tiempo estimado de lectura" />
	<meta name="twitter:data1" content="1 minuto" />
<script type="application/ld+json" class="yoast-schema-graph">{"@context":"https:\/\/schema.org","@graph":[{"@type":"WebPage","@id":"https:\/\/www.uptos.edu.ve\/?tribe_events=9-de-mayo-aniversario-de-la-victoria-sobre-el-nazi-fascismo","url":"https:\/\/www.uptos.edu.ve\/?tribe_events=9-de-mayo-aniversario-de-la-victoria-sobre-el-nazi-fascismo","name":"9 de mayo, aniversario de la victoria sobre el nazi-fascismo. - UPTOS Clodosbaldo Russián","isPartOf":{"@id":"\/#website"},"primaryImageOfPage":{"@id":"https:\/\/www.uptos.edu.ve\/?tribe_events=9-de-mayo-aniversario-de-la-victoria-sobre-el-nazi-fascismo#primaryimage"},"image":{"@id":"https:\/\/www.uptos.edu.ve\/?tribe_events=9-de-mayo-aniversario-de-la-victoria-sobre-el-nazi-fascismo#primaryimage"},"thumbnailUrl":"https:\/\/www.uptos.edu.ve\/wp-content\/uploads\/2024\/05\/fsrevx.jpg","datePublished":"2024-05-08T17:11:01+00:00","breadcrumb":{"@id":"https:\/\/www.uptos.edu.ve\/?tribe_events=9-de-mayo-aniversario-de-la-victoria-sobre-el-nazi-fascismo#breadcrumb"},"inLanguage":"es","potentialAction":[{"@type":"ReadAction","target":["https:\/\/www.uptos.edu.ve\/?tribe_events=9-de-mayo-aniversario-de-la-victoria-sobre-el-nazi-fascismo"]}]},{"@type":"ImageObject","inLanguage":"es","@id":"https:\/\/www.uptos.edu.ve\/?tribe_events=9-de-mayo-aniversario-de-la-victoria-sobre-el-nazi-fascismo#primaryimage","url":"https:\/\/www.uptos.edu.ve\/wp-content\/uploads\/2024\/05\/fsrevx.jpg","contentUrl":"https:\/\/www.uptos.edu.ve\/wp-content\/uploads\/2024\/05\/fsrevx.jpg","width":1080,"height":680},{"@type":"BreadcrumbList","@id":"https:\/\/www.uptos.edu.ve\/?tribe_events=9-de-mayo-aniversario-de-la-victoria-sobre-el-nazi-fascismo#breadcrumb","itemListElement":[{"@type":"ListItem","position":1,"name":"Home","item":"https:\/\/www.uptos.edu.ve\/"},{"@type":"ListItem","position":2,"name":"Eventos","item":"https:\/\/www.uptos.edu.ve\/?post_type=tribe_events"},{"@type":"ListItem","position":3,"name":"9 de mayo, aniversario de la victoria sobre el nazi-fascismo."}]},{"@type":"WebSite","@id":"\/#website","url":"\/","name":"UPTOS Clodosbaldo Russián","description":"Universidad Politécnica del Oeste de Sucre","publisher":{"@id":"\/#organization"},"potentialAction":[{"@type":"SearchAction","target":{"@type":"EntryPoint","urlTemplate":"\/?s={search_term_string}"},"query-input":{"@type":"PropertyValueSpecification","valueRequired":true,"valueName":"search_term_string"}}],"inLanguage":"es"},{"@type":"Organization","@id":"\/#organization","name":"UPTOS Clodosbaldo Russián","url":"\/","logo":{"@type":"ImageObject","inLanguage":"es","@id":"\/#\/schema\/logo\/image\/","url":"https:\/\/www.uptos.edu.ve\/wp-content\/uploads\/2026\/02\/cropped-cropped-WhatsApp-Image-2026-02-11-at-10.17.38-PM-1.jpeg","contentUrl":"https:\/\/www.uptos.edu.ve\/wp-content\/uploads\/2026\/02\/cropped-cropped-WhatsApp-Image-2026-02-11-at-10.17.38-PM-1.jpeg","width":1080,"height":73,"caption":"UPTOS Clodosbaldo Russián"},"image":{"@id":"\/#\/schema\/logo\/image\/"},"sameAs":["https:\/\/www.facebook.com\/people\/UPTOS-Clodosbaldo-Russin\/100070891114831\/","http:\/\/instagram.com\/uptoscr_oficial"]}]}</script>
<!-- / Yoast SEO plugin. -->

9 de mayo, aniversario de la victoria sobre el nazi-fascismo. - UPTOS Clodosbaldo Russián

El 9 de mayo conmemoramos la victoria sobre el nazi-fascismo en la Segunda Guerra Mundial. Fue el día en que Alemania nazi se rindió ante la Unión Soviética en Berlín.&hellip;

UPTOS Clodosbaldo Russián

Universidad Politécnica del Oeste de Sucre
