{"id":13234,"date":"2024-03-13T11:32:51","date_gmt":"2024-03-13T15:32:51","guid":{"rendered":"https:\/\/www.uptos.edu.ve\/?post_type=tribe_events&#038;p=13234"},"modified":"2024-03-13T11:32:51","modified_gmt":"2024-03-13T15:32:51","slug":"conmemoramos-la-batalla-de-las-queseras-del-medio","status":"publish","type":"tribe_events","link":"https:\/\/www.uptos.edu.ve\/?tribe_events=conmemoramos-la-batalla-de-las-queseras-del-medio","title":{"rendered":"Conmemoramos la Batalla de Las Queseras del Medio"},"content":{"rendered":"<p style=\"text-align: justify;\"><span style=\"color: #000000; font-family: arial, helvetica, sans-serif;\"><span style=\"font-size: 12pt;\">La<\/span> <strong>Batalla de Las Queseras del Medio<\/strong> o <strong>Combate de la Mata del Herradero<\/strong> fue una destacada acci\u00f3n militar llevada a cabo el 2 de abril\u200b de 1819 en el actual estado <a style=\"color: #000000;\" href=\"https:\/\/es.wikipedia.org\/wiki\/Apure\">Apure<\/a> de <a style=\"color: #000000;\" href=\"https:\/\/es.wikipedia.org\/wiki\/Venezuela\">Venezuela<\/a> en la cual la historiograf\u00eda venezolana dice que el pr\u00f3cer de su independencia, <a style=\"color: #000000;\" href=\"https:\/\/es.wikipedia.org\/wiki\/Jos%C3%A9_Antonio_P%C3%A1ez\">Jos\u00e9 Antonio P\u00e1ez<\/a> acompa\u00f1ado de 153 lanceros gana la batalla contra 1.200 jinetes de caballer\u00eda de las fuerzas espa\u00f1olas siendo la m\u00e1s famosa <a style=\"color: #000000;\" href=\"https:\/\/es.wikipedia.org\/wiki\/Batalla\">batalla<\/a> comandada por P\u00e1ez y en donde se dicta la famosa frase: \u00ab\u00a1Vuelvan caras!\u00bb (t\u00e1ctica de contraataque de caballer\u00eda que simulaba una huida, com\u00fan en ambos bandos). Los autores espa\u00f1oles se refieren al combate de la Mata del Herradero como parte de la campa\u00f1a de Bol\u00edvar de marchas y sucesivos combates de desgaste en el interior de Venezuela<\/span>.<\/p>\n","protected":false},"excerpt":{"rendered":"<p>La Batalla de Las Queseras del Medio o Combate de la Mata del Herradero fue una destacada acci\u00f3n militar llevada a cabo el 2 de abril\u200b de 1819 en el&hellip;<\/p>\n","protected":false},"author":1,"featured_media":13235,"template":"","meta":{"_monsterinsights_skip_tracking":false,"_monsterinsights_sitenote_active":false,"_monsterinsights_sitenote_note":"","_monsterinsights_sitenote_category":0,"_tribe_events_status":"","_tribe_events_status_reason":"","footnotes":""},"tags":[],"tribe_events_cat":[],"class_list":["post-13234","tribe_events","type-tribe_events","status-publish","has-post-thumbnail","hentry"],"yoast_head":"<!-- This site is optimized with the Yoast SEO plugin v27.4 - https:\/\/yoast.com\/product\/yoast-seo-wordpress\/ -->\n<title>Conmemoramos la Batalla de Las Queseras del Medio - UPTOS Clodosbaldo Russi\u00e1n<\/title>\n<meta name=\"robots\" content=\"index, follow, max-snippet:-1, max-image-preview:large, max-video-preview:-1\" \/>\n<link rel=\"canonical\" href=\"https:\/\/www.uptos.edu.ve\/?tribe_events=conmemoramos-la-batalla-de-las-queseras-del-medio\" \/>\n<meta property=\"og:locale\" content=\"es_ES\" \/>\n<meta property=\"og:type\" content=\"article\" \/>\n<meta property=\"og:title\" content=\"Conmemoramos la Batalla de Las Queseras del Medio - UPTOS Clodosbaldo Russi\u00e1n\" \/>\n<meta property=\"og:description\" content=\"La Batalla de Las Queseras del Medio o Combate de la Mata del Herradero fue una destacada acci\u00f3n militar llevada a cabo el 2 de abril\u200b de 1819 en el&hellip;\" \/>\n<meta property=\"og:url\" content=\"https:\/\/www.uptos.edu.ve\/?tribe_events=conmemoramos-la-batalla-de-las-queseras-del-medio\" \/>\n<meta property=\"og:site_name\" content=\"UPTOS Clodosbaldo Russi\u00e1n\" \/>\n<meta property=\"article:publisher\" content=\"https:\/\/www.facebook.com\/people\/UPTOS-Clodosbaldo-Russin\/100070891114831\/\" \/>\n<meta property=\"og:image\" content=\"https:\/\/www.uptos.edu.ve\/wp-content\/uploads\/2024\/03\/Sin-titulox.jpeg\" \/>\n\t<meta property=\"og:image:width\" content=\"275\" \/>\n\t<meta property=\"og:image:height\" content=\"183\" \/>\n\t<meta property=\"og:image:type\" content=\"image\/jpeg\" \/>\n<meta name=\"twitter:card\" content=\"summary_large_image\" \/>\n<meta name=\"twitter:label1\" content=\"Tiempo estimado de lectura\" \/>\n\t<meta name=\"twitter:data1\" content=\"1 minuto\" \/>\n<script type=\"application\/ld+json\" class=\"yoast-schema-graph\">{\"@context\":\"https:\\\/\\\/schema.org\",\"@graph\":[{\"@type\":\"WebPage\",\"@id\":\"https:\\\/\\\/www.uptos.edu.ve\\\/?tribe_events=conmemoramos-la-batalla-de-las-queseras-del-medio\",\"url\":\"https:\\\/\\\/www.uptos.edu.ve\\\/?tribe_events=conmemoramos-la-batalla-de-las-queseras-del-medio\",\"name\":\"Conmemoramos la Batalla de Las Queseras del Medio - UPTOS Clodosbaldo Russi\u00e1n\",\"isPartOf\":{\"@id\":\"\\\/#website\"},\"primaryImageOfPage\":{\"@id\":\"https:\\\/\\\/www.uptos.edu.ve\\\/?tribe_events=conmemoramos-la-batalla-de-las-queseras-del-medio#primaryimage\"},\"image\":{\"@id\":\"https:\\\/\\\/www.uptos.edu.ve\\\/?tribe_events=conmemoramos-la-batalla-de-las-queseras-del-medio#primaryimage\"},\"thumbnailUrl\":\"https:\\\/\\\/www.uptos.edu.ve\\\/wp-content\\\/uploads\\\/2024\\\/03\\\/Sin-titulox.jpeg\",\"datePublished\":\"2024-03-13T15:32:51+00:00\",\"breadcrumb\":{\"@id\":\"https:\\\/\\\/www.uptos.edu.ve\\\/?tribe_events=conmemoramos-la-batalla-de-las-queseras-del-medio#breadcrumb\"},\"inLanguage\":\"es\",\"potentialAction\":[{\"@type\":\"ReadAction\",\"target\":[\"https:\\\/\\\/www.uptos.edu.ve\\\/?tribe_events=conmemoramos-la-batalla-de-las-queseras-del-medio\"]}]},{\"@type\":\"ImageObject\",\"inLanguage\":\"es\",\"@id\":\"https:\\\/\\\/www.uptos.edu.ve\\\/?tribe_events=conmemoramos-la-batalla-de-las-queseras-del-medio#primaryimage\",\"url\":\"https:\\\/\\\/www.uptos.edu.ve\\\/wp-content\\\/uploads\\\/2024\\\/03\\\/Sin-titulox.jpeg\",\"contentUrl\":\"https:\\\/\\\/www.uptos.edu.ve\\\/wp-content\\\/uploads\\\/2024\\\/03\\\/Sin-titulox.jpeg\",\"width\":275,\"height\":183},{\"@type\":\"BreadcrumbList\",\"@id\":\"https:\\\/\\\/www.uptos.edu.ve\\\/?tribe_events=conmemoramos-la-batalla-de-las-queseras-del-medio#breadcrumb\",\"itemListElement\":[{\"@type\":\"ListItem\",\"position\":1,\"name\":\"Home\",\"item\":\"https:\\\/\\\/www.uptos.edu.ve\\\/\"},{\"@type\":\"ListItem\",\"position\":2,\"name\":\"Eventos\",\"item\":\"https:\\\/\\\/www.uptos.edu.ve\\\/?post_type=tribe_events\"},{\"@type\":\"ListItem\",\"position\":3,\"name\":\"Conmemoramos la Batalla de Las Queseras del Medio\"}]},{\"@type\":\"WebSite\",\"@id\":\"\\\/#website\",\"url\":\"\\\/\",\"name\":\"UPTOS Clodosbaldo Russi\u00e1n\",\"description\":\"Universidad Polit\u00e9cnica del Oeste de Sucre\",\"publisher\":{\"@id\":\"\\\/#organization\"},\"potentialAction\":[{\"@type\":\"SearchAction\",\"target\":{\"@type\":\"EntryPoint\",\"urlTemplate\":\"\\\/?s={search_term_string}\"},\"query-input\":{\"@type\":\"PropertyValueSpecification\",\"valueRequired\":true,\"valueName\":\"search_term_string\"}}],\"inLanguage\":\"es\"},{\"@type\":\"Organization\",\"@id\":\"\\\/#organization\",\"name\":\"UPTOS Clodosbaldo Russi\u00e1n\",\"url\":\"\\\/\",\"logo\":{\"@type\":\"ImageObject\",\"inLanguage\":\"es\",\"@id\":\"\\\/#\\\/schema\\\/logo\\\/image\\\/\",\"url\":\"https:\\\/\\\/www.uptos.edu.ve\\\/wp-content\\\/uploads\\\/2026\\\/02\\\/cropped-cropped-WhatsApp-Image-2026-02-11-at-10.17.38-PM-1.jpeg\",\"contentUrl\":\"https:\\\/\\\/www.uptos.edu.ve\\\/wp-content\\\/uploads\\\/2026\\\/02\\\/cropped-cropped-WhatsApp-Image-2026-02-11-at-10.17.38-PM-1.jpeg\",\"width\":1080,\"height\":73,\"caption\":\"UPTOS Clodosbaldo Russi\u00e1n\"},\"image\":{\"@id\":\"\\\/#\\\/schema\\\/logo\\\/image\\\/\"},\"sameAs\":[\"https:\\\/\\\/www.facebook.com\\\/people\\\/UPTOS-Clodosbaldo-Russin\\\/100070891114831\\\/\",\"http:\\\/\\\/instagram.com\\\/uptoscr_oficial\"]}]}<\/script>\n<!-- \/ Yoast SEO plugin. -->","yoast_head_json":{"title":"Conmemoramos la Batalla de Las Queseras del Medio - UPTOS Clodosbaldo Russi\u00e1n","robots":{"index":"index","follow":"follow","max-snippet":"max-snippet:-1","max-image-preview":"max-image-preview:large","max-video-preview":"max-video-preview:-1"},"canonical":"https:\/\/www.uptos.edu.ve\/?tribe_events=conmemoramos-la-batalla-de-las-queseras-del-medio","og_locale":"es_ES","og_type":"article","og_title":"Conmemoramos la Batalla de Las Queseras del Medio - UPTOS Clodosbaldo Russi\u00e1n","og_description":"La Batalla de Las Queseras del Medio o Combate de la Mata del Herradero fue una destacada acci\u00f3n militar llevada a cabo el 2 de abril\u200b de 1819 en el&hellip;","og_url":"https:\/\/www.uptos.edu.ve\/?tribe_events=conmemoramos-la-batalla-de-las-queseras-del-medio","og_site_name":"UPTOS Clodosbaldo Russi\u00e1n","article_publisher":"https:\/\/www.facebook.com\/people\/UPTOS-Clodosbaldo-Russin\/100070891114831\/","og_image":[{"width":275,"height":183,"url":"https:\/\/www.uptos.edu.ve\/wp-content\/uploads\/2024\/03\/Sin-titulox.jpeg","type":"image\/jpeg"}],"twitter_card":"summary_large_image","twitter_misc":{"Tiempo estimado de lectura":"1 minuto"},"schema":{"@context":"https:\/\/schema.org","@graph":[{"@type":"WebPage","@id":"https:\/\/www.uptos.edu.ve\/?tribe_events=conmemoramos-la-batalla-de-las-queseras-del-medio","url":"https:\/\/www.uptos.edu.ve\/?tribe_events=conmemoramos-la-batalla-de-las-queseras-del-medio","name":"Conmemoramos la Batalla de Las Queseras del Medio - UPTOS Clodosbaldo Russi\u00e1n","isPartOf":{"@id":"\/#website"},"primaryImageOfPage":{"@id":"https:\/\/www.uptos.edu.ve\/?tribe_events=conmemoramos-la-batalla-de-las-queseras-del-medio#primaryimage"},"image":{"@id":"https:\/\/www.uptos.edu.ve\/?tribe_events=conmemoramos-la-batalla-de-las-queseras-del-medio#primaryimage"},"thumbnailUrl":"https:\/\/www.uptos.edu.ve\/wp-content\/uploads\/2024\/03\/Sin-titulox.jpeg","datePublished":"2024-03-13T15:32:51+00:00","breadcrumb":{"@id":"https:\/\/www.uptos.edu.ve\/?tribe_events=conmemoramos-la-batalla-de-las-queseras-del-medio#breadcrumb"},"inLanguage":"es","potentialAction":[{"@type":"ReadAction","target":["https:\/\/www.uptos.edu.ve\/?tribe_events=conmemoramos-la-batalla-de-las-queseras-del-medio"]}]},{"@type":"ImageObject","inLanguage":"es","@id":"https:\/\/www.uptos.edu.ve\/?tribe_events=conmemoramos-la-batalla-de-las-queseras-del-medio#primaryimage","url":"https:\/\/www.uptos.edu.ve\/wp-content\/uploads\/2024\/03\/Sin-titulox.jpeg","contentUrl":"https:\/\/www.uptos.edu.ve\/wp-content\/uploads\/2024\/03\/Sin-titulox.jpeg","width":275,"height":183},{"@type":"BreadcrumbList","@id":"https:\/\/www.uptos.edu.ve\/?tribe_events=conmemoramos-la-batalla-de-las-queseras-del-medio#breadcrumb","itemListElement":[{"@type":"ListItem","position":1,"name":"Home","item":"https:\/\/www.uptos.edu.ve\/"},{"@type":"ListItem","position":2,"name":"Eventos","item":"https:\/\/www.uptos.edu.ve\/?post_type=tribe_events"},{"@type":"ListItem","position":3,"name":"Conmemoramos la Batalla de Las Queseras del Medio"}]},{"@type":"WebSite","@id":"\/#website","url":"\/","name":"UPTOS Clodosbaldo Russi\u00e1n","description":"Universidad Polit\u00e9cnica del Oeste de Sucre","publisher":{"@id":"\/#organization"},"potentialAction":[{"@type":"SearchAction","target":{"@type":"EntryPoint","urlTemplate":"\/?s={search_term_string}"},"query-input":{"@type":"PropertyValueSpecification","valueRequired":true,"valueName":"search_term_string"}}],"inLanguage":"es"},{"@type":"Organization","@id":"\/#organization","name":"UPTOS Clodosbaldo Russi\u00e1n","url":"\/","logo":{"@type":"ImageObject","inLanguage":"es","@id":"\/#\/schema\/logo\/image\/","url":"https:\/\/www.uptos.edu.ve\/wp-content\/uploads\/2026\/02\/cropped-cropped-WhatsApp-Image-2026-02-11-at-10.17.38-PM-1.jpeg","contentUrl":"https:\/\/www.uptos.edu.ve\/wp-content\/uploads\/2026\/02\/cropped-cropped-WhatsApp-Image-2026-02-11-at-10.17.38-PM-1.jpeg","width":1080,"height":73,"caption":"UPTOS Clodosbaldo Russi\u00e1n"},"image":{"@id":"\/#\/schema\/logo\/image\/"},"sameAs":["https:\/\/www.facebook.com\/people\/UPTOS-Clodosbaldo-Russin\/100070891114831\/","http:\/\/instagram.com\/uptoscr_oficial"]}]}},"_links":{"self":[{"href":"https:\/\/www.uptos.edu.ve\/index.php?rest_route=\/wp\/v2\/tribe_events\/13234","targetHints":{"allow":["GET"]}}],"collection":[{"href":"https:\/\/www.uptos.edu.ve\/index.php?rest_route=\/wp\/v2\/tribe_events"}],"about":[{"href":"https:\/\/www.uptos.edu.ve\/index.php?rest_route=\/wp\/v2\/types\/tribe_events"}],"author":[{"embeddable":true,"href":"https:\/\/www.uptos.edu.ve\/index.php?rest_route=\/wp\/v2\/users\/1"}],"version-history":[{"count":1,"href":"https:\/\/www.uptos.edu.ve\/index.php?rest_route=\/wp\/v2\/tribe_events\/13234\/revisions"}],"predecessor-version":[{"id":13236,"href":"https:\/\/www.uptos.edu.ve\/index.php?rest_route=\/wp\/v2\/tribe_events\/13234\/revisions\/13236"}],"wp:featuredmedia":[{"embeddable":true,"href":"https:\/\/www.uptos.edu.ve\/index.php?rest_route=\/wp\/v2\/media\/13235"}],"wp:attachment":[{"href":"https:\/\/www.uptos.edu.ve\/index.php?rest_route=%2Fwp%2Fv2%2Fmedia&parent=13234"}],"wp:term":[{"taxonomy":"post_tag","embeddable":true,"href":"https:\/\/www.uptos.edu.ve\/index.php?rest_route=%2Fwp%2Fv2%2Ftags&post=13234"},{"taxonomy":"tribe_events_cat","embeddable":true,"href":"https:\/\/www.uptos.edu.ve\/index.php?rest_route=%2Fwp%2Fv2%2Ftribe_events_cat&post=13234"}],"curies":[{"name":"wp","href":"https:\/\/api.w.org\/{rel}","templated":true}]}}

<p style="text-align: justify;"><span style="color: #000000; font-family: arial, helvetica, sans-serif;"><span style="font-size: 12pt;">La</span> <strong>Batalla de Las Queseras del Medio</strong> o <strong>Combate de la Mata del Herradero</strong> fue una destacada acción militar llevada a cabo el 2 de abril​ de 1819 en el actual estado <a style="color: #000000;" href="https://es.wikipedia.org/wiki/Apure">Apure</a> de <a style="color: #000000;" href="https://es.wikipedia.org/wiki/Venezuela">Venezuela</a> en la cual la historiografía venezolana dice que el prócer de su independencia, <a style="color: #000000;" href="https://es.wikipedia.org/wiki/Jos%C3%A9_Antonio_P%C3%A1ez">José Antonio Páez</a> acompañado de 153 lanceros gana la batalla contra 1.200 jinetes de caballería de las fuerzas españolas siendo la más famosa <a style="color: #000000;" href="https://es.wikipedia.org/wiki/Batalla">batalla</a> comandada por Páez y en donde se dicta la famosa frase: «¡Vuelvan caras!» (táctica de contraataque de caballería que simulaba una huida, común en ambos bandos). Los autores españoles se refieren al combate de la Mata del Herradero como parte de la campaña de Bolívar de marchas y sucesivos combates de desgaste en el interior de Venezuela</span>.</p>

<p>La Batalla de Las Queseras del Medio o Combate de la Mata del Herradero fue una destacada acción militar llevada a cabo el 2 de abril​ de 1819 en el&hellip;</p>

<!-- This site is optimized with the Yoast SEO plugin v27.4 - https://yoast.com/product/yoast-seo-wordpress/ -->
<title>Conmemoramos la Batalla de Las Queseras del Medio - UPTOS Clodosbaldo Russián</title>
<meta name="robots" content="index, follow, max-snippet:-1, max-image-preview:large, max-video-preview:-1" />
<link rel="canonical" href="https://www.uptos.edu.ve/?tribe_events=conmemoramos-la-batalla-de-las-queseras-del-medio" />
<meta property="og:locale" content="es_ES" />
<meta property="og:type" content="article" />
<meta property="og:title" content="Conmemoramos la Batalla de Las Queseras del Medio - UPTOS Clodosbaldo Russián" />
<meta property="og:description" content="La Batalla de Las Queseras del Medio o Combate de la Mata del Herradero fue una destacada acción militar llevada a cabo el 2 de abril​ de 1819 en el&hellip;" />
<meta property="og:url" content="https://www.uptos.edu.ve/?tribe_events=conmemoramos-la-batalla-de-las-queseras-del-medio" />
<meta property="og:site_name" content="UPTOS Clodosbaldo Russián" />
<meta property="article:publisher" content="https://www.facebook.com/people/UPTOS-Clodosbaldo-Russin/100070891114831/" />
<meta property="og:image" content="https://www.uptos.edu.ve/wp-content/uploads/2024/03/Sin-titulox.jpeg" />
	<meta property="og:image:width" content="275" />
	<meta property="og:image:height" content="183" />
	<meta property="og:image:type" content="image/jpeg" />
<meta name="twitter:card" content="summary_large_image" />
<meta name="twitter:label1" content="Tiempo estimado de lectura" />
	<meta name="twitter:data1" content="1 minuto" />
<script type="application/ld+json" class="yoast-schema-graph">{"@context":"https:\/\/schema.org","@graph":[{"@type":"WebPage","@id":"https:\/\/www.uptos.edu.ve\/?tribe_events=conmemoramos-la-batalla-de-las-queseras-del-medio","url":"https:\/\/www.uptos.edu.ve\/?tribe_events=conmemoramos-la-batalla-de-las-queseras-del-medio","name":"Conmemoramos la Batalla de Las Queseras del Medio - UPTOS Clodosbaldo Russián","isPartOf":{"@id":"\/#website"},"primaryImageOfPage":{"@id":"https:\/\/www.uptos.edu.ve\/?tribe_events=conmemoramos-la-batalla-de-las-queseras-del-medio#primaryimage"},"image":{"@id":"https:\/\/www.uptos.edu.ve\/?tribe_events=conmemoramos-la-batalla-de-las-queseras-del-medio#primaryimage"},"thumbnailUrl":"https:\/\/www.uptos.edu.ve\/wp-content\/uploads\/2024\/03\/Sin-titulox.jpeg","datePublished":"2024-03-13T15:32:51+00:00","breadcrumb":{"@id":"https:\/\/www.uptos.edu.ve\/?tribe_events=conmemoramos-la-batalla-de-las-queseras-del-medio#breadcrumb"},"inLanguage":"es","potentialAction":[{"@type":"ReadAction","target":["https:\/\/www.uptos.edu.ve\/?tribe_events=conmemoramos-la-batalla-de-las-queseras-del-medio"]}]},{"@type":"ImageObject","inLanguage":"es","@id":"https:\/\/www.uptos.edu.ve\/?tribe_events=conmemoramos-la-batalla-de-las-queseras-del-medio#primaryimage","url":"https:\/\/www.uptos.edu.ve\/wp-content\/uploads\/2024\/03\/Sin-titulox.jpeg","contentUrl":"https:\/\/www.uptos.edu.ve\/wp-content\/uploads\/2024\/03\/Sin-titulox.jpeg","width":275,"height":183},{"@type":"BreadcrumbList","@id":"https:\/\/www.uptos.edu.ve\/?tribe_events=conmemoramos-la-batalla-de-las-queseras-del-medio#breadcrumb","itemListElement":[{"@type":"ListItem","position":1,"name":"Home","item":"https:\/\/www.uptos.edu.ve\/"},{"@type":"ListItem","position":2,"name":"Eventos","item":"https:\/\/www.uptos.edu.ve\/?post_type=tribe_events"},{"@type":"ListItem","position":3,"name":"Conmemoramos la Batalla de Las Queseras del Medio"}]},{"@type":"WebSite","@id":"\/#website","url":"\/","name":"UPTOS Clodosbaldo Russián","description":"Universidad Politécnica del Oeste de Sucre","publisher":{"@id":"\/#organization"},"potentialAction":[{"@type":"SearchAction","target":{"@type":"EntryPoint","urlTemplate":"\/?s={search_term_string}"},"query-input":{"@type":"PropertyValueSpecification","valueRequired":true,"valueName":"search_term_string"}}],"inLanguage":"es"},{"@type":"Organization","@id":"\/#organization","name":"UPTOS Clodosbaldo Russián","url":"\/","logo":{"@type":"ImageObject","inLanguage":"es","@id":"\/#\/schema\/logo\/image\/","url":"https:\/\/www.uptos.edu.ve\/wp-content\/uploads\/2026\/02\/cropped-cropped-WhatsApp-Image-2026-02-11-at-10.17.38-PM-1.jpeg","contentUrl":"https:\/\/www.uptos.edu.ve\/wp-content\/uploads\/2026\/02\/cropped-cropped-WhatsApp-Image-2026-02-11-at-10.17.38-PM-1.jpeg","width":1080,"height":73,"caption":"UPTOS Clodosbaldo Russián"},"image":{"@id":"\/#\/schema\/logo\/image\/"},"sameAs":["https:\/\/www.facebook.com\/people\/UPTOS-Clodosbaldo-Russin\/100070891114831\/","http:\/\/instagram.com\/uptoscr_oficial"]}]}</script>
<!-- / Yoast SEO plugin. -->

Conmemoramos la Batalla de Las Queseras del Medio - UPTOS Clodosbaldo Russián

La Batalla de Las Queseras del Medio o Combate de la Mata del Herradero fue una destacada acción militar llevada a cabo el 2 de abril​ de 1819 en el&hellip;

UPTOS Clodosbaldo Russián

Universidad Politécnica del Oeste de Sucre
