{"id":13231,"date":"2024-03-13T11:10:20","date_gmt":"2024-03-13T15:10:20","guid":{"rendered":"https:\/\/www.uptos.edu.ve\/?post_type=tribe_events&#038;p=13231"},"modified":"2024-03-13T11:10:20","modified_gmt":"2024-03-13T15:10:20","slug":"dia-mundial-de-concienciacion-sobre-el-autismo","status":"publish","type":"tribe_events","link":"https:\/\/www.uptos.edu.ve\/?tribe_events=dia-mundial-de-concienciacion-sobre-el-autismo","title":{"rendered":"D\u00eda Mundial de Concienciaci\u00f3n sobre el autismo"},"content":{"rendered":"<p style=\"text-align: justify;\"><span style=\"font-size: 12pt; font-family: arial, helvetica, sans-serif; color: #000000;\">El <strong>D\u00eda Mundial de Concienciaci\u00f3n sobre el autismo<\/strong> se celebra el 2 de abril. Fue creada por la <a style=\"color: #000000;\" href=\"https:\/\/es.wikipedia.org\/wiki\/Asamblea_General_de_las_Naciones_Unidas\">Asamblea General de las Naciones Unidas<\/a>, para poner de relieve la necesidad de contribuir a la mejora de la calidad de vida de las personas con autismo, para que puedan llevar una vida plena y gratificante como parte integrante de la sociedad.<\/span><\/p>\n","protected":false},"excerpt":{"rendered":"<p>El D\u00eda Mundial de Concienciaci\u00f3n sobre el autismo se celebra el 2 de abril. Fue creada por la Asamblea General de las Naciones Unidas, para poner de relieve la necesidad&hellip;<\/p>\n","protected":false},"author":1,"featured_media":13232,"template":"","meta":{"_monsterinsights_skip_tracking":false,"_monsterinsights_sitenote_active":false,"_monsterinsights_sitenote_note":"","_monsterinsights_sitenote_category":0,"_tribe_events_status":"","_tribe_events_status_reason":"","footnotes":""},"tags":[],"tribe_events_cat":[],"class_list":["post-13231","tribe_events","type-tribe_events","status-publish","has-post-thumbnail","hentry"],"yoast_head":"<!-- This site is optimized with the Yoast SEO plugin v27.4 - https:\/\/yoast.com\/product\/yoast-seo-wordpress\/ -->\n<title>D\u00eda Mundial de Concienciaci\u00f3n sobre el autismo - UPTOS Clodosbaldo Russi\u00e1n<\/title>\n<meta name=\"robots\" content=\"index, follow, max-snippet:-1, max-image-preview:large, max-video-preview:-1\" \/>\n<link rel=\"canonical\" href=\"https:\/\/www.uptos.edu.ve\/?tribe_events=dia-mundial-de-concienciacion-sobre-el-autismo\" \/>\n<meta property=\"og:locale\" content=\"es_ES\" \/>\n<meta property=\"og:type\" content=\"article\" \/>\n<meta property=\"og:title\" content=\"D\u00eda Mundial de Concienciaci\u00f3n sobre el autismo - UPTOS Clodosbaldo Russi\u00e1n\" \/>\n<meta property=\"og:description\" content=\"El D\u00eda Mundial de Concienciaci\u00f3n sobre el autismo se celebra el 2 de abril. Fue creada por la Asamblea General de las Naciones Unidas, para poner de relieve la necesidad&hellip;\" \/>\n<meta property=\"og:url\" content=\"https:\/\/www.uptos.edu.ve\/?tribe_events=dia-mundial-de-concienciacion-sobre-el-autismo\" \/>\n<meta property=\"og:site_name\" content=\"UPTOS Clodosbaldo Russi\u00e1n\" \/>\n<meta property=\"article:publisher\" content=\"https:\/\/www.facebook.com\/people\/UPTOS-Clodosbaldo-Russin\/100070891114831\/\" \/>\n<meta property=\"og:image\" content=\"https:\/\/www.uptos.edu.ve\/wp-content\/uploads\/2024\/03\/Sin-titulo-1232.jpg\" \/>\n\t<meta property=\"og:image:width\" content=\"1076\" \/>\n\t<meta property=\"og:image:height\" content=\"1077\" \/>\n\t<meta property=\"og:image:type\" content=\"image\/jpeg\" \/>\n<meta name=\"twitter:card\" content=\"summary_large_image\" \/>\n<meta name=\"twitter:label1\" content=\"Tiempo estimado de lectura\" \/>\n\t<meta name=\"twitter:data1\" content=\"1 minuto\" \/>\n<script type=\"application\/ld+json\" class=\"yoast-schema-graph\">{\"@context\":\"https:\\\/\\\/schema.org\",\"@graph\":[{\"@type\":\"WebPage\",\"@id\":\"https:\\\/\\\/www.uptos.edu.ve\\\/?tribe_events=dia-mundial-de-concienciacion-sobre-el-autismo\",\"url\":\"https:\\\/\\\/www.uptos.edu.ve\\\/?tribe_events=dia-mundial-de-concienciacion-sobre-el-autismo\",\"name\":\"D\u00eda Mundial de Concienciaci\u00f3n sobre el autismo - UPTOS Clodosbaldo Russi\u00e1n\",\"isPartOf\":{\"@id\":\"\\\/#website\"},\"primaryImageOfPage\":{\"@id\":\"https:\\\/\\\/www.uptos.edu.ve\\\/?tribe_events=dia-mundial-de-concienciacion-sobre-el-autismo#primaryimage\"},\"image\":{\"@id\":\"https:\\\/\\\/www.uptos.edu.ve\\\/?tribe_events=dia-mundial-de-concienciacion-sobre-el-autismo#primaryimage\"},\"thumbnailUrl\":\"https:\\\/\\\/www.uptos.edu.ve\\\/wp-content\\\/uploads\\\/2024\\\/03\\\/Sin-titulo-1232.jpg\",\"datePublished\":\"2024-03-13T15:10:20+00:00\",\"breadcrumb\":{\"@id\":\"https:\\\/\\\/www.uptos.edu.ve\\\/?tribe_events=dia-mundial-de-concienciacion-sobre-el-autismo#breadcrumb\"},\"inLanguage\":\"es\",\"potentialAction\":[{\"@type\":\"ReadAction\",\"target\":[\"https:\\\/\\\/www.uptos.edu.ve\\\/?tribe_events=dia-mundial-de-concienciacion-sobre-el-autismo\"]}]},{\"@type\":\"ImageObject\",\"inLanguage\":\"es\",\"@id\":\"https:\\\/\\\/www.uptos.edu.ve\\\/?tribe_events=dia-mundial-de-concienciacion-sobre-el-autismo#primaryimage\",\"url\":\"https:\\\/\\\/www.uptos.edu.ve\\\/wp-content\\\/uploads\\\/2024\\\/03\\\/Sin-titulo-1232.jpg\",\"contentUrl\":\"https:\\\/\\\/www.uptos.edu.ve\\\/wp-content\\\/uploads\\\/2024\\\/03\\\/Sin-titulo-1232.jpg\",\"width\":1076,\"height\":1077},{\"@type\":\"BreadcrumbList\",\"@id\":\"https:\\\/\\\/www.uptos.edu.ve\\\/?tribe_events=dia-mundial-de-concienciacion-sobre-el-autismo#breadcrumb\",\"itemListElement\":[{\"@type\":\"ListItem\",\"position\":1,\"name\":\"Home\",\"item\":\"https:\\\/\\\/www.uptos.edu.ve\\\/\"},{\"@type\":\"ListItem\",\"position\":2,\"name\":\"Eventos\",\"item\":\"https:\\\/\\\/www.uptos.edu.ve\\\/?post_type=tribe_events\"},{\"@type\":\"ListItem\",\"position\":3,\"name\":\"D\u00eda Mundial de Concienciaci\u00f3n sobre el autismo\"}]},{\"@type\":\"WebSite\",\"@id\":\"\\\/#website\",\"url\":\"\\\/\",\"name\":\"UPTOS Clodosbaldo Russi\u00e1n\",\"description\":\"Universidad Polit\u00e9cnica del Oeste de Sucre\",\"publisher\":{\"@id\":\"\\\/#organization\"},\"potentialAction\":[{\"@type\":\"SearchAction\",\"target\":{\"@type\":\"EntryPoint\",\"urlTemplate\":\"\\\/?s={search_term_string}\"},\"query-input\":{\"@type\":\"PropertyValueSpecification\",\"valueRequired\":true,\"valueName\":\"search_term_string\"}}],\"inLanguage\":\"es\"},{\"@type\":\"Organization\",\"@id\":\"\\\/#organization\",\"name\":\"UPTOS Clodosbaldo Russi\u00e1n\",\"url\":\"\\\/\",\"logo\":{\"@type\":\"ImageObject\",\"inLanguage\":\"es\",\"@id\":\"\\\/#\\\/schema\\\/logo\\\/image\\\/\",\"url\":\"https:\\\/\\\/www.uptos.edu.ve\\\/wp-content\\\/uploads\\\/2026\\\/02\\\/cropped-cropped-WhatsApp-Image-2026-02-11-at-10.17.38-PM-1.jpeg\",\"contentUrl\":\"https:\\\/\\\/www.uptos.edu.ve\\\/wp-content\\\/uploads\\\/2026\\\/02\\\/cropped-cropped-WhatsApp-Image-2026-02-11-at-10.17.38-PM-1.jpeg\",\"width\":1080,\"height\":73,\"caption\":\"UPTOS Clodosbaldo Russi\u00e1n\"},\"image\":{\"@id\":\"\\\/#\\\/schema\\\/logo\\\/image\\\/\"},\"sameAs\":[\"https:\\\/\\\/www.facebook.com\\\/people\\\/UPTOS-Clodosbaldo-Russin\\\/100070891114831\\\/\",\"http:\\\/\\\/instagram.com\\\/uptoscr_oficial\"]}]}<\/script>\n<!-- \/ Yoast SEO plugin. -->","yoast_head_json":{"title":"D\u00eda Mundial de Concienciaci\u00f3n sobre el autismo - UPTOS Clodosbaldo Russi\u00e1n","robots":{"index":"index","follow":"follow","max-snippet":"max-snippet:-1","max-image-preview":"max-image-preview:large","max-video-preview":"max-video-preview:-1"},"canonical":"https:\/\/www.uptos.edu.ve\/?tribe_events=dia-mundial-de-concienciacion-sobre-el-autismo","og_locale":"es_ES","og_type":"article","og_title":"D\u00eda Mundial de Concienciaci\u00f3n sobre el autismo - UPTOS Clodosbaldo Russi\u00e1n","og_description":"El D\u00eda Mundial de Concienciaci\u00f3n sobre el autismo se celebra el 2 de abril. Fue creada por la Asamblea General de las Naciones Unidas, para poner de relieve la necesidad&hellip;","og_url":"https:\/\/www.uptos.edu.ve\/?tribe_events=dia-mundial-de-concienciacion-sobre-el-autismo","og_site_name":"UPTOS Clodosbaldo Russi\u00e1n","article_publisher":"https:\/\/www.facebook.com\/people\/UPTOS-Clodosbaldo-Russin\/100070891114831\/","og_image":[{"width":1076,"height":1077,"url":"https:\/\/www.uptos.edu.ve\/wp-content\/uploads\/2024\/03\/Sin-titulo-1232.jpg","type":"image\/jpeg"}],"twitter_card":"summary_large_image","twitter_misc":{"Tiempo estimado de lectura":"1 minuto"},"schema":{"@context":"https:\/\/schema.org","@graph":[{"@type":"WebPage","@id":"https:\/\/www.uptos.edu.ve\/?tribe_events=dia-mundial-de-concienciacion-sobre-el-autismo","url":"https:\/\/www.uptos.edu.ve\/?tribe_events=dia-mundial-de-concienciacion-sobre-el-autismo","name":"D\u00eda Mundial de Concienciaci\u00f3n sobre el autismo - UPTOS Clodosbaldo Russi\u00e1n","isPartOf":{"@id":"\/#website"},"primaryImageOfPage":{"@id":"https:\/\/www.uptos.edu.ve\/?tribe_events=dia-mundial-de-concienciacion-sobre-el-autismo#primaryimage"},"image":{"@id":"https:\/\/www.uptos.edu.ve\/?tribe_events=dia-mundial-de-concienciacion-sobre-el-autismo#primaryimage"},"thumbnailUrl":"https:\/\/www.uptos.edu.ve\/wp-content\/uploads\/2024\/03\/Sin-titulo-1232.jpg","datePublished":"2024-03-13T15:10:20+00:00","breadcrumb":{"@id":"https:\/\/www.uptos.edu.ve\/?tribe_events=dia-mundial-de-concienciacion-sobre-el-autismo#breadcrumb"},"inLanguage":"es","potentialAction":[{"@type":"ReadAction","target":["https:\/\/www.uptos.edu.ve\/?tribe_events=dia-mundial-de-concienciacion-sobre-el-autismo"]}]},{"@type":"ImageObject","inLanguage":"es","@id":"https:\/\/www.uptos.edu.ve\/?tribe_events=dia-mundial-de-concienciacion-sobre-el-autismo#primaryimage","url":"https:\/\/www.uptos.edu.ve\/wp-content\/uploads\/2024\/03\/Sin-titulo-1232.jpg","contentUrl":"https:\/\/www.uptos.edu.ve\/wp-content\/uploads\/2024\/03\/Sin-titulo-1232.jpg","width":1076,"height":1077},{"@type":"BreadcrumbList","@id":"https:\/\/www.uptos.edu.ve\/?tribe_events=dia-mundial-de-concienciacion-sobre-el-autismo#breadcrumb","itemListElement":[{"@type":"ListItem","position":1,"name":"Home","item":"https:\/\/www.uptos.edu.ve\/"},{"@type":"ListItem","position":2,"name":"Eventos","item":"https:\/\/www.uptos.edu.ve\/?post_type=tribe_events"},{"@type":"ListItem","position":3,"name":"D\u00eda Mundial de Concienciaci\u00f3n sobre el autismo"}]},{"@type":"WebSite","@id":"\/#website","url":"\/","name":"UPTOS Clodosbaldo Russi\u00e1n","description":"Universidad Polit\u00e9cnica del Oeste de Sucre","publisher":{"@id":"\/#organization"},"potentialAction":[{"@type":"SearchAction","target":{"@type":"EntryPoint","urlTemplate":"\/?s={search_term_string}"},"query-input":{"@type":"PropertyValueSpecification","valueRequired":true,"valueName":"search_term_string"}}],"inLanguage":"es"},{"@type":"Organization","@id":"\/#organization","name":"UPTOS Clodosbaldo Russi\u00e1n","url":"\/","logo":{"@type":"ImageObject","inLanguage":"es","@id":"\/#\/schema\/logo\/image\/","url":"https:\/\/www.uptos.edu.ve\/wp-content\/uploads\/2026\/02\/cropped-cropped-WhatsApp-Image-2026-02-11-at-10.17.38-PM-1.jpeg","contentUrl":"https:\/\/www.uptos.edu.ve\/wp-content\/uploads\/2026\/02\/cropped-cropped-WhatsApp-Image-2026-02-11-at-10.17.38-PM-1.jpeg","width":1080,"height":73,"caption":"UPTOS Clodosbaldo Russi\u00e1n"},"image":{"@id":"\/#\/schema\/logo\/image\/"},"sameAs":["https:\/\/www.facebook.com\/people\/UPTOS-Clodosbaldo-Russin\/100070891114831\/","http:\/\/instagram.com\/uptoscr_oficial"]}]}},"_links":{"self":[{"href":"https:\/\/www.uptos.edu.ve\/index.php?rest_route=\/wp\/v2\/tribe_events\/13231","targetHints":{"allow":["GET"]}}],"collection":[{"href":"https:\/\/www.uptos.edu.ve\/index.php?rest_route=\/wp\/v2\/tribe_events"}],"about":[{"href":"https:\/\/www.uptos.edu.ve\/index.php?rest_route=\/wp\/v2\/types\/tribe_events"}],"author":[{"embeddable":true,"href":"https:\/\/www.uptos.edu.ve\/index.php?rest_route=\/wp\/v2\/users\/1"}],"version-history":[{"count":1,"href":"https:\/\/www.uptos.edu.ve\/index.php?rest_route=\/wp\/v2\/tribe_events\/13231\/revisions"}],"predecessor-version":[{"id":13233,"href":"https:\/\/www.uptos.edu.ve\/index.php?rest_route=\/wp\/v2\/tribe_events\/13231\/revisions\/13233"}],"wp:featuredmedia":[{"embeddable":true,"href":"https:\/\/www.uptos.edu.ve\/index.php?rest_route=\/wp\/v2\/media\/13232"}],"wp:attachment":[{"href":"https:\/\/www.uptos.edu.ve\/index.php?rest_route=%2Fwp%2Fv2%2Fmedia&parent=13231"}],"wp:term":[{"taxonomy":"post_tag","embeddable":true,"href":"https:\/\/www.uptos.edu.ve\/index.php?rest_route=%2Fwp%2Fv2%2Ftags&post=13231"},{"taxonomy":"tribe_events_cat","embeddable":true,"href":"https:\/\/www.uptos.edu.ve\/index.php?rest_route=%2Fwp%2Fv2%2Ftribe_events_cat&post=13231"}],"curies":[{"name":"wp","href":"https:\/\/api.w.org\/{rel}","templated":true}]}}

Día Mundial de Concienciación sobre el autismo

<p style="text-align: justify;"><span style="font-size: 12pt; font-family: arial, helvetica, sans-serif; color: #000000;">El <strong>Día Mundial de Concienciación sobre el autismo</strong> se celebra el 2 de abril. Fue creada por la <a style="color: #000000;" href="https://es.wikipedia.org/wiki/Asamblea_General_de_las_Naciones_Unidas">Asamblea General de las Naciones Unidas</a>, para poner de relieve la necesidad de contribuir a la mejora de la calidad de vida de las personas con autismo, para que puedan llevar una vida plena y gratificante como parte integrante de la sociedad.</span></p>

<p>El Día Mundial de Concienciación sobre el autismo se celebra el 2 de abril. Fue creada por la Asamblea General de las Naciones Unidas, para poner de relieve la necesidad&hellip;</p>

<!-- This site is optimized with the Yoast SEO plugin v27.4 - https://yoast.com/product/yoast-seo-wordpress/ -->
<title>Día Mundial de Concienciación sobre el autismo - UPTOS Clodosbaldo Russián</title>
<meta name="robots" content="index, follow, max-snippet:-1, max-image-preview:large, max-video-preview:-1" />
<link rel="canonical" href="https://www.uptos.edu.ve/?tribe_events=dia-mundial-de-concienciacion-sobre-el-autismo" />
<meta property="og:locale" content="es_ES" />
<meta property="og:type" content="article" />
<meta property="og:title" content="Día Mundial de Concienciación sobre el autismo - UPTOS Clodosbaldo Russián" />
<meta property="og:description" content="El Día Mundial de Concienciación sobre el autismo se celebra el 2 de abril. Fue creada por la Asamblea General de las Naciones Unidas, para poner de relieve la necesidad&hellip;" />
<meta property="og:url" content="https://www.uptos.edu.ve/?tribe_events=dia-mundial-de-concienciacion-sobre-el-autismo" />
<meta property="og:site_name" content="UPTOS Clodosbaldo Russián" />
<meta property="article:publisher" content="https://www.facebook.com/people/UPTOS-Clodosbaldo-Russin/100070891114831/" />
<meta property="og:image" content="https://www.uptos.edu.ve/wp-content/uploads/2024/03/Sin-titulo-1232.jpg" />
	<meta property="og:image:width" content="1076" />
	<meta property="og:image:height" content="1077" />
	<meta property="og:image:type" content="image/jpeg" />
<meta name="twitter:card" content="summary_large_image" />
<meta name="twitter:label1" content="Tiempo estimado de lectura" />
	<meta name="twitter:data1" content="1 minuto" />
<script type="application/ld+json" class="yoast-schema-graph">{"@context":"https:\/\/schema.org","@graph":[{"@type":"WebPage","@id":"https:\/\/www.uptos.edu.ve\/?tribe_events=dia-mundial-de-concienciacion-sobre-el-autismo","url":"https:\/\/www.uptos.edu.ve\/?tribe_events=dia-mundial-de-concienciacion-sobre-el-autismo","name":"Día Mundial de Concienciación sobre el autismo - UPTOS Clodosbaldo Russián","isPartOf":{"@id":"\/#website"},"primaryImageOfPage":{"@id":"https:\/\/www.uptos.edu.ve\/?tribe_events=dia-mundial-de-concienciacion-sobre-el-autismo#primaryimage"},"image":{"@id":"https:\/\/www.uptos.edu.ve\/?tribe_events=dia-mundial-de-concienciacion-sobre-el-autismo#primaryimage"},"thumbnailUrl":"https:\/\/www.uptos.edu.ve\/wp-content\/uploads\/2024\/03\/Sin-titulo-1232.jpg","datePublished":"2024-03-13T15:10:20+00:00","breadcrumb":{"@id":"https:\/\/www.uptos.edu.ve\/?tribe_events=dia-mundial-de-concienciacion-sobre-el-autismo#breadcrumb"},"inLanguage":"es","potentialAction":[{"@type":"ReadAction","target":["https:\/\/www.uptos.edu.ve\/?tribe_events=dia-mundial-de-concienciacion-sobre-el-autismo"]}]},{"@type":"ImageObject","inLanguage":"es","@id":"https:\/\/www.uptos.edu.ve\/?tribe_events=dia-mundial-de-concienciacion-sobre-el-autismo#primaryimage","url":"https:\/\/www.uptos.edu.ve\/wp-content\/uploads\/2024\/03\/Sin-titulo-1232.jpg","contentUrl":"https:\/\/www.uptos.edu.ve\/wp-content\/uploads\/2024\/03\/Sin-titulo-1232.jpg","width":1076,"height":1077},{"@type":"BreadcrumbList","@id":"https:\/\/www.uptos.edu.ve\/?tribe_events=dia-mundial-de-concienciacion-sobre-el-autismo#breadcrumb","itemListElement":[{"@type":"ListItem","position":1,"name":"Home","item":"https:\/\/www.uptos.edu.ve\/"},{"@type":"ListItem","position":2,"name":"Eventos","item":"https:\/\/www.uptos.edu.ve\/?post_type=tribe_events"},{"@type":"ListItem","position":3,"name":"Día Mundial de Concienciación sobre el autismo"}]},{"@type":"WebSite","@id":"\/#website","url":"\/","name":"UPTOS Clodosbaldo Russián","description":"Universidad Politécnica del Oeste de Sucre","publisher":{"@id":"\/#organization"},"potentialAction":[{"@type":"SearchAction","target":{"@type":"EntryPoint","urlTemplate":"\/?s={search_term_string}"},"query-input":{"@type":"PropertyValueSpecification","valueRequired":true,"valueName":"search_term_string"}}],"inLanguage":"es"},{"@type":"Organization","@id":"\/#organization","name":"UPTOS Clodosbaldo Russián","url":"\/","logo":{"@type":"ImageObject","inLanguage":"es","@id":"\/#\/schema\/logo\/image\/","url":"https:\/\/www.uptos.edu.ve\/wp-content\/uploads\/2026\/02\/cropped-cropped-WhatsApp-Image-2026-02-11-at-10.17.38-PM-1.jpeg","contentUrl":"https:\/\/www.uptos.edu.ve\/wp-content\/uploads\/2026\/02\/cropped-cropped-WhatsApp-Image-2026-02-11-at-10.17.38-PM-1.jpeg","width":1080,"height":73,"caption":"UPTOS Clodosbaldo Russián"},"image":{"@id":"\/#\/schema\/logo\/image\/"},"sameAs":["https:\/\/www.facebook.com\/people\/UPTOS-Clodosbaldo-Russin\/100070891114831\/","http:\/\/instagram.com\/uptoscr_oficial"]}]}</script>
<!-- / Yoast SEO plugin. -->

Día Mundial de Concienciación sobre el autismo - UPTOS Clodosbaldo Russián

El Día Mundial de Concienciación sobre el autismo se celebra el 2 de abril. Fue creada por la Asamblea General de las Naciones Unidas, para poner de relieve la necesidad&hellip;

UPTOS Clodosbaldo Russián

Universidad Politécnica del Oeste de Sucre
