{"id":13092,"date":"2024-02-29T10:42:07","date_gmt":"2024-02-29T14:42:07","guid":{"rendered":"https:\/\/www.uptos.edu.ve\/?post_type=tribe_events&#038;p=13092"},"modified":"2024-02-29T10:45:28","modified_gmt":"2024-02-29T14:45:28","slug":"22-de-marzo-dia-mundial-del-agua","status":"publish","type":"tribe_events","link":"https:\/\/www.uptos.edu.ve\/?tribe_events=22-de-marzo-dia-mundial-del-agua","title":{"rendered":"22 de marzo: D\u00eda Mundial del Agua."},"content":{"rendered":"<p style=\"text-align: justify;\"><span style=\"font-family: arial, helvetica, sans-serif; font-size: 12pt; color: #000000;\">El <strong>D\u00eda Mundial del Agua<\/strong> se propuso en la <a style=\"color: #000000;\" href=\"https:\/\/es.wikipedia.org\/wiki\/Cumbre_de_la_Tierra_de_R%C3%ADo_de_Janeiro\">Conferencia de las Naciones Unidas sobre Medio Ambiente y Desarrollo<\/a> efectuada en <a style=\"color: #000000;\" href=\"https:\/\/es.wikipedia.org\/wiki\/R%C3%ADo_de_Janeiro\">R\u00edo de Janeiro<\/a> (<a style=\"color: #000000;\" href=\"https:\/\/es.wikipedia.org\/wiki\/Brasil\">Brasil<\/a>) del 3 al 14 de junio de 1992. De la cual, la <a style=\"color: #000000;\" href=\"https:\/\/es.wikipedia.org\/wiki\/Asamblea_General_de_las_Naciones_Unidas\">Asamblea General de las Naciones Unidas<\/a> adopt\u00f3 el 22 de diciembre de 1992 la resoluci\u00f3n A\/RES\/47\/193 que declar\u00f3 el 22 de marzo de cada a\u00f1o como D\u00eda Mundial del Agua.<\/span><\/p>\n<p style=\"text-align: justify;\"><span style=\"font-family: arial, helvetica, sans-serif; font-size: 12pt; color: #000000;\">El agua es un elemento esencial del <a style=\"color: #000000;\" href=\"https:\/\/es.wikipedia.org\/wiki\/Desarrollo_sostenible\">desarrollo sostenible<\/a>. Propicia el bienestar de la poblaci\u00f3n y el crecimiento inclusivo y tiene un impacto positivo en la vida al incidir en cuestiones que afectan a la seguridad alimentaria, energ\u00e9tica, la salud y medio ambiente.<\/span><\/p>\n<p style=\"text-align: justify;\"><span style=\"font-family: arial, helvetica, sans-serif; font-size: 12pt; color: #000000;\">Fuente: Wikipedia<\/span><\/p>\n","protected":false},"excerpt":{"rendered":"<p>El D\u00eda Mundial del Agua se propuso en la Conferencia de las Naciones Unidas sobre Medio Ambiente y Desarrollo efectuada en R\u00edo de Janeiro (Brasil) del 3 al 14 de&hellip;<\/p>\n","protected":false},"author":1,"featured_media":13093,"template":"","meta":{"_monsterinsights_skip_tracking":false,"_monsterinsights_sitenote_active":false,"_monsterinsights_sitenote_note":"","_monsterinsights_sitenote_category":0,"_tribe_events_status":"","_tribe_events_status_reason":"","footnotes":""},"tags":[],"tribe_events_cat":[],"class_list":["post-13092","tribe_events","type-tribe_events","status-publish","has-post-thumbnail","hentry"],"yoast_head":"<!-- This site is optimized with the Yoast SEO plugin v27.4 - https:\/\/yoast.com\/product\/yoast-seo-wordpress\/ -->\n<title>22 de marzo: D\u00eda Mundial del Agua. - UPTOS Clodosbaldo Russi\u00e1n<\/title>\n<meta name=\"robots\" content=\"index, follow, max-snippet:-1, max-image-preview:large, max-video-preview:-1\" \/>\n<link rel=\"canonical\" href=\"https:\/\/www.uptos.edu.ve\/?tribe_events=22-de-marzo-dia-mundial-del-agua\" \/>\n<meta property=\"og:locale\" content=\"es_ES\" \/>\n<meta property=\"og:type\" content=\"article\" \/>\n<meta property=\"og:title\" content=\"22 de marzo: D\u00eda Mundial del Agua. - UPTOS Clodosbaldo Russi\u00e1n\" \/>\n<meta property=\"og:description\" content=\"El D\u00eda Mundial del Agua se propuso en la Conferencia de las Naciones Unidas sobre Medio Ambiente y Desarrollo efectuada en R\u00edo de Janeiro (Brasil) del 3 al 14 de&hellip;\" \/>\n<meta property=\"og:url\" content=\"https:\/\/www.uptos.edu.ve\/?tribe_events=22-de-marzo-dia-mundial-del-agua\" \/>\n<meta property=\"og:site_name\" content=\"UPTOS Clodosbaldo Russi\u00e1n\" \/>\n<meta property=\"article:publisher\" content=\"https:\/\/www.facebook.com\/people\/UPTOS-Clodosbaldo-Russin\/100070891114831\/\" \/>\n<meta property=\"article:modified_time\" content=\"2024-02-29T14:45:28+00:00\" \/>\n<meta property=\"og:image\" content=\"https:\/\/www.uptos.edu.ve\/wp-content\/uploads\/2024\/02\/agua4e.jpg\" \/>\n\t<meta property=\"og:image:width\" content=\"670\" \/>\n\t<meta property=\"og:image:height\" content=\"448\" \/>\n\t<meta property=\"og:image:type\" content=\"image\/jpeg\" \/>\n<meta name=\"twitter:card\" content=\"summary_large_image\" \/>\n<meta name=\"twitter:label1\" content=\"Tiempo estimado de lectura\" \/>\n\t<meta name=\"twitter:data1\" content=\"1 minuto\" \/>\n<script type=\"application\/ld+json\" class=\"yoast-schema-graph\">{\"@context\":\"https:\\\/\\\/schema.org\",\"@graph\":[{\"@type\":\"WebPage\",\"@id\":\"https:\\\/\\\/www.uptos.edu.ve\\\/?tribe_events=22-de-marzo-dia-mundial-del-agua\",\"url\":\"https:\\\/\\\/www.uptos.edu.ve\\\/?tribe_events=22-de-marzo-dia-mundial-del-agua\",\"name\":\"22 de marzo: D\u00eda Mundial del Agua. - UPTOS Clodosbaldo Russi\u00e1n\",\"isPartOf\":{\"@id\":\"\\\/#website\"},\"primaryImageOfPage\":{\"@id\":\"https:\\\/\\\/www.uptos.edu.ve\\\/?tribe_events=22-de-marzo-dia-mundial-del-agua#primaryimage\"},\"image\":{\"@id\":\"https:\\\/\\\/www.uptos.edu.ve\\\/?tribe_events=22-de-marzo-dia-mundial-del-agua#primaryimage\"},\"thumbnailUrl\":\"https:\\\/\\\/www.uptos.edu.ve\\\/wp-content\\\/uploads\\\/2024\\\/02\\\/agua4e.jpg\",\"datePublished\":\"2024-02-29T14:42:07+00:00\",\"dateModified\":\"2024-02-29T14:45:28+00:00\",\"breadcrumb\":{\"@id\":\"https:\\\/\\\/www.uptos.edu.ve\\\/?tribe_events=22-de-marzo-dia-mundial-del-agua#breadcrumb\"},\"inLanguage\":\"es\",\"potentialAction\":[{\"@type\":\"ReadAction\",\"target\":[\"https:\\\/\\\/www.uptos.edu.ve\\\/?tribe_events=22-de-marzo-dia-mundial-del-agua\"]}]},{\"@type\":\"ImageObject\",\"inLanguage\":\"es\",\"@id\":\"https:\\\/\\\/www.uptos.edu.ve\\\/?tribe_events=22-de-marzo-dia-mundial-del-agua#primaryimage\",\"url\":\"https:\\\/\\\/www.uptos.edu.ve\\\/wp-content\\\/uploads\\\/2024\\\/02\\\/agua4e.jpg\",\"contentUrl\":\"https:\\\/\\\/www.uptos.edu.ve\\\/wp-content\\\/uploads\\\/2024\\\/02\\\/agua4e.jpg\",\"width\":670,\"height\":448},{\"@type\":\"BreadcrumbList\",\"@id\":\"https:\\\/\\\/www.uptos.edu.ve\\\/?tribe_events=22-de-marzo-dia-mundial-del-agua#breadcrumb\",\"itemListElement\":[{\"@type\":\"ListItem\",\"position\":1,\"name\":\"Home\",\"item\":\"https:\\\/\\\/www.uptos.edu.ve\\\/\"},{\"@type\":\"ListItem\",\"position\":2,\"name\":\"Eventos\",\"item\":\"https:\\\/\\\/www.uptos.edu.ve\\\/?post_type=tribe_events\"},{\"@type\":\"ListItem\",\"position\":3,\"name\":\"22 de marzo: D\u00eda Mundial del Agua.\"}]},{\"@type\":\"WebSite\",\"@id\":\"\\\/#website\",\"url\":\"\\\/\",\"name\":\"UPTOS Clodosbaldo Russi\u00e1n\",\"description\":\"Universidad Polit\u00e9cnica del Oeste de Sucre\",\"publisher\":{\"@id\":\"\\\/#organization\"},\"potentialAction\":[{\"@type\":\"SearchAction\",\"target\":{\"@type\":\"EntryPoint\",\"urlTemplate\":\"\\\/?s={search_term_string}\"},\"query-input\":{\"@type\":\"PropertyValueSpecification\",\"valueRequired\":true,\"valueName\":\"search_term_string\"}}],\"inLanguage\":\"es\"},{\"@type\":\"Organization\",\"@id\":\"\\\/#organization\",\"name\":\"UPTOS Clodosbaldo Russi\u00e1n\",\"url\":\"\\\/\",\"logo\":{\"@type\":\"ImageObject\",\"inLanguage\":\"es\",\"@id\":\"\\\/#\\\/schema\\\/logo\\\/image\\\/\",\"url\":\"https:\\\/\\\/www.uptos.edu.ve\\\/wp-content\\\/uploads\\\/2026\\\/02\\\/cropped-cropped-WhatsApp-Image-2026-02-11-at-10.17.38-PM-1.jpeg\",\"contentUrl\":\"https:\\\/\\\/www.uptos.edu.ve\\\/wp-content\\\/uploads\\\/2026\\\/02\\\/cropped-cropped-WhatsApp-Image-2026-02-11-at-10.17.38-PM-1.jpeg\",\"width\":1080,\"height\":73,\"caption\":\"UPTOS Clodosbaldo Russi\u00e1n\"},\"image\":{\"@id\":\"\\\/#\\\/schema\\\/logo\\\/image\\\/\"},\"sameAs\":[\"https:\\\/\\\/www.facebook.com\\\/people\\\/UPTOS-Clodosbaldo-Russin\\\/100070891114831\\\/\",\"http:\\\/\\\/instagram.com\\\/uptoscr_oficial\"]}]}<\/script>\n<!-- \/ Yoast SEO plugin. -->","yoast_head_json":{"title":"22 de marzo: D\u00eda Mundial del Agua. - UPTOS Clodosbaldo Russi\u00e1n","robots":{"index":"index","follow":"follow","max-snippet":"max-snippet:-1","max-image-preview":"max-image-preview:large","max-video-preview":"max-video-preview:-1"},"canonical":"https:\/\/www.uptos.edu.ve\/?tribe_events=22-de-marzo-dia-mundial-del-agua","og_locale":"es_ES","og_type":"article","og_title":"22 de marzo: D\u00eda Mundial del Agua. - UPTOS Clodosbaldo Russi\u00e1n","og_description":"El D\u00eda Mundial del Agua se propuso en la Conferencia de las Naciones Unidas sobre Medio Ambiente y Desarrollo efectuada en R\u00edo de Janeiro (Brasil) del 3 al 14 de&hellip;","og_url":"https:\/\/www.uptos.edu.ve\/?tribe_events=22-de-marzo-dia-mundial-del-agua","og_site_name":"UPTOS Clodosbaldo Russi\u00e1n","article_publisher":"https:\/\/www.facebook.com\/people\/UPTOS-Clodosbaldo-Russin\/100070891114831\/","article_modified_time":"2024-02-29T14:45:28+00:00","og_image":[{"width":670,"height":448,"url":"https:\/\/www.uptos.edu.ve\/wp-content\/uploads\/2024\/02\/agua4e.jpg","type":"image\/jpeg"}],"twitter_card":"summary_large_image","twitter_misc":{"Tiempo estimado de lectura":"1 minuto"},"schema":{"@context":"https:\/\/schema.org","@graph":[{"@type":"WebPage","@id":"https:\/\/www.uptos.edu.ve\/?tribe_events=22-de-marzo-dia-mundial-del-agua","url":"https:\/\/www.uptos.edu.ve\/?tribe_events=22-de-marzo-dia-mundial-del-agua","name":"22 de marzo: D\u00eda Mundial del Agua. - UPTOS Clodosbaldo Russi\u00e1n","isPartOf":{"@id":"\/#website"},"primaryImageOfPage":{"@id":"https:\/\/www.uptos.edu.ve\/?tribe_events=22-de-marzo-dia-mundial-del-agua#primaryimage"},"image":{"@id":"https:\/\/www.uptos.edu.ve\/?tribe_events=22-de-marzo-dia-mundial-del-agua#primaryimage"},"thumbnailUrl":"https:\/\/www.uptos.edu.ve\/wp-content\/uploads\/2024\/02\/agua4e.jpg","datePublished":"2024-02-29T14:42:07+00:00","dateModified":"2024-02-29T14:45:28+00:00","breadcrumb":{"@id":"https:\/\/www.uptos.edu.ve\/?tribe_events=22-de-marzo-dia-mundial-del-agua#breadcrumb"},"inLanguage":"es","potentialAction":[{"@type":"ReadAction","target":["https:\/\/www.uptos.edu.ve\/?tribe_events=22-de-marzo-dia-mundial-del-agua"]}]},{"@type":"ImageObject","inLanguage":"es","@id":"https:\/\/www.uptos.edu.ve\/?tribe_events=22-de-marzo-dia-mundial-del-agua#primaryimage","url":"https:\/\/www.uptos.edu.ve\/wp-content\/uploads\/2024\/02\/agua4e.jpg","contentUrl":"https:\/\/www.uptos.edu.ve\/wp-content\/uploads\/2024\/02\/agua4e.jpg","width":670,"height":448},{"@type":"BreadcrumbList","@id":"https:\/\/www.uptos.edu.ve\/?tribe_events=22-de-marzo-dia-mundial-del-agua#breadcrumb","itemListElement":[{"@type":"ListItem","position":1,"name":"Home","item":"https:\/\/www.uptos.edu.ve\/"},{"@type":"ListItem","position":2,"name":"Eventos","item":"https:\/\/www.uptos.edu.ve\/?post_type=tribe_events"},{"@type":"ListItem","position":3,"name":"22 de marzo: D\u00eda Mundial del Agua."}]},{"@type":"WebSite","@id":"\/#website","url":"\/","name":"UPTOS Clodosbaldo Russi\u00e1n","description":"Universidad Polit\u00e9cnica del Oeste de Sucre","publisher":{"@id":"\/#organization"},"potentialAction":[{"@type":"SearchAction","target":{"@type":"EntryPoint","urlTemplate":"\/?s={search_term_string}"},"query-input":{"@type":"PropertyValueSpecification","valueRequired":true,"valueName":"search_term_string"}}],"inLanguage":"es"},{"@type":"Organization","@id":"\/#organization","name":"UPTOS Clodosbaldo Russi\u00e1n","url":"\/","logo":{"@type":"ImageObject","inLanguage":"es","@id":"\/#\/schema\/logo\/image\/","url":"https:\/\/www.uptos.edu.ve\/wp-content\/uploads\/2026\/02\/cropped-cropped-WhatsApp-Image-2026-02-11-at-10.17.38-PM-1.jpeg","contentUrl":"https:\/\/www.uptos.edu.ve\/wp-content\/uploads\/2026\/02\/cropped-cropped-WhatsApp-Image-2026-02-11-at-10.17.38-PM-1.jpeg","width":1080,"height":73,"caption":"UPTOS Clodosbaldo Russi\u00e1n"},"image":{"@id":"\/#\/schema\/logo\/image\/"},"sameAs":["https:\/\/www.facebook.com\/people\/UPTOS-Clodosbaldo-Russin\/100070891114831\/","http:\/\/instagram.com\/uptoscr_oficial"]}]}},"_links":{"self":[{"href":"https:\/\/www.uptos.edu.ve\/index.php?rest_route=\/wp\/v2\/tribe_events\/13092","targetHints":{"allow":["GET"]}}],"collection":[{"href":"https:\/\/www.uptos.edu.ve\/index.php?rest_route=\/wp\/v2\/tribe_events"}],"about":[{"href":"https:\/\/www.uptos.edu.ve\/index.php?rest_route=\/wp\/v2\/types\/tribe_events"}],"author":[{"embeddable":true,"href":"https:\/\/www.uptos.edu.ve\/index.php?rest_route=\/wp\/v2\/users\/1"}],"version-history":[{"count":3,"href":"https:\/\/www.uptos.edu.ve\/index.php?rest_route=\/wp\/v2\/tribe_events\/13092\/revisions"}],"predecessor-version":[{"id":13096,"href":"https:\/\/www.uptos.edu.ve\/index.php?rest_route=\/wp\/v2\/tribe_events\/13092\/revisions\/13096"}],"wp:featuredmedia":[{"embeddable":true,"href":"https:\/\/www.uptos.edu.ve\/index.php?rest_route=\/wp\/v2\/media\/13093"}],"wp:attachment":[{"href":"https:\/\/www.uptos.edu.ve\/index.php?rest_route=%2Fwp%2Fv2%2Fmedia&parent=13092"}],"wp:term":[{"taxonomy":"post_tag","embeddable":true,"href":"https:\/\/www.uptos.edu.ve\/index.php?rest_route=%2Fwp%2Fv2%2Ftags&post=13092"},{"taxonomy":"tribe_events_cat","embeddable":true,"href":"https:\/\/www.uptos.edu.ve\/index.php?rest_route=%2Fwp%2Fv2%2Ftribe_events_cat&post=13092"}],"curies":[{"name":"wp","href":"https:\/\/api.w.org\/{rel}","templated":true}]}}

22 de marzo: Día Mundial del Agua.

<p style="text-align: justify;"><span style="font-family: arial, helvetica, sans-serif; font-size: 12pt; color: #000000;">El <strong>Día Mundial del Agua</strong> se propuso en la <a style="color: #000000;" href="https://es.wikipedia.org/wiki/Cumbre_de_la_Tierra_de_R%C3%ADo_de_Janeiro">Conferencia de las Naciones Unidas sobre Medio Ambiente y Desarrollo</a> efectuada en <a style="color: #000000;" href="https://es.wikipedia.org/wiki/R%C3%ADo_de_Janeiro">Río de Janeiro</a> (<a style="color: #000000;" href="https://es.wikipedia.org/wiki/Brasil">Brasil</a>) del 3 al 14 de junio de 1992. De la cual, la <a style="color: #000000;" href="https://es.wikipedia.org/wiki/Asamblea_General_de_las_Naciones_Unidas">Asamblea General de las Naciones Unidas</a> adoptó el 22 de diciembre de 1992 la resolución A/RES/47/193 que declaró el 22 de marzo de cada año como Día Mundial del Agua.</span></p>
<p style="text-align: justify;"><span style="font-family: arial, helvetica, sans-serif; font-size: 12pt; color: #000000;">El agua es un elemento esencial del <a style="color: #000000;" href="https://es.wikipedia.org/wiki/Desarrollo_sostenible">desarrollo sostenible</a>. Propicia el bienestar de la población y el crecimiento inclusivo y tiene un impacto positivo en la vida al incidir en cuestiones que afectan a la seguridad alimentaria, energética, la salud y medio ambiente.</span></p>
<p style="text-align: justify;"><span style="font-family: arial, helvetica, sans-serif; font-size: 12pt; color: #000000;">Fuente: Wikipedia</span></p>

<p>El Día Mundial del Agua se propuso en la Conferencia de las Naciones Unidas sobre Medio Ambiente y Desarrollo efectuada en Río de Janeiro (Brasil) del 3 al 14 de&hellip;</p>

<!-- This site is optimized with the Yoast SEO plugin v27.4 - https://yoast.com/product/yoast-seo-wordpress/ -->
<title>22 de marzo: Día Mundial del Agua. - UPTOS Clodosbaldo Russián</title>
<meta name="robots" content="index, follow, max-snippet:-1, max-image-preview:large, max-video-preview:-1" />
<link rel="canonical" href="https://www.uptos.edu.ve/?tribe_events=22-de-marzo-dia-mundial-del-agua" />
<meta property="og:locale" content="es_ES" />
<meta property="og:type" content="article" />
<meta property="og:title" content="22 de marzo: Día Mundial del Agua. - UPTOS Clodosbaldo Russián" />
<meta property="og:description" content="El Día Mundial del Agua se propuso en la Conferencia de las Naciones Unidas sobre Medio Ambiente y Desarrollo efectuada en Río de Janeiro (Brasil) del 3 al 14 de&hellip;" />
<meta property="og:url" content="https://www.uptos.edu.ve/?tribe_events=22-de-marzo-dia-mundial-del-agua" />
<meta property="og:site_name" content="UPTOS Clodosbaldo Russián" />
<meta property="article:publisher" content="https://www.facebook.com/people/UPTOS-Clodosbaldo-Russin/100070891114831/" />
<meta property="article:modified_time" content="2024-02-29T14:45:28+00:00" />
<meta property="og:image" content="https://www.uptos.edu.ve/wp-content/uploads/2024/02/agua4e.jpg" />
	<meta property="og:image:width" content="670" />
	<meta property="og:image:height" content="448" />
	<meta property="og:image:type" content="image/jpeg" />
<meta name="twitter:card" content="summary_large_image" />
<meta name="twitter:label1" content="Tiempo estimado de lectura" />
	<meta name="twitter:data1" content="1 minuto" />
<script type="application/ld+json" class="yoast-schema-graph">{"@context":"https:\/\/schema.org","@graph":[{"@type":"WebPage","@id":"https:\/\/www.uptos.edu.ve\/?tribe_events=22-de-marzo-dia-mundial-del-agua","url":"https:\/\/www.uptos.edu.ve\/?tribe_events=22-de-marzo-dia-mundial-del-agua","name":"22 de marzo: Día Mundial del Agua. - UPTOS Clodosbaldo Russián","isPartOf":{"@id":"\/#website"},"primaryImageOfPage":{"@id":"https:\/\/www.uptos.edu.ve\/?tribe_events=22-de-marzo-dia-mundial-del-agua#primaryimage"},"image":{"@id":"https:\/\/www.uptos.edu.ve\/?tribe_events=22-de-marzo-dia-mundial-del-agua#primaryimage"},"thumbnailUrl":"https:\/\/www.uptos.edu.ve\/wp-content\/uploads\/2024\/02\/agua4e.jpg","datePublished":"2024-02-29T14:42:07+00:00","dateModified":"2024-02-29T14:45:28+00:00","breadcrumb":{"@id":"https:\/\/www.uptos.edu.ve\/?tribe_events=22-de-marzo-dia-mundial-del-agua#breadcrumb"},"inLanguage":"es","potentialAction":[{"@type":"ReadAction","target":["https:\/\/www.uptos.edu.ve\/?tribe_events=22-de-marzo-dia-mundial-del-agua"]}]},{"@type":"ImageObject","inLanguage":"es","@id":"https:\/\/www.uptos.edu.ve\/?tribe_events=22-de-marzo-dia-mundial-del-agua#primaryimage","url":"https:\/\/www.uptos.edu.ve\/wp-content\/uploads\/2024\/02\/agua4e.jpg","contentUrl":"https:\/\/www.uptos.edu.ve\/wp-content\/uploads\/2024\/02\/agua4e.jpg","width":670,"height":448},{"@type":"BreadcrumbList","@id":"https:\/\/www.uptos.edu.ve\/?tribe_events=22-de-marzo-dia-mundial-del-agua#breadcrumb","itemListElement":[{"@type":"ListItem","position":1,"name":"Home","item":"https:\/\/www.uptos.edu.ve\/"},{"@type":"ListItem","position":2,"name":"Eventos","item":"https:\/\/www.uptos.edu.ve\/?post_type=tribe_events"},{"@type":"ListItem","position":3,"name":"22 de marzo: Día Mundial del Agua."}]},{"@type":"WebSite","@id":"\/#website","url":"\/","name":"UPTOS Clodosbaldo Russián","description":"Universidad Politécnica del Oeste de Sucre","publisher":{"@id":"\/#organization"},"potentialAction":[{"@type":"SearchAction","target":{"@type":"EntryPoint","urlTemplate":"\/?s={search_term_string}"},"query-input":{"@type":"PropertyValueSpecification","valueRequired":true,"valueName":"search_term_string"}}],"inLanguage":"es"},{"@type":"Organization","@id":"\/#organization","name":"UPTOS Clodosbaldo Russián","url":"\/","logo":{"@type":"ImageObject","inLanguage":"es","@id":"\/#\/schema\/logo\/image\/","url":"https:\/\/www.uptos.edu.ve\/wp-content\/uploads\/2026\/02\/cropped-cropped-WhatsApp-Image-2026-02-11-at-10.17.38-PM-1.jpeg","contentUrl":"https:\/\/www.uptos.edu.ve\/wp-content\/uploads\/2026\/02\/cropped-cropped-WhatsApp-Image-2026-02-11-at-10.17.38-PM-1.jpeg","width":1080,"height":73,"caption":"UPTOS Clodosbaldo Russián"},"image":{"@id":"\/#\/schema\/logo\/image\/"},"sameAs":["https:\/\/www.facebook.com\/people\/UPTOS-Clodosbaldo-Russin\/100070891114831\/","http:\/\/instagram.com\/uptoscr_oficial"]}]}</script>
<!-- / Yoast SEO plugin. -->

22 de marzo: Día Mundial del Agua. - UPTOS Clodosbaldo Russián

El Día Mundial del Agua se propuso en la Conferencia de las Naciones Unidas sobre Medio Ambiente y Desarrollo efectuada en Río de Janeiro (Brasil) del 3 al 14 de&hellip;

UPTOS Clodosbaldo Russián

Universidad Politécnica del Oeste de Sucre
