{"id":10144,"date":"2023-06-14T12:23:15","date_gmt":"2023-06-14T16:23:15","guid":{"rendered":"http:\/\/web.uptos.edu.ve\/?post_type=tribe_events&#038;p=10144"},"modified":"2023-06-14T12:23:15","modified_gmt":"2023-06-14T16:23:15","slug":"dia-mundial-de-los-refugiados","status":"publish","type":"tribe_events","link":"https:\/\/www.uptos.edu.ve\/?tribe_events=dia-mundial-de-los-refugiados","title":{"rendered":"D\u00cdA MUNDIAL DE LOS REFUGIADOS"},"content":{"rendered":"<p class=\"rtejustify\" align=\"justify\"><a href=\"https:\/\/www.uptos.edu.ve\/sites\/all\/themes\/industry\/images\/efemerides\/junio\/refugio.jpeg\" target=\"_blank\" rel=\"noopener\"><img decoding=\"async\" class=\"alignleft\" src=\"https:\/\/www.uptos.edu.ve\/sites\/all\/themes\/industry\/images\/efemerides\/junio\/refugio.jpeg\" alt=\"\" \/><\/a><font color=\"#000000\">Cada minuto, ocho personas lo dejan todo para huir de la guerra, la persecuci\u00f3n o el terror y la mayor\u00eda tienen que elegir entre algo horrible o algo a\u00fan peor. La Oficina del Alto Comisionado de las Naciones Unidas para los Refugiados, tambi\u00e9n conocida como ACNUR, trata de proporcionarles cierto bienestar, pero tiene que hacer frente a un n\u00famero cada vez mayor de desplazados.<\/font><\/p>\n<p class=\"rtejustify\"><a href=\"http:\/\/www.un.org\/es\/events\/refugeeday\/\" target=\"_blank\" rel=\"noopener\">Leer m\u00e1s:<\/a><\/p>\n","protected":false},"excerpt":{"rendered":"<p>Cada minuto, ocho personas lo dejan todo para huir de la guerra, la persecuci\u00f3n o el terror y la mayor\u00eda tienen que elegir entre algo horrible o algo a\u00fan peor.&hellip;<\/p>\n","protected":false},"author":5,"featured_media":0,"template":"","meta":{"_monsterinsights_skip_tracking":false,"_monsterinsights_sitenote_active":false,"_monsterinsights_sitenote_note":"","_monsterinsights_sitenote_category":0,"_tribe_events_status":"","_tribe_events_status_reason":"","footnotes":""},"tags":[],"tribe_events_cat":[],"class_list":["post-10144","tribe_events","type-tribe_events","status-publish","hentry"],"yoast_head":"<!-- This site is optimized with the Yoast SEO plugin v27.4 - https:\/\/yoast.com\/product\/yoast-seo-wordpress\/ -->\n<title>D\u00cdA MUNDIAL DE LOS REFUGIADOS - UPTOS Clodosbaldo Russi\u00e1n<\/title>\n<meta name=\"robots\" content=\"index, follow, max-snippet:-1, max-image-preview:large, max-video-preview:-1\" \/>\n<link rel=\"canonical\" href=\"https:\/\/www.uptos.edu.ve\/?tribe_events=dia-mundial-de-los-refugiados\" \/>\n<meta property=\"og:locale\" content=\"es_ES\" \/>\n<meta property=\"og:type\" content=\"article\" \/>\n<meta property=\"og:title\" content=\"D\u00cdA MUNDIAL DE LOS REFUGIADOS - UPTOS Clodosbaldo Russi\u00e1n\" \/>\n<meta property=\"og:description\" content=\"Cada minuto, ocho personas lo dejan todo para huir de la guerra, la persecuci\u00f3n o el terror y la mayor\u00eda tienen que elegir entre algo horrible o algo a\u00fan peor.&hellip;\" \/>\n<meta property=\"og:url\" content=\"https:\/\/www.uptos.edu.ve\/?tribe_events=dia-mundial-de-los-refugiados\" \/>\n<meta property=\"og:site_name\" content=\"UPTOS Clodosbaldo Russi\u00e1n\" \/>\n<meta property=\"article:publisher\" content=\"https:\/\/www.facebook.com\/people\/UPTOS-Clodosbaldo-Russin\/100070891114831\/\" \/>\n<meta property=\"og:image\" content=\"https:\/\/www.uptos.edu.ve\/sites\/all\/themes\/industry\/images\/efemerides\/junio\/refugio.jpeg\" \/>\n<meta name=\"twitter:card\" content=\"summary_large_image\" \/>\n<script type=\"application\/ld+json\" class=\"yoast-schema-graph\">{\"@context\":\"https:\\\/\\\/schema.org\",\"@graph\":[{\"@type\":\"WebPage\",\"@id\":\"https:\\\/\\\/www.uptos.edu.ve\\\/?tribe_events=dia-mundial-de-los-refugiados\",\"url\":\"https:\\\/\\\/www.uptos.edu.ve\\\/?tribe_events=dia-mundial-de-los-refugiados\",\"name\":\"D\u00cdA MUNDIAL DE LOS REFUGIADOS - UPTOS Clodosbaldo Russi\u00e1n\",\"isPartOf\":{\"@id\":\"\\\/#website\"},\"primaryImageOfPage\":{\"@id\":\"https:\\\/\\\/www.uptos.edu.ve\\\/?tribe_events=dia-mundial-de-los-refugiados#primaryimage\"},\"image\":{\"@id\":\"https:\\\/\\\/www.uptos.edu.ve\\\/?tribe_events=dia-mundial-de-los-refugiados#primaryimage\"},\"thumbnailUrl\":\"https:\\\/\\\/www.uptos.edu.ve\\\/sites\\\/all\\\/themes\\\/industry\\\/images\\\/efemerides\\\/junio\\\/refugio.jpeg\",\"datePublished\":\"2023-06-14T16:23:15+00:00\",\"breadcrumb\":{\"@id\":\"https:\\\/\\\/www.uptos.edu.ve\\\/?tribe_events=dia-mundial-de-los-refugiados#breadcrumb\"},\"inLanguage\":\"es\",\"potentialAction\":[{\"@type\":\"ReadAction\",\"target\":[\"https:\\\/\\\/www.uptos.edu.ve\\\/?tribe_events=dia-mundial-de-los-refugiados\"]}]},{\"@type\":\"ImageObject\",\"inLanguage\":\"es\",\"@id\":\"https:\\\/\\\/www.uptos.edu.ve\\\/?tribe_events=dia-mundial-de-los-refugiados#primaryimage\",\"url\":\"https:\\\/\\\/www.uptos.edu.ve\\\/sites\\\/all\\\/themes\\\/industry\\\/images\\\/efemerides\\\/junio\\\/refugio.jpeg\",\"contentUrl\":\"https:\\\/\\\/www.uptos.edu.ve\\\/sites\\\/all\\\/themes\\\/industry\\\/images\\\/efemerides\\\/junio\\\/refugio.jpeg\"},{\"@type\":\"BreadcrumbList\",\"@id\":\"https:\\\/\\\/www.uptos.edu.ve\\\/?tribe_events=dia-mundial-de-los-refugiados#breadcrumb\",\"itemListElement\":[{\"@type\":\"ListItem\",\"position\":1,\"name\":\"Home\",\"item\":\"https:\\\/\\\/www.uptos.edu.ve\\\/\"},{\"@type\":\"ListItem\",\"position\":2,\"name\":\"Eventos\",\"item\":\"https:\\\/\\\/www.uptos.edu.ve\\\/?post_type=tribe_events\"},{\"@type\":\"ListItem\",\"position\":3,\"name\":\"D\u00cdA MUNDIAL DE LOS REFUGIADOS\"}]},{\"@type\":\"WebSite\",\"@id\":\"\\\/#website\",\"url\":\"\\\/\",\"name\":\"UPTOS Clodosbaldo Russi\u00e1n\",\"description\":\"Universidad Polit\u00e9cnica del Oeste de Sucre\",\"publisher\":{\"@id\":\"\\\/#organization\"},\"potentialAction\":[{\"@type\":\"SearchAction\",\"target\":{\"@type\":\"EntryPoint\",\"urlTemplate\":\"\\\/?s={search_term_string}\"},\"query-input\":{\"@type\":\"PropertyValueSpecification\",\"valueRequired\":true,\"valueName\":\"search_term_string\"}}],\"inLanguage\":\"es\"},{\"@type\":\"Organization\",\"@id\":\"\\\/#organization\",\"name\":\"UPTOS Clodosbaldo Russi\u00e1n\",\"url\":\"\\\/\",\"logo\":{\"@type\":\"ImageObject\",\"inLanguage\":\"es\",\"@id\":\"\\\/#\\\/schema\\\/logo\\\/image\\\/\",\"url\":\"https:\\\/\\\/www.uptos.edu.ve\\\/wp-content\\\/uploads\\\/2026\\\/02\\\/cropped-cropped-WhatsApp-Image-2026-02-11-at-10.17.38-PM-1.jpeg\",\"contentUrl\":\"https:\\\/\\\/www.uptos.edu.ve\\\/wp-content\\\/uploads\\\/2026\\\/02\\\/cropped-cropped-WhatsApp-Image-2026-02-11-at-10.17.38-PM-1.jpeg\",\"width\":1080,\"height\":73,\"caption\":\"UPTOS Clodosbaldo Russi\u00e1n\"},\"image\":{\"@id\":\"\\\/#\\\/schema\\\/logo\\\/image\\\/\"},\"sameAs\":[\"https:\\\/\\\/www.facebook.com\\\/people\\\/UPTOS-Clodosbaldo-Russin\\\/100070891114831\\\/\",\"http:\\\/\\\/instagram.com\\\/uptoscr_oficial\"]}]}<\/script>\n<!-- \/ Yoast SEO plugin. -->","yoast_head_json":{"title":"D\u00cdA MUNDIAL DE LOS REFUGIADOS - UPTOS Clodosbaldo Russi\u00e1n","robots":{"index":"index","follow":"follow","max-snippet":"max-snippet:-1","max-image-preview":"max-image-preview:large","max-video-preview":"max-video-preview:-1"},"canonical":"https:\/\/www.uptos.edu.ve\/?tribe_events=dia-mundial-de-los-refugiados","og_locale":"es_ES","og_type":"article","og_title":"D\u00cdA MUNDIAL DE LOS REFUGIADOS - UPTOS Clodosbaldo Russi\u00e1n","og_description":"Cada minuto, ocho personas lo dejan todo para huir de la guerra, la persecuci\u00f3n o el terror y la mayor\u00eda tienen que elegir entre algo horrible o algo a\u00fan peor.&hellip;","og_url":"https:\/\/www.uptos.edu.ve\/?tribe_events=dia-mundial-de-los-refugiados","og_site_name":"UPTOS Clodosbaldo Russi\u00e1n","article_publisher":"https:\/\/www.facebook.com\/people\/UPTOS-Clodosbaldo-Russin\/100070891114831\/","og_image":[{"url":"https:\/\/www.uptos.edu.ve\/sites\/all\/themes\/industry\/images\/efemerides\/junio\/refugio.jpeg","type":"","width":"","height":""}],"twitter_card":"summary_large_image","schema":{"@context":"https:\/\/schema.org","@graph":[{"@type":"WebPage","@id":"https:\/\/www.uptos.edu.ve\/?tribe_events=dia-mundial-de-los-refugiados","url":"https:\/\/www.uptos.edu.ve\/?tribe_events=dia-mundial-de-los-refugiados","name":"D\u00cdA MUNDIAL DE LOS REFUGIADOS - UPTOS Clodosbaldo Russi\u00e1n","isPartOf":{"@id":"\/#website"},"primaryImageOfPage":{"@id":"https:\/\/www.uptos.edu.ve\/?tribe_events=dia-mundial-de-los-refugiados#primaryimage"},"image":{"@id":"https:\/\/www.uptos.edu.ve\/?tribe_events=dia-mundial-de-los-refugiados#primaryimage"},"thumbnailUrl":"https:\/\/www.uptos.edu.ve\/sites\/all\/themes\/industry\/images\/efemerides\/junio\/refugio.jpeg","datePublished":"2023-06-14T16:23:15+00:00","breadcrumb":{"@id":"https:\/\/www.uptos.edu.ve\/?tribe_events=dia-mundial-de-los-refugiados#breadcrumb"},"inLanguage":"es","potentialAction":[{"@type":"ReadAction","target":["https:\/\/www.uptos.edu.ve\/?tribe_events=dia-mundial-de-los-refugiados"]}]},{"@type":"ImageObject","inLanguage":"es","@id":"https:\/\/www.uptos.edu.ve\/?tribe_events=dia-mundial-de-los-refugiados#primaryimage","url":"https:\/\/www.uptos.edu.ve\/sites\/all\/themes\/industry\/images\/efemerides\/junio\/refugio.jpeg","contentUrl":"https:\/\/www.uptos.edu.ve\/sites\/all\/themes\/industry\/images\/efemerides\/junio\/refugio.jpeg"},{"@type":"BreadcrumbList","@id":"https:\/\/www.uptos.edu.ve\/?tribe_events=dia-mundial-de-los-refugiados#breadcrumb","itemListElement":[{"@type":"ListItem","position":1,"name":"Home","item":"https:\/\/www.uptos.edu.ve\/"},{"@type":"ListItem","position":2,"name":"Eventos","item":"https:\/\/www.uptos.edu.ve\/?post_type=tribe_events"},{"@type":"ListItem","position":3,"name":"D\u00cdA MUNDIAL DE LOS REFUGIADOS"}]},{"@type":"WebSite","@id":"\/#website","url":"\/","name":"UPTOS Clodosbaldo Russi\u00e1n","description":"Universidad Polit\u00e9cnica del Oeste de Sucre","publisher":{"@id":"\/#organization"},"potentialAction":[{"@type":"SearchAction","target":{"@type":"EntryPoint","urlTemplate":"\/?s={search_term_string}"},"query-input":{"@type":"PropertyValueSpecification","valueRequired":true,"valueName":"search_term_string"}}],"inLanguage":"es"},{"@type":"Organization","@id":"\/#organization","name":"UPTOS Clodosbaldo Russi\u00e1n","url":"\/","logo":{"@type":"ImageObject","inLanguage":"es","@id":"\/#\/schema\/logo\/image\/","url":"https:\/\/www.uptos.edu.ve\/wp-content\/uploads\/2026\/02\/cropped-cropped-WhatsApp-Image-2026-02-11-at-10.17.38-PM-1.jpeg","contentUrl":"https:\/\/www.uptos.edu.ve\/wp-content\/uploads\/2026\/02\/cropped-cropped-WhatsApp-Image-2026-02-11-at-10.17.38-PM-1.jpeg","width":1080,"height":73,"caption":"UPTOS Clodosbaldo Russi\u00e1n"},"image":{"@id":"\/#\/schema\/logo\/image\/"},"sameAs":["https:\/\/www.facebook.com\/people\/UPTOS-Clodosbaldo-Russin\/100070891114831\/","http:\/\/instagram.com\/uptoscr_oficial"]}]}},"_links":{"self":[{"href":"https:\/\/www.uptos.edu.ve\/index.php?rest_route=\/wp\/v2\/tribe_events\/10144","targetHints":{"allow":["GET"]}}],"collection":[{"href":"https:\/\/www.uptos.edu.ve\/index.php?rest_route=\/wp\/v2\/tribe_events"}],"about":[{"href":"https:\/\/www.uptos.edu.ve\/index.php?rest_route=\/wp\/v2\/types\/tribe_events"}],"author":[{"embeddable":true,"href":"https:\/\/www.uptos.edu.ve\/index.php?rest_route=\/wp\/v2\/users\/5"}],"version-history":[{"count":0,"href":"https:\/\/www.uptos.edu.ve\/index.php?rest_route=\/wp\/v2\/tribe_events\/10144\/revisions"}],"wp:attachment":[{"href":"https:\/\/www.uptos.edu.ve\/index.php?rest_route=%2Fwp%2Fv2%2Fmedia&parent=10144"}],"wp:term":[{"taxonomy":"post_tag","embeddable":true,"href":"https:\/\/www.uptos.edu.ve\/index.php?rest_route=%2Fwp%2Fv2%2Ftags&post=10144"},{"taxonomy":"tribe_events_cat","embeddable":true,"href":"https:\/\/www.uptos.edu.ve\/index.php?rest_route=%2Fwp%2Fv2%2Ftribe_events_cat&post=10144"}],"curies":[{"name":"wp","href":"https:\/\/api.w.org\/{rel}","templated":true}]}}

DÍA MUNDIAL DE LOS REFUGIADOS

<p class="rtejustify" align="justify"><a href="https://www.uptos.edu.ve/sites/all/themes/industry/images/efemerides/junio/refugio.jpeg" target="_blank" rel="noopener"><img decoding="async" class="alignleft" src="https://www.uptos.edu.ve/sites/all/themes/industry/images/efemerides/junio/refugio.jpeg" alt="" /></a><font color="#000000">Cada minuto, ocho personas lo dejan todo para huir de la guerra, la persecución o el terror y la mayoría tienen que elegir entre algo horrible o algo aún peor. La Oficina del Alto Comisionado de las Naciones Unidas para los Refugiados, también conocida como ACNUR, trata de proporcionarles cierto bienestar, pero tiene que hacer frente a un número cada vez mayor de desplazados.</font></p>
<p class="rtejustify"><a href="http://www.un.org/es/events/refugeeday/" target="_blank" rel="noopener">Leer más:</a></p>

<p>Cada minuto, ocho personas lo dejan todo para huir de la guerra, la persecución o el terror y la mayoría tienen que elegir entre algo horrible o algo aún peor.&hellip;</p>

<!-- This site is optimized with the Yoast SEO plugin v27.4 - https://yoast.com/product/yoast-seo-wordpress/ -->
<title>DÍA MUNDIAL DE LOS REFUGIADOS - UPTOS Clodosbaldo Russián</title>
<meta name="robots" content="index, follow, max-snippet:-1, max-image-preview:large, max-video-preview:-1" />
<link rel="canonical" href="https://www.uptos.edu.ve/?tribe_events=dia-mundial-de-los-refugiados" />
<meta property="og:locale" content="es_ES" />
<meta property="og:type" content="article" />
<meta property="og:title" content="DÍA MUNDIAL DE LOS REFUGIADOS - UPTOS Clodosbaldo Russián" />
<meta property="og:description" content="Cada minuto, ocho personas lo dejan todo para huir de la guerra, la persecución o el terror y la mayoría tienen que elegir entre algo horrible o algo aún peor.&hellip;" />
<meta property="og:url" content="https://www.uptos.edu.ve/?tribe_events=dia-mundial-de-los-refugiados" />
<meta property="og:site_name" content="UPTOS Clodosbaldo Russián" />
<meta property="article:publisher" content="https://www.facebook.com/people/UPTOS-Clodosbaldo-Russin/100070891114831/" />
<meta property="og:image" content="https://www.uptos.edu.ve/sites/all/themes/industry/images/efemerides/junio/refugio.jpeg" />
<meta name="twitter:card" content="summary_large_image" />
<script type="application/ld+json" class="yoast-schema-graph">{"@context":"https:\/\/schema.org","@graph":[{"@type":"WebPage","@id":"https:\/\/www.uptos.edu.ve\/?tribe_events=dia-mundial-de-los-refugiados","url":"https:\/\/www.uptos.edu.ve\/?tribe_events=dia-mundial-de-los-refugiados","name":"DÍA MUNDIAL DE LOS REFUGIADOS - UPTOS Clodosbaldo Russián","isPartOf":{"@id":"\/#website"},"primaryImageOfPage":{"@id":"https:\/\/www.uptos.edu.ve\/?tribe_events=dia-mundial-de-los-refugiados#primaryimage"},"image":{"@id":"https:\/\/www.uptos.edu.ve\/?tribe_events=dia-mundial-de-los-refugiados#primaryimage"},"thumbnailUrl":"https:\/\/www.uptos.edu.ve\/sites\/all\/themes\/industry\/images\/efemerides\/junio\/refugio.jpeg","datePublished":"2023-06-14T16:23:15+00:00","breadcrumb":{"@id":"https:\/\/www.uptos.edu.ve\/?tribe_events=dia-mundial-de-los-refugiados#breadcrumb"},"inLanguage":"es","potentialAction":[{"@type":"ReadAction","target":["https:\/\/www.uptos.edu.ve\/?tribe_events=dia-mundial-de-los-refugiados"]}]},{"@type":"ImageObject","inLanguage":"es","@id":"https:\/\/www.uptos.edu.ve\/?tribe_events=dia-mundial-de-los-refugiados#primaryimage","url":"https:\/\/www.uptos.edu.ve\/sites\/all\/themes\/industry\/images\/efemerides\/junio\/refugio.jpeg","contentUrl":"https:\/\/www.uptos.edu.ve\/sites\/all\/themes\/industry\/images\/efemerides\/junio\/refugio.jpeg"},{"@type":"BreadcrumbList","@id":"https:\/\/www.uptos.edu.ve\/?tribe_events=dia-mundial-de-los-refugiados#breadcrumb","itemListElement":[{"@type":"ListItem","position":1,"name":"Home","item":"https:\/\/www.uptos.edu.ve\/"},{"@type":"ListItem","position":2,"name":"Eventos","item":"https:\/\/www.uptos.edu.ve\/?post_type=tribe_events"},{"@type":"ListItem","position":3,"name":"DÍA MUNDIAL DE LOS REFUGIADOS"}]},{"@type":"WebSite","@id":"\/#website","url":"\/","name":"UPTOS Clodosbaldo Russián","description":"Universidad Politécnica del Oeste de Sucre","publisher":{"@id":"\/#organization"},"potentialAction":[{"@type":"SearchAction","target":{"@type":"EntryPoint","urlTemplate":"\/?s={search_term_string}"},"query-input":{"@type":"PropertyValueSpecification","valueRequired":true,"valueName":"search_term_string"}}],"inLanguage":"es"},{"@type":"Organization","@id":"\/#organization","name":"UPTOS Clodosbaldo Russián","url":"\/","logo":{"@type":"ImageObject","inLanguage":"es","@id":"\/#\/schema\/logo\/image\/","url":"https:\/\/www.uptos.edu.ve\/wp-content\/uploads\/2026\/02\/cropped-cropped-WhatsApp-Image-2026-02-11-at-10.17.38-PM-1.jpeg","contentUrl":"https:\/\/www.uptos.edu.ve\/wp-content\/uploads\/2026\/02\/cropped-cropped-WhatsApp-Image-2026-02-11-at-10.17.38-PM-1.jpeg","width":1080,"height":73,"caption":"UPTOS Clodosbaldo Russián"},"image":{"@id":"\/#\/schema\/logo\/image\/"},"sameAs":["https:\/\/www.facebook.com\/people\/UPTOS-Clodosbaldo-Russin\/100070891114831\/","http:\/\/instagram.com\/uptoscr_oficial"]}]}</script>
<!-- / Yoast SEO plugin. -->

DÍA MUNDIAL DE LOS REFUGIADOS - UPTOS Clodosbaldo Russián

Cada minuto, ocho personas lo dejan todo para huir de la guerra, la persecución o el terror y la mayoría tienen que elegir entre algo horrible o algo aún peor.&hellip;

UPTOS Clodosbaldo Russián

Universidad Politécnica del Oeste de Sucre
