{"id":2705,"date":"2016-10-17T13:29:16","date_gmt":"2016-10-17T13:29:16","guid":{"rendered":"http:\/\/www.demo.acmethemes.com\/education-base\/?page_id=19"},"modified":"2024-05-03T12:20:46","modified_gmt":"2024-05-03T16:20:46","slug":"enp","status":"publish","type":"page","link":"https:\/\/www.uptos.edu.ve\/?page_id=2705","title":{"rendered":"ENP"},"content":{"rendered":"\n<div id=\"section-g343655\" class=\"wp-block-gutentor-e6 section-g343655 gutentor-element gutentor-element-image\"><div class=\"gutentor-element-image-box\"><div class=\"gutentor-image-thumb\"><img decoding=\"async\" class=\"normal-image\" src=\"https:\/\/wwwvz.uptos.edu.ve\/wp-content\/uploads\/2022\/11\/54729856_603145476819169_6679999125510946816_n.jpg\" \/><\/div><\/div><\/div>\n\n\n\n<div class=\"wp-block-group has-black-color has-text-color\" style=\"font-size:15px\"><div class=\"wp-block-group__inner-container is-layout-flow wp-block-group-is-layout-flow\">\n<p align=\"justify\"><span style=\"color: #000000;\"><span style=\"font-size: medium;\">La Unidad de Estudios no Presenciales (EnP), ser\u00e1 el \u00f3rgano log\u00edstico decisorio acad\u00e9mico, adscrito a la Coordinaci\u00f3n de Gesti\u00f3n Curricular de los Programas Nacionales de Formaci\u00f3n y Formaci\u00f3n Avanzada. El cual ejercer\u00e1 la m\u00e1xima autoridad ejecutiva sobre las \u00e1reas a su cargo, cuya responsabilidad ser\u00e1 servir de medio tecnol\u00f3gico para administrar las aulas virtuales de los programas acad\u00e9micos en la modalidad de EnP de las diversas \u00e1reas acad\u00e9micas y de divulgaci\u00f3n de conocimiento de la universidad.<\/span><\/span><\/p>\n<p align=\"justify\"><span style=\"color: #980000;\"><span style=\"font-size: medium;\"><b>Funciones<\/b><\/span><\/span><\/p>\n<p align=\"justify\"><span style=\"color: #000000;\"><span style=\"font-size: medium;\">1) Administra las aulas virtuales de las diversas \u00e1reas acad\u00e9micas que conforman la universidad y formar parte de los estudios multimodal. Dando apoyo a los estudios semi presencial de esta casa de estudio.<\/span><\/span><\/p>\n<p align=\"justify\"><span style=\"color: #000000;\"><span style=\"font-size: medium;\">2) Asegura el cumplimiento del reglamento de la Unidad de Estudios no Presenciales, en los per\u00edodos programados para cada inicio acad\u00e9mico de los estudiantes. Participando activamente en la reforma curricular de las carreras que se imparten en la instituci\u00f3n <\/span><\/span><\/p>\n<p><span style=\"color: #000000;\"><span style=\"font-size: medium;\">3) Coordina la formaci\u00f3n del personal de la unidad en actividades de actualizaci\u00f3n para el uso de la plataforma tecnol\u00f3gica, as\u00ed como en las dem\u00e1s tecnolog\u00edas que sean pertinentes para los estudios multimodal.<\/span><\/span><\/p>\n<p align=\"justify\"><span style=\"color: #000000;\"><span style=\"font-size: medium;\">4) Propone acuerdos de estudios avanzados al personal de la instituci\u00f3n en materia de educaci\u00f3n a distancia. <\/span><\/span><\/p>\n<p align=\"justify\"><span style=\"color: #000000;\"><span style=\"font-size: medium;\">5) Asesoramiento en materia de entornos virtuales de aprendizaje, de acuerdo al modelo educativo, basado en la Misi\u00f3n Alma Mater. As\u00ed como tambi\u00e9n a aquellas instituciones que requieran asesor\u00eda en esta modalidad de estudios multimodales.<\/span><\/span><\/p>\n<p align=\"justify\"><span style=\"color: #000000;\"><span style=\"font-size: medium;\">6) Define y aplica indicadores de gesti\u00f3n, que permitan evaluar los resultados de la implantaci\u00f3n de la modalidad de Estudios no Presenciales en la universidad.<\/span><\/span><\/p>\n<p align=\"justify\"><span style=\"color: #000000;\"><span style=\"font-size: medium;\">7) Formula el plan operativo anual, as\u00ed como la memoria y cuenta de la Unidad.<\/span><\/span><\/p>\n<p align=\"justify\"><span style=\"color: #000000;\"><span style=\"font-size: medium;\">8) Participa en la elaboraci\u00f3n del reglamento del funcionamiento de los Estudios no Presenciales.<\/span><\/span><\/p>\n<p align=\"justify\"><span style=\"color: #000000;\"><span style=\"font-size: medium;\">9) Gestiona los recursos tecnol\u00f3gicos necesarios para mantener actualizada la plataforma de entornos virtuales de aprendizaje.<\/span><\/span><\/p>\n<p align=\"justify\"><span style=\"color: #000000;\"><span style=\"font-size: medium;\">10) Participa en las actividades propias de la Comisi\u00f3n Permanente de la unidad de Estudios no Presenciales.<\/span><\/span><\/p>\n<\/div><\/div>\n\n\n\n<p><\/p>\n","protected":false},"excerpt":{"rendered":"<p>Con la incorporaci\u00f3n de las Tecnolog\u00eda de la Informaci\u00f3n y Comunicaci\u00f3n a los procesos de formaci\u00f3n de nuestra universidad, la UPTOS est\u00e1 conduciendo su oferta acad\u00e9mica hacia la multimodalidad<\/p>\n","protected":false},"author":1,"featured_media":0,"parent":2707,"menu_order":0,"comment_status":"closed","ping_status":"closed","template":"","meta":{"_monsterinsights_skip_tracking":false,"_monsterinsights_sitenote_active":false,"_monsterinsights_sitenote_note":"","_monsterinsights_sitenote_category":0,"footnotes":""},"class_list":["post-2705","page","type-page","status-publish","hentry"],"yoast_head":"<!-- This site is optimized with the Yoast SEO plugin v27.4 - https:\/\/yoast.com\/product\/yoast-seo-wordpress\/ -->\n<title>ENP - UPTOS Clodosbaldo Russi\u00e1n<\/title>\n<meta name=\"robots\" content=\"index, follow, max-snippet:-1, max-image-preview:large, max-video-preview:-1\" \/>\n<link rel=\"canonical\" href=\"https:\/\/www.uptos.edu.ve\/?page_id=2705\" \/>\n<meta property=\"og:locale\" content=\"es_ES\" \/>\n<meta property=\"og:type\" content=\"article\" \/>\n<meta property=\"og:title\" content=\"ENP - UPTOS Clodosbaldo Russi\u00e1n\" \/>\n<meta property=\"og:description\" content=\"Con la incorporaci\u00f3n de las Tecnolog\u00eda de la Informaci\u00f3n y Comunicaci\u00f3n a los procesos de formaci\u00f3n de nuestra universidad, la UPTOS est\u00e1 conduciendo su oferta acad\u00e9mica hacia la multimodalidad\" \/>\n<meta property=\"og:url\" content=\"https:\/\/www.uptos.edu.ve\/?page_id=2705\" \/>\n<meta property=\"og:site_name\" content=\"UPTOS Clodosbaldo Russi\u00e1n\" \/>\n<meta property=\"article:publisher\" content=\"https:\/\/www.facebook.com\/people\/UPTOS-Clodosbaldo-Russin\/100070891114831\/\" \/>\n<meta property=\"article:modified_time\" content=\"2024-05-03T16:20:46+00:00\" \/>\n<meta property=\"og:image\" content=\"https:\/\/wwwvz.uptos.edu.ve\/wp-content\/uploads\/2022\/11\/54729856_603145476819169_6679999125510946816_n.jpg\" \/>\n<meta name=\"twitter:card\" content=\"summary_large_image\" \/>\n<meta name=\"twitter:label1\" content=\"Tiempo estimado de lectura\" \/>\n\t<meta name=\"twitter:data1\" content=\"2 minutos\" \/>\n<script type=\"application\/ld+json\" class=\"yoast-schema-graph\">{\"@context\":\"https:\\\/\\\/schema.org\",\"@graph\":[{\"@type\":\"WebPage\",\"@id\":\"https:\\\/\\\/www.uptos.edu.ve\\\/?page_id=2705\",\"url\":\"https:\\\/\\\/www.uptos.edu.ve\\\/?page_id=2705\",\"name\":\"ENP - UPTOS Clodosbaldo Russi\u00e1n\",\"isPartOf\":{\"@id\":\"\\\/#website\"},\"primaryImageOfPage\":{\"@id\":\"https:\\\/\\\/www.uptos.edu.ve\\\/?page_id=2705#primaryimage\"},\"image\":{\"@id\":\"https:\\\/\\\/www.uptos.edu.ve\\\/?page_id=2705#primaryimage\"},\"thumbnailUrl\":\"https:\\\/\\\/wwwvz.uptos.edu.ve\\\/wp-content\\\/uploads\\\/2022\\\/11\\\/54729856_603145476819169_6679999125510946816_n.jpg\",\"datePublished\":\"2016-10-17T13:29:16+00:00\",\"dateModified\":\"2024-05-03T16:20:46+00:00\",\"breadcrumb\":{\"@id\":\"https:\\\/\\\/www.uptos.edu.ve\\\/?page_id=2705#breadcrumb\"},\"inLanguage\":\"es\",\"potentialAction\":[{\"@type\":\"ReadAction\",\"target\":[\"https:\\\/\\\/www.uptos.edu.ve\\\/?page_id=2705\"]}]},{\"@type\":\"ImageObject\",\"inLanguage\":\"es\",\"@id\":\"https:\\\/\\\/www.uptos.edu.ve\\\/?page_id=2705#primaryimage\",\"url\":\"https:\\\/\\\/wwwvz.uptos.edu.ve\\\/wp-content\\\/uploads\\\/2022\\\/11\\\/54729856_603145476819169_6679999125510946816_n.jpg\",\"contentUrl\":\"https:\\\/\\\/wwwvz.uptos.edu.ve\\\/wp-content\\\/uploads\\\/2022\\\/11\\\/54729856_603145476819169_6679999125510946816_n.jpg\"},{\"@type\":\"BreadcrumbList\",\"@id\":\"https:\\\/\\\/www.uptos.edu.ve\\\/?page_id=2705#breadcrumb\",\"itemListElement\":[{\"@type\":\"ListItem\",\"position\":1,\"name\":\"Home\",\"item\":\"https:\\\/\\\/www.uptos.edu.ve\\\/\"},{\"@type\":\"ListItem\",\"position\":2,\"name\":\"Departamento Acad\u00e9mico\",\"item\":\"https:\\\/\\\/www.uptos.edu.ve\\\/?page_id=2707\"},{\"@type\":\"ListItem\",\"position\":3,\"name\":\"ENP\"}]},{\"@type\":\"WebSite\",\"@id\":\"\\\/#website\",\"url\":\"\\\/\",\"name\":\"UPTOS Clodosbaldo Russi\u00e1n\",\"description\":\"Universidad Polit\u00e9cnica del Oeste de Sucre\",\"publisher\":{\"@id\":\"\\\/#organization\"},\"potentialAction\":[{\"@type\":\"SearchAction\",\"target\":{\"@type\":\"EntryPoint\",\"urlTemplate\":\"\\\/?s={search_term_string}\"},\"query-input\":{\"@type\":\"PropertyValueSpecification\",\"valueRequired\":true,\"valueName\":\"search_term_string\"}}],\"inLanguage\":\"es\"},{\"@type\":\"Organization\",\"@id\":\"\\\/#organization\",\"name\":\"UPTOS Clodosbaldo Russi\u00e1n\",\"url\":\"\\\/\",\"logo\":{\"@type\":\"ImageObject\",\"inLanguage\":\"es\",\"@id\":\"\\\/#\\\/schema\\\/logo\\\/image\\\/\",\"url\":\"https:\\\/\\\/www.uptos.edu.ve\\\/wp-content\\\/uploads\\\/2026\\\/02\\\/cropped-cropped-WhatsApp-Image-2026-02-11-at-10.17.38-PM-1.jpeg\",\"contentUrl\":\"https:\\\/\\\/www.uptos.edu.ve\\\/wp-content\\\/uploads\\\/2026\\\/02\\\/cropped-cropped-WhatsApp-Image-2026-02-11-at-10.17.38-PM-1.jpeg\",\"width\":1080,\"height\":73,\"caption\":\"UPTOS Clodosbaldo Russi\u00e1n\"},\"image\":{\"@id\":\"\\\/#\\\/schema\\\/logo\\\/image\\\/\"},\"sameAs\":[\"https:\\\/\\\/www.facebook.com\\\/people\\\/UPTOS-Clodosbaldo-Russin\\\/100070891114831\\\/\",\"http:\\\/\\\/instagram.com\\\/uptoscr_oficial\"]}]}<\/script>\n<!-- \/ Yoast SEO plugin. -->","yoast_head_json":{"title":"ENP - UPTOS Clodosbaldo Russi\u00e1n","robots":{"index":"index","follow":"follow","max-snippet":"max-snippet:-1","max-image-preview":"max-image-preview:large","max-video-preview":"max-video-preview:-1"},"canonical":"https:\/\/www.uptos.edu.ve\/?page_id=2705","og_locale":"es_ES","og_type":"article","og_title":"ENP - UPTOS Clodosbaldo Russi\u00e1n","og_description":"Con la incorporaci\u00f3n de las Tecnolog\u00eda de la Informaci\u00f3n y Comunicaci\u00f3n a los procesos de formaci\u00f3n de nuestra universidad, la UPTOS est\u00e1 conduciendo su oferta acad\u00e9mica hacia la multimodalidad","og_url":"https:\/\/www.uptos.edu.ve\/?page_id=2705","og_site_name":"UPTOS Clodosbaldo Russi\u00e1n","article_publisher":"https:\/\/www.facebook.com\/people\/UPTOS-Clodosbaldo-Russin\/100070891114831\/","article_modified_time":"2024-05-03T16:20:46+00:00","og_image":[{"url":"https:\/\/wwwvz.uptos.edu.ve\/wp-content\/uploads\/2022\/11\/54729856_603145476819169_6679999125510946816_n.jpg","type":"","width":"","height":""}],"twitter_card":"summary_large_image","twitter_misc":{"Tiempo estimado de lectura":"2 minutos"},"schema":{"@context":"https:\/\/schema.org","@graph":[{"@type":"WebPage","@id":"https:\/\/www.uptos.edu.ve\/?page_id=2705","url":"https:\/\/www.uptos.edu.ve\/?page_id=2705","name":"ENP - UPTOS Clodosbaldo Russi\u00e1n","isPartOf":{"@id":"\/#website"},"primaryImageOfPage":{"@id":"https:\/\/www.uptos.edu.ve\/?page_id=2705#primaryimage"},"image":{"@id":"https:\/\/www.uptos.edu.ve\/?page_id=2705#primaryimage"},"thumbnailUrl":"https:\/\/wwwvz.uptos.edu.ve\/wp-content\/uploads\/2022\/11\/54729856_603145476819169_6679999125510946816_n.jpg","datePublished":"2016-10-17T13:29:16+00:00","dateModified":"2024-05-03T16:20:46+00:00","breadcrumb":{"@id":"https:\/\/www.uptos.edu.ve\/?page_id=2705#breadcrumb"},"inLanguage":"es","potentialAction":[{"@type":"ReadAction","target":["https:\/\/www.uptos.edu.ve\/?page_id=2705"]}]},{"@type":"ImageObject","inLanguage":"es","@id":"https:\/\/www.uptos.edu.ve\/?page_id=2705#primaryimage","url":"https:\/\/wwwvz.uptos.edu.ve\/wp-content\/uploads\/2022\/11\/54729856_603145476819169_6679999125510946816_n.jpg","contentUrl":"https:\/\/wwwvz.uptos.edu.ve\/wp-content\/uploads\/2022\/11\/54729856_603145476819169_6679999125510946816_n.jpg"},{"@type":"BreadcrumbList","@id":"https:\/\/www.uptos.edu.ve\/?page_id=2705#breadcrumb","itemListElement":[{"@type":"ListItem","position":1,"name":"Home","item":"https:\/\/www.uptos.edu.ve\/"},{"@type":"ListItem","position":2,"name":"Departamento Acad\u00e9mico","item":"https:\/\/www.uptos.edu.ve\/?page_id=2707"},{"@type":"ListItem","position":3,"name":"ENP"}]},{"@type":"WebSite","@id":"\/#website","url":"\/","name":"UPTOS Clodosbaldo Russi\u00e1n","description":"Universidad Polit\u00e9cnica del Oeste de Sucre","publisher":{"@id":"\/#organization"},"potentialAction":[{"@type":"SearchAction","target":{"@type":"EntryPoint","urlTemplate":"\/?s={search_term_string}"},"query-input":{"@type":"PropertyValueSpecification","valueRequired":true,"valueName":"search_term_string"}}],"inLanguage":"es"},{"@type":"Organization","@id":"\/#organization","name":"UPTOS Clodosbaldo Russi\u00e1n","url":"\/","logo":{"@type":"ImageObject","inLanguage":"es","@id":"\/#\/schema\/logo\/image\/","url":"https:\/\/www.uptos.edu.ve\/wp-content\/uploads\/2026\/02\/cropped-cropped-WhatsApp-Image-2026-02-11-at-10.17.38-PM-1.jpeg","contentUrl":"https:\/\/www.uptos.edu.ve\/wp-content\/uploads\/2026\/02\/cropped-cropped-WhatsApp-Image-2026-02-11-at-10.17.38-PM-1.jpeg","width":1080,"height":73,"caption":"UPTOS Clodosbaldo Russi\u00e1n"},"image":{"@id":"\/#\/schema\/logo\/image\/"},"sameAs":["https:\/\/www.facebook.com\/people\/UPTOS-Clodosbaldo-Russin\/100070891114831\/","http:\/\/instagram.com\/uptoscr_oficial"]}]}},"_links":{"self":[{"href":"https:\/\/www.uptos.edu.ve\/index.php?rest_route=\/wp\/v2\/pages\/2705","targetHints":{"allow":["GET"]}}],"collection":[{"href":"https:\/\/www.uptos.edu.ve\/index.php?rest_route=\/wp\/v2\/pages"}],"about":[{"href":"https:\/\/www.uptos.edu.ve\/index.php?rest_route=\/wp\/v2\/types\/page"}],"author":[{"embeddable":true,"href":"https:\/\/www.uptos.edu.ve\/index.php?rest_route=\/wp\/v2\/users\/1"}],"replies":[{"embeddable":true,"href":"https:\/\/www.uptos.edu.ve\/index.php?rest_route=%2Fwp%2Fv2%2Fcomments&post=2705"}],"version-history":[{"count":3,"href":"https:\/\/www.uptos.edu.ve\/index.php?rest_route=\/wp\/v2\/pages\/2705\/revisions"}],"predecessor-version":[{"id":13871,"href":"https:\/\/www.uptos.edu.ve\/index.php?rest_route=\/wp\/v2\/pages\/2705\/revisions\/13871"}],"up":[{"embeddable":true,"href":"https:\/\/www.uptos.edu.ve\/index.php?rest_route=\/wp\/v2\/pages\/2707"}],"wp:attachment":[{"href":"https:\/\/www.uptos.edu.ve\/index.php?rest_route=%2Fwp%2Fv2%2Fmedia&parent=2705"}],"curies":[{"name":"wp","href":"https:\/\/api.w.org\/{rel}","templated":true}]}}