{"id":17255,"date":"2025-05-30T10:35:39","date_gmt":"2025-05-30T14:35:39","guid":{"rendered":"https:\/\/www.uptos.edu.ve\/?page_id=17255"},"modified":"2025-07-31T11:51:12","modified_gmt":"2025-07-31T15:51:12","slug":"articulos-asap-y-suplemento","status":"publish","type":"page","link":"https:\/\/www.uptos.edu.ve\/?page_id=17255","title":{"rendered":"Art\u00ed\u00adculos ASAP y Suplemento"},"content":{"rendered":"\t\t<div data-elementor-type=\"wp-page\" data-elementor-id=\"17255\" class=\"elementor elementor-17255\">\n\t\t\t\t\t\t<section class=\"elementor-section elementor-top-section elementor-element elementor-element-6b061168 elementor-section-boxed elementor-section-height-default elementor-section-height-default\" data-id=\"6b061168\" data-element_type=\"section\" data-e-type=\"section\">\n\t\t\t\t\t\t<div class=\"elementor-container elementor-column-gap-default\">\n\t\t\t\t\t<div class=\"elementor-column elementor-col-100 elementor-top-column elementor-element elementor-element-78ed7f00\" data-id=\"78ed7f00\" data-element_type=\"column\" data-e-type=\"column\">\n\t\t\t<div class=\"elementor-widget-wrap elementor-element-populated\">\n\t\t\t\t\t\t<div class=\"elementor-element elementor-element-7a7ed99e elementor-widget-divider--view-line_text elementor-widget-divider--element-align-left elementor-widget elementor-widget-divider\" data-id=\"7a7ed99e\" data-element_type=\"widget\" data-e-type=\"widget\" data-widget_type=\"divider.default\">\n\t\t\t\t<div class=\"elementor-widget-container\">\n\t\t\t\t\t\t\t<div class=\"elementor-divider\">\n\t\t\t<span class=\"elementor-divider-separator\">\n\t\t\t\t\t\t\t<h6 class=\"elementor-divider__text elementor-divider__element\">\n\t\t\t\tArt\u00ed\u00adculos ASAP y Suplemento\t\t\t\t<\/h6>\n\t\t\t\t\t\t<\/span>\n\t\t<\/div>\n\t\t\t\t\t\t<\/div>\n\t\t\t\t<\/div>\n\t\t\t\t\t<\/div>\n\t\t<\/div>\n\t\t\t\t\t<\/div>\n\t\t<\/section>\n\t\t\t\t<section class=\"elementor-section elementor-top-section elementor-element elementor-element-133a1694 elementor-section-boxed elementor-section-height-default elementor-section-height-default\" data-id=\"133a1694\" data-element_type=\"section\" data-e-type=\"section\">\n\t\t\t\t\t\t<div class=\"elementor-container elementor-column-gap-default\">\n\t\t\t\t\t<div class=\"elementor-column elementor-col-50 elementor-top-column elementor-element elementor-element-2d5e6e71\" data-id=\"2d5e6e71\" data-element_type=\"column\" data-e-type=\"column\">\n\t\t\t<div class=\"elementor-widget-wrap elementor-element-populated\">\n\t\t\t\t\t\t<div class=\"elementor-element elementor-element-175bef52 elementor-widget elementor-widget-image\" data-id=\"175bef52\" data-element_type=\"widget\" data-e-type=\"widget\" data-widget_type=\"image.default\">\n\t\t\t\t<div class=\"elementor-widget-container\">\n\t\t\t\t\t\t\t\t\t\t\t\t\t\t\t<img decoding=\"async\" width=\"150\" height=\"150\" src=\"https:\/\/www.uptos.edu.ve\/wp-content\/uploads\/2025\/05\/003-1_page-0001-150x150.jpg\" class=\"attachment-thumbnail size-thumbnail wp-image-17271\" alt=\"\" srcset=\"https:\/\/www.uptos.edu.ve\/wp-content\/uploads\/2025\/05\/003-1_page-0001-150x150.jpg 150w, https:\/\/www.uptos.edu.ve\/wp-content\/uploads\/2025\/05\/003-1_page-0001-300x300.jpg 300w, https:\/\/www.uptos.edu.ve\/wp-content\/uploads\/2025\/05\/003-1_page-0001-100x100.jpg 100w, https:\/\/www.uptos.edu.ve\/wp-content\/uploads\/2025\/05\/003-1_page-0001-1024x1024.jpg 1024w\" sizes=\"(max-width: 150px) 100vw, 150px\" \/>\t\t\t\t\t\t\t\t\t\t\t\t\t\t\t<\/div>\n\t\t\t\t<\/div>\n\t\t\t\t\t<\/div>\n\t\t<\/div>\n\t\t\t\t<div class=\"elementor-column elementor-col-50 elementor-top-column elementor-element elementor-element-8948567\" data-id=\"8948567\" data-element_type=\"column\" data-e-type=\"column\">\n\t\t\t<div class=\"elementor-widget-wrap elementor-element-populated\">\n\t\t\t\t\t\t<div class=\"elementor-element elementor-element-28b95f32 elementor-widget__width-initial elementor-widget elementor-widget-text-editor\" data-id=\"28b95f32\" data-element_type=\"widget\" data-e-type=\"widget\" data-widget_type=\"text-editor.default\">\n\t\t\t\t<div class=\"elementor-widget-container\">\n\t\t\t\t\t\t\t\t\t<h5><span style=\"font-size: 12pt; color: #0000ff;\">Una Pedagog\u00eda desde otra perspectiva sujetol\u00f3gica<\/span><\/h5><p>(<span class=\"Y2IQFc\" lang=\"en\">A Pedagogy from Another Subjectological Perspective<\/span>)<\/p><p style=\"text-align: left;\"><span style=\"font-size: 12pt;\">Mariela Vidal Guzm\u00e1n\u00a0 \u00a0<\/span><\/p><p style=\"text-align: left;\"><span style=\"font-size: 12pt;\"><span style=\"font-size: 9pt;\">Universidad de Oriente. N\u00facleo Sucre <\/span>\u00a0 \u00a0 \u00a0 \u00a0 \u00a0 \u00a0 \u00a0 \u00a0 \u00a0 \u00a0 \u00a0 \u00a0 \u00a0 \u00a0 \u00a0 <\/span><span style=\"font-size: 12pt;\"><br \/><\/span><\/p><p style=\"text-align: left;\"><a href=\"https:\/\/www.uptos.edu.ve\/wp-content\/uploads\/2025\/05\/003.pdf\"><span style=\"color: #3366ff;\"><strong><span style=\"font-size: 12pt;\">PDF<\/span><\/strong><\/span><\/a><\/p>\t\t\t\t\t\t\t\t<\/div>\n\t\t\t\t<\/div>\n\t\t\t\t\t<\/div>\n\t\t<\/div>\n\t\t\t\t\t<\/div>\n\t\t<\/section>\n\t\t\t\t<section class=\"elementor-section elementor-top-section elementor-element elementor-element-38aef2eb elementor-section-boxed elementor-section-height-default elementor-section-height-default\" data-id=\"38aef2eb\" data-element_type=\"section\" data-e-type=\"section\">\n\t\t\t\t\t\t<div class=\"elementor-container elementor-column-gap-default\">\n\t\t\t\t\t<div class=\"elementor-column elementor-col-50 elementor-top-column elementor-element elementor-element-1ad0f66e\" data-id=\"1ad0f66e\" data-element_type=\"column\" data-e-type=\"column\">\n\t\t\t<div class=\"elementor-widget-wrap elementor-element-populated\">\n\t\t\t\t\t\t<div class=\"elementor-element elementor-element-222e14c9 elementor-widget elementor-widget-image\" data-id=\"222e14c9\" data-element_type=\"widget\" data-e-type=\"widget\" data-widget_type=\"image.default\">\n\t\t\t\t<div class=\"elementor-widget-container\">\n\t\t\t\t\t\t\t\t\t\t\t\t\t\t\t<img decoding=\"async\" width=\"150\" height=\"150\" src=\"https:\/\/www.uptos.edu.ve\/wp-content\/uploads\/2025\/05\/004-1_page-0001-150x150.jpg\" class=\"attachment-thumbnail size-thumbnail wp-image-17280\" alt=\"\" srcset=\"https:\/\/www.uptos.edu.ve\/wp-content\/uploads\/2025\/05\/004-1_page-0001-150x150.jpg 150w, https:\/\/www.uptos.edu.ve\/wp-content\/uploads\/2025\/05\/004-1_page-0001-300x300.jpg 300w, https:\/\/www.uptos.edu.ve\/wp-content\/uploads\/2025\/05\/004-1_page-0001-100x100.jpg 100w, https:\/\/www.uptos.edu.ve\/wp-content\/uploads\/2025\/05\/004-1_page-0001-1024x1024.jpg 1024w\" sizes=\"(max-width: 150px) 100vw, 150px\" \/>\t\t\t\t\t\t\t\t\t\t\t\t\t\t\t<\/div>\n\t\t\t\t<\/div>\n\t\t\t\t\t<\/div>\n\t\t<\/div>\n\t\t\t\t<div class=\"elementor-column elementor-col-50 elementor-top-column elementor-element elementor-element-2ec1a045\" data-id=\"2ec1a045\" data-element_type=\"column\" data-e-type=\"column\">\n\t\t\t<div class=\"elementor-widget-wrap elementor-element-populated\">\n\t\t\t\t\t\t<div class=\"elementor-element elementor-element-7814d4ef elementor-widget__width-initial elementor-widget elementor-widget-text-editor\" data-id=\"7814d4ef\" data-element_type=\"widget\" data-e-type=\"widget\" data-widget_type=\"text-editor.default\">\n\t\t\t\t<div class=\"elementor-widget-container\">\n\t\t\t\t\t\t\t\t\t<h5><span style=\"color: #0000ff;\">Gerenciar desde los circuitos educativos como estrategia de participaci\u00f3n en los territorios<\/span><\/h5><p>(<span class=\"Y2IQFc\" lang=\"en\">Managing from educational circuits as a strategy for territorial participation<\/span>)<\/p><p style=\"text-align: justify;\"><span style=\"font-size: 12pt;\">Jos\u00e9 Gregorio V\u00e1squez<\/span><\/p><p>Universidad Nacional Experimental del Magisterio \u201cSamuel Robinson\u201d<\/p><p><a href=\"https:\/\/www.uptos.edu.ve\/wp-content\/uploads\/2025\/05\/004.pdf\"><span style=\"color: #3366ff;\"><strong><span style=\"font-size: 12pt;\">PDF<\/span><\/strong><\/span><\/a><\/p>\t\t\t\t\t\t\t\t<\/div>\n\t\t\t\t<\/div>\n\t\t\t\t\t<\/div>\n\t\t<\/div>\n\t\t\t\t\t<\/div>\n\t\t<\/section>\n\t\t\t\t<section class=\"elementor-section elementor-top-section elementor-element elementor-element-4be4eae6 elementor-section-boxed elementor-section-height-default elementor-section-height-default\" data-id=\"4be4eae6\" data-element_type=\"section\" data-e-type=\"section\">\n\t\t\t\t\t\t<div class=\"elementor-container elementor-column-gap-default\">\n\t\t\t\t\t<div class=\"elementor-column elementor-col-50 elementor-top-column elementor-element elementor-element-730d2f8\" data-id=\"730d2f8\" data-element_type=\"column\" data-e-type=\"column\">\n\t\t\t<div class=\"elementor-widget-wrap elementor-element-populated\">\n\t\t\t\t\t\t<div class=\"elementor-element elementor-element-621e0baa elementor-widget elementor-widget-image\" data-id=\"621e0baa\" data-element_type=\"widget\" data-e-type=\"widget\" data-widget_type=\"image.default\">\n\t\t\t\t<div class=\"elementor-widget-container\">\n\t\t\t\t\t\t\t\t\t\t\t\t\t\t\t<img decoding=\"async\" width=\"150\" height=\"150\" src=\"https:\/\/www.uptos.edu.ve\/wp-content\/uploads\/2025\/05\/005-1_page-0001-150x150.jpg\" class=\"attachment-thumbnail size-thumbnail wp-image-17286\" alt=\"\" srcset=\"https:\/\/www.uptos.edu.ve\/wp-content\/uploads\/2025\/05\/005-1_page-0001-150x150.jpg 150w, https:\/\/www.uptos.edu.ve\/wp-content\/uploads\/2025\/05\/005-1_page-0001-300x300.jpg 300w, https:\/\/www.uptos.edu.ve\/wp-content\/uploads\/2025\/05\/005-1_page-0001-100x100.jpg 100w, https:\/\/www.uptos.edu.ve\/wp-content\/uploads\/2025\/05\/005-1_page-0001-1024x1024.jpg 1024w\" sizes=\"(max-width: 150px) 100vw, 150px\" \/>\t\t\t\t\t\t\t\t\t\t\t\t\t\t\t<\/div>\n\t\t\t\t<\/div>\n\t\t\t\t\t<\/div>\n\t\t<\/div>\n\t\t\t\t<div class=\"elementor-column elementor-col-50 elementor-top-column elementor-element elementor-element-6191f909\" data-id=\"6191f909\" data-element_type=\"column\" data-e-type=\"column\">\n\t\t\t<div class=\"elementor-widget-wrap elementor-element-populated\">\n\t\t\t\t\t\t<div class=\"elementor-element elementor-element-47d5e6e0 elementor-widget__width-initial elementor-widget elementor-widget-text-editor\" data-id=\"47d5e6e0\" data-element_type=\"widget\" data-e-type=\"widget\" data-widget_type=\"text-editor.default\">\n\t\t\t\t<div class=\"elementor-widget-container\">\n\t\t\t\t\t\t\t\t\t<h5><span style=\"color: #0000ff;\">De una evaluaci\u00f3n objetivadora hacia una evaluaci\u00f3n desde la alteridad<\/span><\/h5><p>(from an objective evaluation towards an evaluation from alterity)<\/p><p style=\"text-align: left;\"><span style=\"font-size: 12pt;\">Tom\u00e1s Mota\u00a0<\/span><\/p><p style=\"text-align: left;\"><span style=\"font-size: 12pt;\"><span style=\"font-size: 9pt;\">Universidad de Oriente<\/span><br \/><\/span><\/p><p style=\"text-align: left;\"><a href=\"https:\/\/www.uptos.edu.ve\/wp-content\/uploads\/2025\/05\/005.pdf\"><span style=\"color: #3366ff;\"><strong><span style=\"font-size: 12pt;\">PDF<\/span><\/strong><\/span><\/a><\/p>\t\t\t\t\t\t\t\t<\/div>\n\t\t\t\t<\/div>\n\t\t\t\t\t<\/div>\n\t\t<\/div>\n\t\t\t\t\t<\/div>\n\t\t<\/section>\n\t\t\t\t<section class=\"elementor-section elementor-top-section elementor-element elementor-element-b33794c elementor-section-boxed elementor-section-height-default elementor-section-height-default\" data-id=\"b33794c\" data-element_type=\"section\" data-e-type=\"section\">\n\t\t\t\t\t\t<div class=\"elementor-container elementor-column-gap-default\">\n\t\t\t\t\t<div class=\"elementor-column elementor-col-50 elementor-top-column elementor-element elementor-element-3effbc1\" data-id=\"3effbc1\" data-element_type=\"column\" data-e-type=\"column\">\n\t\t\t<div class=\"elementor-widget-wrap elementor-element-populated\">\n\t\t\t\t\t\t<div class=\"elementor-element elementor-element-9ea7582 elementor-widget elementor-widget-image\" data-id=\"9ea7582\" data-element_type=\"widget\" data-e-type=\"widget\" data-widget_type=\"image.default\">\n\t\t\t\t<div class=\"elementor-widget-container\">\n\t\t\t\t\t\t\t\t\t\t\t\t\t\t\t<img decoding=\"async\" width=\"150\" height=\"150\" src=\"https:\/\/www.uptos.edu.ve\/wp-content\/uploads\/2025\/05\/005-1_page-0001-150x150.jpg\" class=\"attachment-thumbnail size-thumbnail wp-image-17286\" alt=\"\" srcset=\"https:\/\/www.uptos.edu.ve\/wp-content\/uploads\/2025\/05\/005-1_page-0001-150x150.jpg 150w, https:\/\/www.uptos.edu.ve\/wp-content\/uploads\/2025\/05\/005-1_page-0001-300x300.jpg 300w, https:\/\/www.uptos.edu.ve\/wp-content\/uploads\/2025\/05\/005-1_page-0001-100x100.jpg 100w, https:\/\/www.uptos.edu.ve\/wp-content\/uploads\/2025\/05\/005-1_page-0001-1024x1024.jpg 1024w\" sizes=\"(max-width: 150px) 100vw, 150px\" \/>\t\t\t\t\t\t\t\t\t\t\t\t\t\t\t<\/div>\n\t\t\t\t<\/div>\n\t\t\t\t\t<\/div>\n\t\t<\/div>\n\t\t\t\t<div class=\"elementor-column elementor-col-50 elementor-top-column elementor-element elementor-element-93af226\" data-id=\"93af226\" data-element_type=\"column\" data-e-type=\"column\">\n\t\t\t<div class=\"elementor-widget-wrap elementor-element-populated\">\n\t\t\t\t\t\t<div class=\"elementor-element elementor-element-44c3809 elementor-widget__width-initial elementor-widget elementor-widget-text-editor\" data-id=\"44c3809\" data-element_type=\"widget\" data-e-type=\"widget\" data-widget_type=\"text-editor.default\">\n\t\t\t\t<div class=\"elementor-widget-container\">\n\t\t\t\t\t\t\t\t\t<h5><span style=\"color: #0000ff;\">Tecnosensibilidad, sensibilidad y tecnoeducaci\u00f3n: visi\u00f3n otra de la ense\u00f1anza virtual<\/span><\/h5><p>(Technosensitivity, sensitivity and technoeducation: vision another of virtual education)<\/p><p style=\"text-align: left;\"><span style=\"font-size: 12pt;\">Jos\u00e9 Mouzawek\u00a0<\/span><\/p><p style=\"text-align: left;\"><span style=\"font-size: 12pt;\"><span style=\"font-size: 9pt;\">Universidad de Oriente<\/span><br \/><\/span><\/p><p style=\"text-align: left;\"><a href=\"https:\/\/www.uptos.edu.ve\/wp-content\/uploads\/2025\/07\/006.pdf\"><span style=\"color: #3366ff;\"><strong><span style=\"font-size: 12pt;\">PDF<\/span><\/strong><\/span><\/a><\/p>\t\t\t\t\t\t\t\t<\/div>\n\t\t\t\t<\/div>\n\t\t\t\t\t<\/div>\n\t\t<\/div>\n\t\t\t\t\t<\/div>\n\t\t<\/section>\n\t\t\t\t<\/div>\n\t\t","protected":false},"excerpt":{"rendered":"<p>Art\u00ed\u00adculos ASAP y Suplemento Una Pedagog\u00eda desde otra perspectiva sujetol\u00f3gica (A Pedagogy from Another Subjectological Perspective) Mariela Vidal Guzm\u00e1n\u00a0 \u00a0 Universidad de Oriente. N\u00facleo Sucre \u00a0 \u00a0 \u00a0 \u00a0 \u00a0&hellip;<\/p>\n","protected":false},"author":4,"featured_media":0,"parent":0,"menu_order":0,"comment_status":"closed","ping_status":"closed","template":"elementor_header_footer","meta":{"_monsterinsights_skip_tracking":false,"_monsterinsights_sitenote_active":false,"_monsterinsights_sitenote_note":"","_monsterinsights_sitenote_category":0,"footnotes":""},"class_list":["post-17255","page","type-page","status-publish","hentry"],"yoast_head":"<!-- This site is optimized with the Yoast SEO plugin v27.4 - https:\/\/yoast.com\/product\/yoast-seo-wordpress\/ -->\n<title>Art\u00ed\u00adculos ASAP y Suplemento - UPTOS Clodosbaldo Russi\u00e1n<\/title>\n<meta name=\"robots\" content=\"index, follow, max-snippet:-1, max-image-preview:large, max-video-preview:-1\" \/>\n<link rel=\"canonical\" href=\"https:\/\/www.uptos.edu.ve\/?page_id=17255\" \/>\n<meta property=\"og:locale\" content=\"es_ES\" \/>\n<meta property=\"og:type\" content=\"article\" \/>\n<meta property=\"og:title\" content=\"Art\u00ed\u00adculos ASAP y Suplemento - UPTOS Clodosbaldo Russi\u00e1n\" \/>\n<meta property=\"og:description\" content=\"Art\u00ed\u00adculos ASAP y Suplemento Una Pedagog\u00eda desde otra perspectiva sujetol\u00f3gica (A Pedagogy from Another Subjectological Perspective) Mariela Vidal Guzm\u00e1n\u00a0 \u00a0 Universidad de Oriente. N\u00facleo Sucre \u00a0 \u00a0 \u00a0 \u00a0 \u00a0&hellip;\" \/>\n<meta property=\"og:url\" content=\"https:\/\/www.uptos.edu.ve\/?page_id=17255\" \/>\n<meta property=\"og:site_name\" content=\"UPTOS Clodosbaldo Russi\u00e1n\" \/>\n<meta property=\"article:publisher\" content=\"https:\/\/www.facebook.com\/people\/UPTOS-Clodosbaldo-Russin\/100070891114831\/\" \/>\n<meta property=\"article:modified_time\" content=\"2025-07-31T15:51:12+00:00\" \/>\n<meta property=\"og:image\" content=\"https:\/\/www.uptos.edu.ve\/wp-content\/uploads\/2025\/05\/003-1_page-0001.jpg\" \/>\n\t<meta property=\"og:image:width\" content=\"1275\" \/>\n\t<meta property=\"og:image:height\" content=\"1650\" \/>\n\t<meta property=\"og:image:type\" content=\"image\/jpeg\" \/>\n<meta name=\"twitter:card\" content=\"summary_large_image\" \/>\n<meta name=\"twitter:label1\" content=\"Tiempo estimado de lectura\" \/>\n\t<meta name=\"twitter:data1\" content=\"2 minutos\" \/>\n<script type=\"application\/ld+json\" class=\"yoast-schema-graph\">{\"@context\":\"https:\\\/\\\/schema.org\",\"@graph\":[{\"@type\":\"WebPage\",\"@id\":\"https:\\\/\\\/www.uptos.edu.ve\\\/?page_id=17255\",\"url\":\"https:\\\/\\\/www.uptos.edu.ve\\\/?page_id=17255\",\"name\":\"Art\u00ed\u00adculos ASAP y Suplemento - UPTOS Clodosbaldo Russi\u00e1n\",\"isPartOf\":{\"@id\":\"\\\/#website\"},\"primaryImageOfPage\":{\"@id\":\"https:\\\/\\\/www.uptos.edu.ve\\\/?page_id=17255#primaryimage\"},\"image\":{\"@id\":\"https:\\\/\\\/www.uptos.edu.ve\\\/?page_id=17255#primaryimage\"},\"thumbnailUrl\":\"https:\\\/\\\/www.uptos.edu.ve\\\/wp-content\\\/uploads\\\/2025\\\/05\\\/003-1_page-0001-150x150.jpg\",\"datePublished\":\"2025-05-30T14:35:39+00:00\",\"dateModified\":\"2025-07-31T15:51:12+00:00\",\"breadcrumb\":{\"@id\":\"https:\\\/\\\/www.uptos.edu.ve\\\/?page_id=17255#breadcrumb\"},\"inLanguage\":\"es\",\"potentialAction\":[{\"@type\":\"ReadAction\",\"target\":[\"https:\\\/\\\/www.uptos.edu.ve\\\/?page_id=17255\"]}]},{\"@type\":\"ImageObject\",\"inLanguage\":\"es\",\"@id\":\"https:\\\/\\\/www.uptos.edu.ve\\\/?page_id=17255#primaryimage\",\"url\":\"https:\\\/\\\/www.uptos.edu.ve\\\/wp-content\\\/uploads\\\/2025\\\/05\\\/003-1_page-0001.jpg\",\"contentUrl\":\"https:\\\/\\\/www.uptos.edu.ve\\\/wp-content\\\/uploads\\\/2025\\\/05\\\/003-1_page-0001.jpg\",\"width\":1275,\"height\":1650},{\"@type\":\"BreadcrumbList\",\"@id\":\"https:\\\/\\\/www.uptos.edu.ve\\\/?page_id=17255#breadcrumb\",\"itemListElement\":[{\"@type\":\"ListItem\",\"position\":1,\"name\":\"Home\",\"item\":\"https:\\\/\\\/www.uptos.edu.ve\\\/\"},{\"@type\":\"ListItem\",\"position\":2,\"name\":\"Art\u00ed\u00adculos ASAP y Suplemento\"}]},{\"@type\":\"WebSite\",\"@id\":\"\\\/#website\",\"url\":\"\\\/\",\"name\":\"UPTOS Clodosbaldo Russi\u00e1n\",\"description\":\"Universidad Polit\u00e9cnica del Oeste de Sucre\",\"publisher\":{\"@id\":\"\\\/#organization\"},\"potentialAction\":[{\"@type\":\"SearchAction\",\"target\":{\"@type\":\"EntryPoint\",\"urlTemplate\":\"\\\/?s={search_term_string}\"},\"query-input\":{\"@type\":\"PropertyValueSpecification\",\"valueRequired\":true,\"valueName\":\"search_term_string\"}}],\"inLanguage\":\"es\"},{\"@type\":\"Organization\",\"@id\":\"\\\/#organization\",\"name\":\"UPTOS Clodosbaldo Russi\u00e1n\",\"url\":\"\\\/\",\"logo\":{\"@type\":\"ImageObject\",\"inLanguage\":\"es\",\"@id\":\"\\\/#\\\/schema\\\/logo\\\/image\\\/\",\"url\":\"https:\\\/\\\/www.uptos.edu.ve\\\/wp-content\\\/uploads\\\/2026\\\/02\\\/cropped-cropped-WhatsApp-Image-2026-02-11-at-10.17.38-PM-1.jpeg\",\"contentUrl\":\"https:\\\/\\\/www.uptos.edu.ve\\\/wp-content\\\/uploads\\\/2026\\\/02\\\/cropped-cropped-WhatsApp-Image-2026-02-11-at-10.17.38-PM-1.jpeg\",\"width\":1080,\"height\":73,\"caption\":\"UPTOS Clodosbaldo Russi\u00e1n\"},\"image\":{\"@id\":\"\\\/#\\\/schema\\\/logo\\\/image\\\/\"},\"sameAs\":[\"https:\\\/\\\/www.facebook.com\\\/people\\\/UPTOS-Clodosbaldo-Russin\\\/100070891114831\\\/\",\"http:\\\/\\\/instagram.com\\\/uptoscr_oficial\"]}]}<\/script>\n<!-- \/ Yoast SEO plugin. -->","yoast_head_json":{"title":"Art\u00ed\u00adculos ASAP y Suplemento - UPTOS Clodosbaldo Russi\u00e1n","robots":{"index":"index","follow":"follow","max-snippet":"max-snippet:-1","max-image-preview":"max-image-preview:large","max-video-preview":"max-video-preview:-1"},"canonical":"https:\/\/www.uptos.edu.ve\/?page_id=17255","og_locale":"es_ES","og_type":"article","og_title":"Art\u00ed\u00adculos ASAP y Suplemento - UPTOS Clodosbaldo Russi\u00e1n","og_description":"Art\u00ed\u00adculos ASAP y Suplemento Una Pedagog\u00eda desde otra perspectiva sujetol\u00f3gica (A Pedagogy from Another Subjectological Perspective) Mariela Vidal Guzm\u00e1n\u00a0 \u00a0 Universidad de Oriente. N\u00facleo Sucre \u00a0 \u00a0 \u00a0 \u00a0 \u00a0&hellip;","og_url":"https:\/\/www.uptos.edu.ve\/?page_id=17255","og_site_name":"UPTOS Clodosbaldo Russi\u00e1n","article_publisher":"https:\/\/www.facebook.com\/people\/UPTOS-Clodosbaldo-Russin\/100070891114831\/","article_modified_time":"2025-07-31T15:51:12+00:00","og_image":[{"width":1275,"height":1650,"url":"https:\/\/www.uptos.edu.ve\/wp-content\/uploads\/2025\/05\/003-1_page-0001.jpg","type":"image\/jpeg"}],"twitter_card":"summary_large_image","twitter_misc":{"Tiempo estimado de lectura":"2 minutos"},"schema":{"@context":"https:\/\/schema.org","@graph":[{"@type":"WebPage","@id":"https:\/\/www.uptos.edu.ve\/?page_id=17255","url":"https:\/\/www.uptos.edu.ve\/?page_id=17255","name":"Art\u00ed\u00adculos ASAP y Suplemento - UPTOS Clodosbaldo Russi\u00e1n","isPartOf":{"@id":"\/#website"},"primaryImageOfPage":{"@id":"https:\/\/www.uptos.edu.ve\/?page_id=17255#primaryimage"},"image":{"@id":"https:\/\/www.uptos.edu.ve\/?page_id=17255#primaryimage"},"thumbnailUrl":"https:\/\/www.uptos.edu.ve\/wp-content\/uploads\/2025\/05\/003-1_page-0001-150x150.jpg","datePublished":"2025-05-30T14:35:39+00:00","dateModified":"2025-07-31T15:51:12+00:00","breadcrumb":{"@id":"https:\/\/www.uptos.edu.ve\/?page_id=17255#breadcrumb"},"inLanguage":"es","potentialAction":[{"@type":"ReadAction","target":["https:\/\/www.uptos.edu.ve\/?page_id=17255"]}]},{"@type":"ImageObject","inLanguage":"es","@id":"https:\/\/www.uptos.edu.ve\/?page_id=17255#primaryimage","url":"https:\/\/www.uptos.edu.ve\/wp-content\/uploads\/2025\/05\/003-1_page-0001.jpg","contentUrl":"https:\/\/www.uptos.edu.ve\/wp-content\/uploads\/2025\/05\/003-1_page-0001.jpg","width":1275,"height":1650},{"@type":"BreadcrumbList","@id":"https:\/\/www.uptos.edu.ve\/?page_id=17255#breadcrumb","itemListElement":[{"@type":"ListItem","position":1,"name":"Home","item":"https:\/\/www.uptos.edu.ve\/"},{"@type":"ListItem","position":2,"name":"Art\u00ed\u00adculos ASAP y Suplemento"}]},{"@type":"WebSite","@id":"\/#website","url":"\/","name":"UPTOS Clodosbaldo Russi\u00e1n","description":"Universidad Polit\u00e9cnica del Oeste de Sucre","publisher":{"@id":"\/#organization"},"potentialAction":[{"@type":"SearchAction","target":{"@type":"EntryPoint","urlTemplate":"\/?s={search_term_string}"},"query-input":{"@type":"PropertyValueSpecification","valueRequired":true,"valueName":"search_term_string"}}],"inLanguage":"es"},{"@type":"Organization","@id":"\/#organization","name":"UPTOS Clodosbaldo Russi\u00e1n","url":"\/","logo":{"@type":"ImageObject","inLanguage":"es","@id":"\/#\/schema\/logo\/image\/","url":"https:\/\/www.uptos.edu.ve\/wp-content\/uploads\/2026\/02\/cropped-cropped-WhatsApp-Image-2026-02-11-at-10.17.38-PM-1.jpeg","contentUrl":"https:\/\/www.uptos.edu.ve\/wp-content\/uploads\/2026\/02\/cropped-cropped-WhatsApp-Image-2026-02-11-at-10.17.38-PM-1.jpeg","width":1080,"height":73,"caption":"UPTOS Clodosbaldo Russi\u00e1n"},"image":{"@id":"\/#\/schema\/logo\/image\/"},"sameAs":["https:\/\/www.facebook.com\/people\/UPTOS-Clodosbaldo-Russin\/100070891114831\/","http:\/\/instagram.com\/uptoscr_oficial"]}]}},"_links":{"self":[{"href":"https:\/\/www.uptos.edu.ve\/index.php?rest_route=\/wp\/v2\/pages\/17255","targetHints":{"allow":["GET"]}}],"collection":[{"href":"https:\/\/www.uptos.edu.ve\/index.php?rest_route=\/wp\/v2\/pages"}],"about":[{"href":"https:\/\/www.uptos.edu.ve\/index.php?rest_route=\/wp\/v2\/types\/page"}],"author":[{"embeddable":true,"href":"https:\/\/www.uptos.edu.ve\/index.php?rest_route=\/wp\/v2\/users\/4"}],"replies":[{"embeddable":true,"href":"https:\/\/www.uptos.edu.ve\/index.php?rest_route=%2Fwp%2Fv2%2Fcomments&post=17255"}],"version-history":[{"count":25,"href":"https:\/\/www.uptos.edu.ve\/index.php?rest_route=\/wp\/v2\/pages\/17255\/revisions"}],"predecessor-version":[{"id":17627,"href":"https:\/\/www.uptos.edu.ve\/index.php?rest_route=\/wp\/v2\/pages\/17255\/revisions\/17627"}],"wp:attachment":[{"href":"https:\/\/www.uptos.edu.ve\/index.php?rest_route=%2Fwp%2Fv2%2Fmedia&parent=17255"}],"curies":[{"name":"wp","href":"https:\/\/api.w.org\/{rel}","templated":true}]}}